-- Table structure for table `wp6y_jobsrevslider_css`
--

CREATE TABLE `wp6y_jobsrevslider_css` (
  `id` int NOT NULL AUTO_INCREMENT,
  `handle` text COLLATE utf8mb4_unicode_520_ci NOT NULL,
  `settings` longtext COLLATE utf8mb4_unicode_520_ci,
  `hover` longtext COLLATE utf8mb4_unicode_520_ci,
  `advanced` longtext COLLATE utf8mb4_unicode_520_ci,
  `params` longtext COLLATE utf8mb4_unicode_520_ci NOT NULL,
  PRIMARY KEY (`id`),
  KEY `handle_index` (`handle`(64))
) ENGINE=MyISAM AUTO_INCREMENT=110 DEFAULT CHARSET=utf8mb4 COLLATE=utf8mb4_unicode_520_ci;

--
-- Dumping data for table `wp6y_jobsrevslider_css`
--

INSERT INTO `wp6y_jobsrevslider_css` VALUES (1,'.tp-caption.medium_grey','{\"translated\":5,\"type\":\"text\",\"version\":\"4\"}','null','{\"idle\":{\"position\":\"absolute\",\"text-shadow\":\"0px 2px 5px rgba(0, 0, 0, 0.5)\",\"white-space\":\"nowrap\"},\"hover\":\"\"}','{\"color\":\"#fff\",\"font-weight\":\"700\",\"font-size\":\"20px\",\"line-height\":\"20px\",\"font-family\":\"Arial\",\"padding\":\"2px 4px\",\"margin\":\"0px\",\"border-width\":\"0px\",\"border-style\":\"none\",\"background-color\":\"#888\"}'),(2,'.tp-caption.small_text','{\"translated\":5,\"type\":\"text\",\"version\":\"4\"}','null','{\"idle\":{\"position\":\"absolute\",\"text-shadow\":\"0px 2px 5px rgba(0, 0, 0, 0.5)\",\"white-space\":\"nowrap\"},\"hover\":\"\"}','{\"color\":\"#fff\",\"font-weight\":\"700\",\"font-size\":\"14px\",\"line-height\":\"20px\",\"font-family\":\"Arial\",\"margin\":\"0px\",\"border-width\":\"0px\",\"border-style\":\"none\"}'),(3,'.tp-caption.medium_text','{\"translated\":5,\"type\":\"text\",\"version\":\"4\"}','null','{\"idle\":{\"position\":\"absolute\",\"text-shadow\":\"0px 2px 5px rgba(0, 0, 0, 0.5)\",\"white-space\":\"nowrap\"},\"hover\":\"\"}','{\"color\":\"#fff\",\"font-weight\":\"700\",\"font-size\":\"20px\",\"line-height\":\"20px\",\"font-family\":\"Arial\",\"margin\":\"0px\",\"border-width\":\"0px\",\"border-style\":\"none\"}'),(4,'.tp-caption.large_text','{\"translated\":5,\"type\":\"text\",\"version\":\"4\"}','null','{\"idle\":{\"position\":\"absolute\",\"text-shadow\":\"0px 2px 5px rgba(0, 0, 0, 0.5)\",\"white-space\":\"nowrap\"},\"hover\":\"\"}','{\"color\":\"#fff\",\"font-weight\":\"700\",\"font-size\":\"40px\",\"line-height\":\"40px\",\"font-family\":\"Arial\",\"margin\":\"0px\",\"border-width\":\"0px\",\"border-style\":\"none\"}'),(5,'.tp-caption.very_large_text','{\"translated\":5,\"type\":\"text\",\"version\":\"4\"}','null','{\"idle\":{\"position\":\"absolute\",\"text-shadow\":\"0px 2px 5px rgba(0, 0, 0, 0.5)\",\"white-space\":\"nowrap\",\"letter-spacing\":\"-2px\"},\"hover\":\"\"}','{\"color\":\"#fff\",\"font-weight\":\"700\",\"font-size\":\"60px\",\"line-height\":\"60px\",\"font-family\":\"Arial\",\"margin\":\"0px\",\"border-width\":\"0px\",\"border-style\":\"none\"}'),(6,'.tp-caption.very_big_white','{\"translated\":5,\"type\":\"text\",\"version\":\"4\"}','null','{\"idle\":{\"position\":\"absolute\",\"text-shadow\":\"none\",\"white-space\":\"nowrap\",\"padding-top\":\"1px\"},\"hover\":\"\"}','{\"color\":\"#fff\",\"font-weight\":\"800\",\"font-size\":\"60px\",\"line-height\":\"60px\",\"font-family\":\"Arial\",\"margin\":\"0px\",\"border-width\":\"0px\",\"border-style\":\"none\",\"padding\":\"0px 4px\",\"background-color\":\"#000\"}'),(7,'.tp-caption.very_big_black','{\"translated\":5,\"type\":\"text\",\"version\":\"4\"}','null','{\"idle\":{\"position\":\"absolute\",\"text-shadow\":\"none\",\"white-space\":\"nowrap\",\"padding-top\":\"1px\"},\"hover\":\"\"}','{\"color\":\"#000\",\"font-weight\":\"700\",\"font-size\":\"60px\",\"line-height\":\"60px\",\"font-family\":\"Arial\",\"margin\":\"0px\",\"border-width\":\"0px\",\"border-style\":\"none\",\"padding\":\"0px 4px\",\"background-color\":\"#fff\"}'),(8,'.tp-caption.modern_medium_fat','{\"translated\":5,\"type\":\"text\",\"version\":\"4\"}','null','{\"idle\":{\"position\":\"absolute\",\"text-shadow\":\"none\",\"white-space\":\"nowrap\"},\"hover\":\"\"}','{\"color\":\"#000\",\"font-weight\":\"800\",\"font-size\":\"24px\",\"line-height\":\"20px\",\"font-family\":\"\\\"Open Sans\\\", sans-serif\",\"margin\":\"0px\",\"border-width\":\"0px\",\"border-style\":\"none\"}'),(9,'.tp-caption.modern_medium_fat_white','{\"translated\":5,\"type\":\"text\",\"version\":\"4\"}','null','{\"idle\":{\"position\":\"absolute\",\"text-shadow\":\"none\",\"white-space\":\"nowrap\"},\"hover\":\"\"}','{\"color\":\"#fff\",\"font-weight\":\"800\",\"font-size\":\"24px\",\"line-height\":\"20px\",\"font-family\":\"\\\"Open Sans\\\", sans-serif\",\"margin\":\"0px\",\"border-width\":\"0px\",\"border-style\":\"none\"}'),(10,'.tp-caption.modern_medium_light','{\"translated\":5,\"type\":\"text\",\"version\":\"4\"}','null','{\"idle\":{\"position\":\"absolute\",\"text-shadow\":\"none\",\"white-space\":\"nowrap\"},\"hover\":\"\"}','{\"color\":\"#000\",\"font-weight\":\"300\",\"font-size\":\"24px\",\"line-height\":\"20px\",\"font-family\":\"\\\"Open Sans\\\", sans-serif\",\"margin\":\"0px\",\"border-width\":\"0px\",\"border-style\":\"none\"}'),(11,'.tp-caption.modern_big_bluebg','{\"translated\":5,\"type\":\"text\",\"version\":\"4\"}','null','{\"idle\":{\"position\":\"absolute\",\"text-shadow\":\"none\",\"letter-spacing\":\"0\"},\"hover\":\"\"}','{\"color\":\"#fff\",\"font-weight\":\"800\",\"font-size\":\"30px\",\"line-height\":\"36px\",\"font-family\":\"\\\"Open Sans\\\", sans-serif\",\"padding\":\"3px 10px\",\"margin\":\"0px\",\"border-width\":\"0px\",\"border-style\":\"none\",\"background-color\":\"#4e5b6c\"}'),(12,'.tp-caption.modern_big_redbg','{\"translated\":5,\"type\":\"text\",\"version\":\"4\"}','null','{\"idle\":{\"position\":\"absolute\",\"text-shadow\":\"none\",\"padding-top\":\"1px\",\"letter-spacing\":\"0\"},\"hover\":\"\"}','{\"color\":\"#fff\",\"font-weight\":\"300\",\"font-size\":\"30px\",\"line-height\":\"36px\",\"font-family\":\"\\\"Open Sans\\\", sans-serif\",\"padding\":\"3px 10px\",\"margin\":\"0px\",\"border-width\":\"0px\",\"border-style\":\"none\",\"background-color\":\"#de543e\"}'),(13,'.tp-caption.modern_small_text_dark','{\"translated\":5,\"type\":\"text\",\"version\":\"4\"}','null','{\"idle\":{\"position\":\"absolute\",\"text-shadow\":\"none\",\"white-space\":\"nowrap\"},\"hover\":\"\"}','{\"color\":\"#555\",\"font-size\":\"14px\",\"line-height\":\"22px\",\"font-family\":\"Arial\",\"margin\":\"0px\",\"border-width\":\"0px\",\"border-style\":\"none\"}'),(14,'.tp-caption.boxshadow','{\"translated\":5,\"type\":\"text\",\"version\":\"4\"}','null','{\"idle\":{\"-moz-box-shadow\":\"0px 0px 20px rgba(0, 0, 0, 0.5)\",\"-webkit-box-shadow\":\"0px 0px 20px rgba(0, 0, 0, 0.5)\",\"box-shadow\":\"0px 0px 20px rgba(0, 0, 0, 0.5)\"},\"hover\":\"\"}','[]'),(15,'.tp-caption.black','{\"translated\":5,\"type\":\"text\",\"version\":\"4\"}','null','{\"idle\":{\"text-shadow\":\"none\"},\"hover\":\"\"}','{\"color\":\"#000\"}'),(16,'.tp-caption.noshadow','{\"translated\":5,\"type\":\"text\",\"version\":\"4\"}','null','{\"idle\":{\"text-shadow\":\"none\"},\"hover\":\"\"}','[]'),(17,'.tp-caption.thinheadline_dark','{\"translated\":5,\"type\":\"text\",\"version\":\"4\"}','null','{\"idle\":{\"position\":\"absolute\",\"text-shadow\":\"none\"},\"hover\":\"\"}','{\"color\":\"rgba(0,0,0,0.85)\",\"font-weight\":\"300\",\"font-size\":\"30px\",\"line-height\":\"30px\",\"font-family\":\"\\\"Open Sans\\\"\",\"background-color\":\"transparent\"}'),(18,'.tp-caption.thintext_dark','{\"translated\":5,\"type\":\"text\",\"version\":\"4\"}','null','{\"idle\":{\"position\":\"absolute\",\"text-shadow\":\"none\"},\"hover\":\"\"}','{\"color\":\"rgba(0,0,0,0.85)\",\"font-weight\":\"300\",\"font-size\":\"16px\",\"line-height\":\"26px\",\"font-family\":\"\\\"Open Sans\\\"\",\"background-color\":\"transparent\"}'),(19,'.tp-caption.largeblackbg','{\"translated\":5,\"type\":\"text\",\"version\":\"4\"}','null','{\"idle\":{\"position\":\"absolute\",\"text-shadow\":\"none\",\"-webkit-border-radius\":\"0px\",\"-moz-border-radius\":\"0px\"},\"hover\":\"\"}','{\"color\":\"#fff\",\"font-weight\":\"300\",\"font-size\":\"50px\",\"line-height\":\"70px\",\"font-family\":\"\\\"Open Sans\\\"\",\"background-color\":\"#000\",\"padding\":\"0px 20px\",\"border-radius\":\"0px\"}'),(20,'.tp-caption.largepinkbg','{\"translated\":5,\"type\":\"text\",\"version\":\"4\"}','null','{\"idle\":{\"position\":\"absolute\",\"text-shadow\":\"none\",\"-webkit-border-radius\":\"0px\",\"-moz-border-radius\":\"0px\"},\"hover\":\"\"}','{\"color\":\"#fff\",\"font-weight\":\"300\",\"font-size\":\"50px\",\"line-height\":\"70px\",\"font-family\":\"\\\"Open Sans\\\"\",\"background-color\":\"#db4360\",\"padding\":\"0px 20px\",\"border-radius\":\"0px\"}'),(21,'.tp-caption.largewhitebg','{\"translated\":5,\"type\":\"text\",\"version\":\"4\"}','null','{\"idle\":{\"position\":\"absolute\",\"text-shadow\":\"none\",\"-webkit-border-radius\":\"0px\",\"-moz-border-radius\":\"0px\"},\"hover\":\"\"}','{\"color\":\"#000\",\"font-weight\":\"300\",\"font-size\":\"50px\",\"line-height\":\"70px\",\"font-family\":\"\\\"Open Sans\\\"\",\"background-color\":\"#fff\",\"padding\":\"0px 20px\",\"border-radius\":\"0px\"}'),(22,'.tp-caption.largegreenbg','{\"translated\":5,\"type\":\"text\",\"version\":\"4\"}','null','{\"idle\":{\"position\":\"absolute\",\"text-shadow\":\"none\",\"-webkit-border-radius\":\"0px\",\"-moz-border-radius\":\"0px\"},\"hover\":\"\"}','{\"color\":\"#fff\",\"font-weight\":\"300\",\"font-size\":\"50px\",\"line-height\":\"70px\",\"font-family\":\"\\\"Open Sans\\\"\",\"background-color\":\"#67ae73\",\"padding\":\"0px 20px\",\"border-radius\":\"0px\"}'),(23,'.tp-caption.excerpt','{\"translated\":5,\"type\":\"text\",\"version\":\"4\"}','null','{\"idle\":{\"text-shadow\":\"none\",\"letter-spacing\":\"-1.5px\",\"width\":\"150px\",\"white-space\":\"normal !important\",\"height\":\"auto\"},\"hover\":\"\"}','{\"font-size\":\"36px\",\"line-height\":\"36px\",\"font-weight\":\"700\",\"font-family\":\"Arial\",\"color\":\"#ffffff\",\"text-decoration\":\"none\",\"background-color\":\"rgba(0, 0, 0, 1)\",\"margin\":\"0px\",\"padding\":\"1px 4px 0px 4px\",\"border-width\":\"0px\",\"border-color\":\"rgb(255, 255, 255)\",\"border-style\":\"none\"}'),(24,'.tp-caption.large_bold_grey','{\"translated\":5,\"type\":\"text\",\"version\":\"4\"}','null','{\"idle\":{\"text-shadow\":\"none\"},\"hover\":\"\"}','{\"font-size\":\"60px\",\"line-height\":\"60px\",\"font-weight\":\"800\",\"font-family\":\"\\\"Open Sans\\\"\",\"color\":\"rgb(102, 102, 102)\",\"text-decoration\":\"none\",\"background-color\":\"transparent\",\"margin\":\"0px\",\"padding\":\"1px 4px 0px\",\"border-width\":\"0px\",\"border-color\":\"rgb(255, 214, 88)\",\"border-style\":\"none\"}'),(25,'.tp-caption.medium_thin_grey','{\"translated\":5,\"type\":\"text\",\"version\":\"4\"}','null','{\"idle\":{\"text-shadow\":\"none\"},\"hover\":\"\"}','{\"font-size\":\"34px\",\"line-height\":\"30px\",\"font-weight\":\"300\",\"font-family\":\"\\\"Open Sans\\\"\",\"color\":\"rgb(102, 102, 102)\",\"text-decoration\":\"none\",\"background-color\":\"transparent\",\"padding\":\"1px 4px 0px\",\"margin\":\"0px\",\"border-width\":\"0px\",\"border-color\":\"rgb(255, 214, 88)\",\"border-style\":\"none\"}'),(26,'.tp-caption.small_thin_grey','{\"translated\":5,\"type\":\"text\",\"version\":\"4\"}','null','{\"idle\":{\"text-shadow\":\"none\"},\"hover\":\"\"}','{\"font-size\":\"18px\",\"line-height\":\"26px\",\"font-weight\":\"300\",\"font-family\":\"\\\"Open Sans\\\"\",\"color\":\"rgb(117, 117, 117)\",\"text-decoration\":\"none\",\"background-color\":\"transparent\",\"padding\":\"1px 4px 0px\",\"margin\":\"0px\",\"border-width\":\"0px\",\"border-color\":\"rgb(255, 214, 88)\",\"border-style\":\"none\"}'),(27,'.tp-caption.lightgrey_divider','{\"translated\":5,\"type\":\"text\",\"version\":\"4\"}','null','{\"idle\":{\"width\":\"370px\",\"height\":\"3px\",\"background-position\":\"initial initial\",\"background-repeat\":\"initial initial\"},\"hover\":\"\"}','{\"text-decoration\":\"none\",\"background-color\":\"rgba(235, 235, 235, 1)\",\"border-width\":\"0px\",\"border-color\":\"rgb(34, 34, 34)\",\"border-style\":\"none\"}'),(28,'.tp-caption.large_bold_darkblue','{\"translated\":5,\"type\":\"text\",\"version\":\"4\"}','null','{\"idle\":[],\"hover\":\"\"}','{\"font-size\":\"58px\",\"line-height\":\"60px\",\"font-weight\":\"800\",\"font-family\":\"\\\"Open Sans\\\"\",\"color\":\"rgb(52, 73, 94)\",\"text-decoration\":\"none\",\"background-color\":\"transparent\",\"border-width\":\"0px\",\"border-color\":\"rgb(255, 214, 88)\",\"border-style\":\"none\"}'),(29,'.tp-caption.medium_bg_darkblue','{\"translated\":5,\"type\":\"text\",\"version\":\"4\"}','null','{\"idle\":[],\"hover\":\"\"}','{\"font-size\":\"20px\",\"line-height\":\"20px\",\"font-weight\":\"800\",\"font-family\":\"\\\"Open Sans\\\"\",\"color\":\"rgb(255, 255, 255)\",\"text-decoration\":\"none\",\"background-color\":\"rgb(52, 73, 94)\",\"padding\":\"10px\",\"border-width\":\"0px\",\"border-color\":\"rgb(255, 214, 88)\",\"border-style\":\"none\"}'),(30,'.tp-caption.medium_bold_red','{\"translated\":5,\"type\":\"text\",\"version\":\"4\"}','null','{\"idle\":[],\"hover\":\"\"}','{\"font-size\":\"24px\",\"line-height\":\"30px\",\"font-weight\":\"800\",\"font-family\":\"\\\"Open Sans\\\"\",\"color\":\"rgb(227, 58, 12)\",\"text-decoration\":\"none\",\"background-color\":\"transparent\",\"padding\":\"0px\",\"border-width\":\"0px\",\"border-color\":\"rgb(255, 214, 88)\",\"border-style\":\"none\"}'),(31,'.tp-caption.medium_light_red','{\"translated\":5,\"type\":\"text\",\"version\":\"4\"}','null','{\"idle\":[],\"hover\":\"\"}','{\"font-size\":\"21px\",\"line-height\":\"26px\",\"font-weight\":\"300\",\"font-family\":\"\\\"Open Sans\\\"\",\"color\":\"rgb(227, 58, 12)\",\"text-decoration\":\"none\",\"background-color\":\"transparent\",\"padding\":\"0px\",\"border-width\":\"0px\",\"border-color\":\"rgb(255, 214, 88)\",\"border-style\":\"none\"}'),(32,'.tp-caption.medium_bg_red','{\"translated\":5,\"type\":\"text\",\"version\":\"4\"}','null','{\"idle\":[],\"hover\":\"\"}','{\"font-size\":\"20px\",\"line-height\":\"20px\",\"font-weight\":\"800\",\"font-family\":\"\\\"Open Sans\\\"\",\"color\":\"rgb(255, 255, 255)\",\"text-decoration\":\"none\",\"background-color\":\"rgb(227, 58, 12)\",\"padding\":\"10px\",\"border-width\":\"0px\",\"border-color\":\"rgb(255, 214, 88)\",\"border-style\":\"none\"}'),(33,'.tp-caption.medium_bold_orange','{\"translated\":5,\"type\":\"text\",\"version\":\"4\"}','null','{\"idle\":[],\"hover\":\"\"}','{\"font-size\":\"24px\",\"line-height\":\"30px\",\"font-weight\":\"800\",\"font-family\":\"\\\"Open Sans\\\"\",\"color\":\"rgb(243, 156, 18)\",\"text-decoration\":\"none\",\"background-color\":\"transparent\",\"border-width\":\"0px\",\"border-color\":\"rgb(255, 214, 88)\",\"border-style\":\"none\"}'),(34,'.tp-caption.medium_bg_orange','{\"translated\":5,\"type\":\"text\",\"version\":\"4\"}','null','{\"idle\":[],\"hover\":\"\"}','{\"font-size\":\"20px\",\"line-height\":\"20px\",\"font-weight\":\"800\",\"font-family\":\"\\\"Open Sans\\\"\",\"color\":\"rgb(255, 255, 255)\",\"text-decoration\":\"none\",\"background-color\":\"rgb(243, 156, 18)\",\"padding\":\"10px\",\"border-width\":\"0px\",\"border-color\":\"rgb(255, 214, 88)\",\"border-style\":\"none\"}'),(35,'.tp-caption.grassfloor','{\"translated\":5,\"type\":\"text\",\"version\":\"4\"}','null','{\"idle\":{\"width\":\"4000px\",\"height\":\"150px\"},\"hover\":\"\"}','{\"text-decoration\":\"none\",\"background-color\":\"rgba(160, 179, 151, 1)\",\"border-width\":\"0px\",\"border-color\":\"rgb(34, 34, 34)\",\"border-style\":\"none\"}'),(36,'.tp-caption.large_bold_white','{\"translated\":5,\"type\":\"text\",\"version\":\"4\"}','null','{\"idle\":[],\"hover\":\"\"}','{\"font-size\":\"58px\",\"line-height\":\"60px\",\"font-weight\":\"800\",\"font-family\":\"\\\"Open Sans\\\"\",\"color\":\"rgb(255, 255, 255)\",\"text-decoration\":\"none\",\"background-color\":\"transparent\",\"border-width\":\"0px\",\"border-color\":\"rgb(255, 214, 88)\",\"border-style\":\"none\"}'),(37,'.tp-caption.medium_light_white','{\"translated\":5,\"type\":\"text\",\"version\":\"4\"}','null','{\"idle\":[],\"hover\":\"\"}','{\"font-size\":\"30px\",\"line-height\":\"36px\",\"font-weight\":\"300\",\"font-family\":\"\\\"Open Sans\\\"\",\"color\":\"rgb(255, 255, 255)\",\"text-decoration\":\"none\",\"background-color\":\"transparent\",\"padding\":\"0px\",\"border-width\":\"0px\",\"border-color\":\"rgb(255, 214, 88)\",\"border-style\":\"none\"}'),(38,'.tp-caption.mediumlarge_light_white','{\"translated\":5,\"type\":\"text\",\"version\":\"4\"}','null','{\"idle\":[],\"hover\":\"\"}','{\"font-size\":\"34px\",\"line-height\":\"40px\",\"font-weight\":\"300\",\"font-family\":\"\\\"Open Sans\\\"\",\"color\":\"rgb(255, 255, 255)\",\"text-decoration\":\"none\",\"background-color\":\"transparent\",\"padding\":\"0px\",\"border-width\":\"0px\",\"border-color\":\"rgb(255, 214, 88)\",\"border-style\":\"none\"}'),(39,'.tp-caption.mediumlarge_light_white_center','{\"translated\":5,\"type\":\"text\",\"version\":\"4\"}','null','{\"idle\":[],\"hover\":\"\"}','{\"font-size\":\"34px\",\"line-height\":\"40px\",\"font-weight\":\"300\",\"font-family\":\"\\\"Open Sans\\\"\",\"color\":\"#ffffff\",\"text-decoration\":\"none\",\"background-color\":\"transparent\",\"padding\":\"0px 0px 0px 0px\",\"text-align\":\"center\",\"border-width\":\"0px\",\"border-color\":\"rgb(255, 214, 88)\",\"border-style\":\"none\"}'),(40,'.tp-caption.medium_bg_asbestos','{\"translated\":5,\"type\":\"text\",\"version\":\"4\"}','null','{\"idle\":[],\"hover\":\"\"}','{\"font-size\":\"20px\",\"line-height\":\"20px\",\"font-weight\":\"800\",\"font-family\":\"\\\"Open Sans\\\"\",\"color\":\"rgb(255, 255, 255)\",\"text-decoration\":\"none\",\"background-color\":\"rgb(127, 140, 141)\",\"padding\":\"10px\",\"border-width\":\"0px\",\"border-color\":\"rgb(255, 214, 88)\",\"border-style\":\"none\"}'),(41,'.tp-caption.medium_light_black','{\"translated\":5,\"type\":\"text\",\"version\":\"4\"}','null','{\"idle\":[],\"hover\":\"\"}','{\"font-size\":\"30px\",\"line-height\":\"36px\",\"font-weight\":\"300\",\"font-family\":\"\\\"Open Sans\\\"\",\"color\":\"rgb(0, 0, 0)\",\"text-decoration\":\"none\",\"background-color\":\"transparent\",\"padding\":\"0px\",\"border-width\":\"0px\",\"border-color\":\"rgb(255, 214, 88)\",\"border-style\":\"none\"}'),(42,'.tp-caption.large_bold_black','{\"translated\":5,\"type\":\"text\",\"version\":\"4\"}','null','{\"idle\":[],\"hover\":\"\"}','{\"font-size\":\"58px\",\"line-height\":\"60px\",\"font-weight\":\"800\",\"font-family\":\"\\\"Open Sans\\\"\",\"color\":\"rgb(0, 0, 0)\",\"text-decoration\":\"none\",\"background-color\":\"transparent\",\"border-width\":\"0px\",\"border-color\":\"rgb(255, 214, 88)\",\"border-style\":\"none\"}'),(43,'.tp-caption.mediumlarge_light_darkblue','{\"translated\":5,\"type\":\"text\",\"version\":\"4\"}','null','{\"idle\":[],\"hover\":\"\"}','{\"font-size\":\"34px\",\"line-height\":\"40px\",\"font-weight\":\"300\",\"font-family\":\"\\\"Open Sans\\\"\",\"color\":\"rgb(52, 73, 94)\",\"text-decoration\":\"none\",\"background-color\":\"transparent\",\"padding\":\"0px\",\"border-width\":\"0px\",\"border-color\":\"rgb(255, 214, 88)\",\"border-style\":\"none\"}'),(44,'.tp-caption.small_light_white','{\"translated\":5,\"type\":\"text\",\"version\":\"4\"}','null','{\"idle\":[],\"hover\":\"\"}','{\"font-size\":\"17px\",\"line-height\":\"28px\",\"font-weight\":\"300\",\"font-family\":\"\\\"Open Sans\\\"\",\"color\":\"rgb(255, 255, 255)\",\"text-decoration\":\"none\",\"background-color\":\"transparent\",\"padding\":\"0px\",\"border-width\":\"0px\",\"border-color\":\"rgb(255, 214, 88)\",\"border-style\":\"none\"}'),(45,'.tp-caption.roundedimage','{\"translated\":5,\"type\":\"text\",\"version\":\"4\"}','null','{\"idle\":[],\"hover\":\"\"}','{\"border-width\":\"0px\",\"border-color\":\"rgb(34, 34, 34)\",\"border-style\":\"none\"}'),(46,'.tp-caption.large_bg_black','{\"translated\":5,\"type\":\"text\",\"version\":\"4\"}','null','{\"idle\":[],\"hover\":\"\"}','{\"font-size\":\"40px\",\"line-height\":\"40px\",\"font-weight\":\"800\",\"font-family\":\"\\\"Open Sans\\\"\",\"color\":\"rgb(255, 255, 255)\",\"text-decoration\":\"none\",\"background-color\":\"rgb(0, 0, 0)\",\"padding\":\"10px 20px 15px\",\"border-width\":\"0px\",\"border-color\":\"rgb(255, 214, 88)\",\"border-style\":\"none\"}'),(47,'.tp-caption.mediumwhitebg','{\"translated\":5,\"type\":\"text\",\"version\":\"4\"}','null','{\"idle\":{\"text-shadow\":\"none\"},\"hover\":\"\"}','{\"font-size\":\"30px\",\"line-height\":\"30px\",\"font-weight\":\"300\",\"font-family\":\"\\\"Open Sans\\\"\",\"color\":\"rgb(0, 0, 0)\",\"text-decoration\":\"none\",\"background-color\":\"rgb(255, 255, 255)\",\"padding\":\"5px 15px 10px\",\"border-width\":\"0px\",\"border-color\":\"rgb(0, 0, 0)\",\"border-style\":\"none\"}'),(48,'.tp-caption.MarkerDisplay','{\"translated\":5,\"type\":\"text\",\"version\":\"5.0\"}','{\"color\":\"#ff0000\",\"text-decoration\":\"none\",\"background-color\":\"transparent\",\"background-transparency\":\"1\",\"border-color\":\"transparent\",\"border-style\":\"none\",\"border-width\":\"0\",\"border-radius\":[\"0px\",\"0px\",\"0px\",\"0px\"],\"skewx\":\"0\",\"skewy\":\"0\",\"scalex\":\"1\",\"scaley\":\"1\",\"opacity\":\"1\",\"xrotate\":\"0\",\"yrotate\":\"0\",\"2d_rotation\":\"0\"}','{\"idle\":{\"text-shadow\":\"none\"},\"hover\":\"\"}','{\"font-style\":\"normal\",\"font-family\":\"Permanent Marker\",\"padding\":\"0px 0px 0px 0px\",\"text-decoration\":\"none\",\"background-color\":\"transparent\",\"background-transparency\":\"1\",\"border-color\":\"#000000\",\"border-style\":\"none\",\"border-width\":\"0px\",\"border-radius\":\"0px 0px 0px 0px\",\"z\":\"0\",\"skewx\":\"0\",\"skewy\":\"0\",\"scalex\":\"1\",\"scaley\":\"1\",\"opacity\":\"1\",\"xrotate\":\"0\",\"yrotate\":\"0\",\"2d_rotation\":\"0\",\"2d_origin_x\":\"50\",\"2d_origin_y\":\"50\",\"pers\":\"600\"}'),(49,'.tp-caption.Restaurant-Display','{\"hover\":\"false\",\"version\":\"5.0\",\"translated\":\"5\"}','{\"color\":\"#ffffff\",\"text-decoration\":\"none\",\"background-color\":\"transparent\",\"background-transparency\":\"0\",\"border-color\":\"transparent\",\"border-style\":\"none\",\"border-width\":\"0\",\"border-radius\":[\"0\",\"0\",\"0\",\"0\"],\"skewx\":\"0\",\"skewy\":\"0\",\"scalex\":\"1\",\"scaley\":\"1\",\"opacity\":\"1\",\"xrotate\":\"0\",\"yrotate\":\"0\",\"2d_rotation\":\"0\"}','{\"idle\":\"\",\"hover\":\"\"}','{\"color\":\"#ffffff\",\"font-size\":\"120px\",\"line-height\":\"120px\",\"font-weight\":\"700\",\"font-style\":\"normal\",\"font-family\":\"Roboto\",\"padding\":[\"0\",\"0\",\"0\",\"0\"],\"text-decoration\":\"none\",\"background-color\":\"transparent\",\"background-transparency\":\"1\",\"border-color\":\"transparent\",\"border-style\":\"none\",\"border-width\":\"0\",\"border-radius\":[\"0\",\"0\",\"0\",\"0\"],\"z\":\"0\",\"skewx\":\"0\",\"skewy\":\"0\",\"scalex\":\"1\",\"scaley\":\"1\",\"opacity\":\"1\",\"xrotate\":\"0\",\"yrotate\":\"0\",\"2d_rotation\":\"0\",\"2d_origin_x\":\"50\",\"2d_origin_y\":\"50\",\"pers\":\"600\"}'),(50,'.tp-caption.Restaurant-Cursive','{\"hover\":\"false\",\"version\":\"5.0\",\"translated\":\"5\"}','{\"color\":\"#ffffff\",\"text-decoration\":\"none\",\"background-color\":\"transparent\",\"background-transparency\":\"0\",\"border-color\":\"transparent\",\"border-style\":\"none\",\"border-width\":\"0\",\"border-radius\":[\"0\",\"0\",\"0\",\"0\"],\"skewx\":\"0\",\"skewy\":\"0\",\"scalex\":\"1\",\"scaley\":\"1\",\"opacity\":\"1\",\"xrotate\":\"0\",\"yrotate\":\"0\",\"2d_rotation\":\"0\"}','{\"idle\":{\"letter-spacing\":\"2px\"},\"hover\":\"\"}','{\"color\":\"#ffffff\",\"font-size\":\"30px\",\"line-height\":\"30px\",\"font-weight\":\"400\",\"font-style\":\"normal\",\"font-family\":\"Nothing you could do\",\"padding\":[\"0\",\"0\",\"0\",\"0\"],\"text-decoration\":\"none\",\"background-color\":\"transparent\",\"background-transparency\":\"1\",\"border-color\":\"transparent\",\"border-style\":\"none\",\"border-width\":\"0\",\"border-radius\":[\"0\",\"0\",\"0\",\"0\"],\"z\":\"0\",\"skewx\":\"0\",\"skewy\":\"0\",\"scalex\":\"1\",\"scaley\":\"1\",\"opacity\":\"1\",\"xrotate\":\"0\",\"yrotate\":\"0\",\"2d_rotation\":\"0\",\"2d_origin_x\":\"50\",\"2d_origin_y\":\"50\",\"pers\":\"600\"}'),(51,'.tp-caption.Restaurant-ScrollDownText','{\"hover\":\"false\",\"version\":\"5.0\",\"translated\":\"5\"}','{\"color\":\"#ffffff\",\"text-decoration\":\"none\",\"background-color\":\"transparent\",\"background-transparency\":\"0\",\"border-color\":\"transparent\",\"border-style\":\"none\",\"border-width\":\"0\",\"border-radius\":[\"0\",\"0\",\"0\",\"0\"],\"skewx\":\"0\",\"skewy\":\"0\",\"scalex\":\"1\",\"scaley\":\"1\",\"opacity\":\"1\",\"xrotate\":\"0\",\"yrotate\":\"0\",\"2d_rotation\":\"0\"}','{\"idle\":{\"letter-spacing\":\"2px\"},\"hover\":\"\"}','{\"color\":\"#ffffff\",\"font-size\":\"17px\",\"line-height\":\"17px\",\"font-weight\":\"400\",\"font-style\":\"normal\",\"font-family\":\"Roboto\",\"padding\":[\"0\",\"0\",\"0\",\"0\"],\"text-decoration\":\"none\",\"background-color\":\"transparent\",\"background-transparency\":\"1\",\"border-color\":\"transparent\",\"border-style\":\"none\",\"border-width\":\"0\",\"border-radius\":[\"0\",\"0\",\"0\",\"0\"],\"z\":\"0\",\"skewx\":\"0\",\"skewy\":\"0\",\"scalex\":\"1\",\"scaley\":\"1\",\"opacity\":\"1\",\"xrotate\":\"0\",\"yrotate\":\"0\",\"2d_rotation\":\"0\",\"2d_origin_x\":\"50\",\"2d_origin_y\":\"50\",\"pers\":\"600\"}'),(52,'.tp-caption.Restaurant-Description','{\"hover\":\"false\",\"version\":\"5.0\",\"translated\":\"5\"}','{\"color\":\"#ffffff\",\"text-decoration\":\"none\",\"background-color\":\"transparent\",\"background-transparency\":\"0\",\"border-color\":\"transparent\",\"border-style\":\"none\",\"border-width\":\"0\",\"border-radius\":[\"0\",\"0\",\"0\",\"0\"],\"skewx\":\"0\",\"skewy\":\"0\",\"scalex\":\"1\",\"scaley\":\"1\",\"opacity\":\"1\",\"xrotate\":\"0\",\"yrotate\":\"0\",\"2d_rotation\":\"0\"}','{\"idle\":{\"letter-spacing\":\"3px\"},\"hover\":\"\"}','{\"color\":\"#ffffff\",\"font-size\":\"20px\",\"line-height\":\"30px\",\"font-weight\":\"300\",\"font-style\":\"normal\",\"font-family\":\"Roboto\",\"padding\":[\"0\",\"0\",\"0\",\"0\"],\"text-decoration\":\"none\",\"background-color\":\"transparent\",\"background-transparency\":\"1\",\"border-color\":\"transparent\",\"border-style\":\"none\",\"border-width\":\"0\",\"border-radius\":[\"0\",\"0\",\"0\",\"0\"],\"z\":\"0\",\"skewx\":\"0\",\"skewy\":\"0\",\"scalex\":\"1\",\"scaley\":\"1\",\"opacity\":\"1\",\"xrotate\":\"0\",\"yrotate\":\"0\",\"2d_rotation\":\"0\",\"2d_origin_x\":\"50\",\"2d_origin_y\":\"50\",\"pers\":\"600\"}'),(53,'.tp-caption.Restaurant-Price','{\"hover\":\"false\",\"version\":\"5.0\",\"translated\":\"5\"}','{\"color\":\"#ffffff\",\"text-decoration\":\"none\",\"background-color\":\"transparent\",\"background-transparency\":\"0\",\"border-color\":\"transparent\",\"border-style\":\"none\",\"border-width\":\"0\",\"border-radius\":[\"0\",\"0\",\"0\",\"0\"],\"skewx\":\"0\",\"skewy\":\"0\",\"scalex\":\"1\",\"scaley\":\"1\",\"opacity\":\"1\",\"xrotate\":\"0\",\"yrotate\":\"0\",\"2d_rotation\":\"0\"}','{\"idle\":{\"letter-spacing\":\"3px\"},\"hover\":\"\"}','{\"color\":\"#ffffff\",\"font-size\":\"30px\",\"line-height\":\"30px\",\"font-weight\":\"300\",\"font-style\":\"normal\",\"font-family\":\"Roboto\",\"padding\":[\"0\",\"0\",\"0\",\"0\"],\"text-decoration\":\"none\",\"background-color\":\"transparent\",\"background-transparency\":\"1\",\"border-color\":\"transparent\",\"border-style\":\"none\",\"border-width\":\"0\",\"border-radius\":[\"0\",\"0\",\"0\",\"0\"],\"z\":\"0\",\"skewx\":\"0\",\"skewy\":\"0\",\"scalex\":\"1\",\"scaley\":\"1\",\"opacity\":\"1\",\"xrotate\":\"0\",\"yrotate\":\"0\",\"2d_rotation\":\"0\",\"2d_origin_x\":\"50\",\"2d_origin_y\":\"50\",\"pers\":\"600\"}'),(54,'.tp-caption.Restaurant-Menuitem','{\"hover\":\"false\",\"type\":\"text\",\"version\":\"5.0\",\"translated\":\"5\"}','{\"color\":\"#000000\",\"color-transparency\":\"1\",\"text-decoration\":\"none\",\"background-color\":\"#ffffff\",\"background-transparency\":\"1\",\"border-color\":\"transparent\",\"border-transparency\":\"1\",\"border-style\":\"none\",\"border-width\":\"0\",\"border-radius\":[\"0\",\"0\",\"0\",\"0\"],\"opacity\":\"1\",\"scalex\":\"1\",\"scaley\":\"1\",\"skewx\":\"0\",\"skewy\":\"0\",\"xrotate\":\"0\",\"yrotate\":\"0\",\"2d_rotation\":\"0\",\"pointer_events\":\"auto\",\"css_cursor\":\"pointer\",\"speed\":\"500\",\"easing\":\"power2.inOut\"}','{\"idle\":{\"letter-spacing\":\"2px\"},\"hover\":\"\"}','{\"color\":\"#ffffff\",\"color-transparency\":\"1\",\"font-size\":\"17px\",\"line-height\":\"17px\",\"font-weight\":\"400\",\"font-style\":\"normal\",\"font-family\":\"Roboto\",\"padding\":[\"10px\",\"30px\",\"10px\",\"30px\"],\"text-decoration\":\"none\",\"text-align\":\"left\",\"background-color\":\"#000000\",\"background-transparency\":\"1\",\"border-color\":\"transparent\",\"border-transparency\":\"1\",\"border-style\":\"none\",\"border-width\":\"0\",\"border-radius\":[\"0\",\"0\",\"0\",\"0\"],\"z\":\"0\",\"skewx\":\"0\",\"skewy\":\"0\",\"scalex\":\"1\",\"scaley\":\"1\",\"opacity\":\"1\",\"xrotate\":\"0\",\"yrotate\":\"0\",\"2d_rotation\":\"0\",\"2d_origin_x\":\"50\",\"2d_origin_y\":\"50\",\"pers\":\"600\",\"corner_left\":\"nothing\",\"corner_right\":\"nothing\",\"parallax\":\"-\"}'),(55,'.tp-caption.Furniture-LogoText','{\"hover\":\"false\",\"version\":\"5.0\",\"translated\":\"5\"}','{\"color\":\"#ffffff\",\"color-transparency\":\"1\",\"text-decoration\":\"none\",\"background-color\":\"transparent\",\"background-transparency\":\"0\",\"border-color\":\"transparent\",\"border-transparency\":\"1\",\"border-style\":\"none\",\"border-width\":\"0\",\"border-radius\":[\"0\",\"0\",\"0\",\"0\"],\"opacity\":\"1\",\"scalex\":\"1\",\"scaley\":\"1\",\"skewx\":\"0\",\"skewy\":\"0\",\"xrotate\":\"0\",\"yrotate\":\"0\",\"2d_rotation\":\"0\",\"speed\":\"0\",\"easing\":\"none\"}','{\"idle\":{\"text-shadow\":\"none\"},\"hover\":\"\"}','{\"color\":\"#e6cfa3\",\"color-transparency\":\"1\",\"font-size\":\"160px\",\"line-height\":\"150px\",\"font-weight\":\"300\",\"font-style\":\"normal\",\"font-family\":\"\\\"Raleway\\\"\",\"padding\":[\"0\",\"0\",\"0\",\"0\"],\"text-decoration\":\"none\",\"background-color\":\"transparent\",\"background-transparency\":\"1\",\"border-color\":\"transparent\",\"border-transparency\":\"1\",\"border-style\":\"none\",\"border-width\":\"0\",\"border-radius\":[\"0\",\"0\",\"0\",\"0\"],\"z\":\"0\",\"skewx\":\"0\",\"skewy\":\"0\",\"scalex\":\"1\",\"scaley\":\"1\",\"opacity\":\"1\",\"xrotate\":\"0\",\"yrotate\":\"0\",\"2d_rotation\":\"0\",\"2d_origin_x\":\"50\",\"2d_origin_y\":\"50\",\"pers\":\"600\"}'),(56,'.tp-caption.Furniture-Plus','{\"hover\":\"false\",\"version\":\"5.0\",\"translated\":\"5\"}','{\"color\":\"#ffffff\",\"color-transparency\":\"1\",\"text-decoration\":\"none\",\"background-color\":\"#000000\",\"background-transparency\":\"1\",\"border-color\":\"transparent\",\"border-transparency\":\"1\",\"border-style\":\"none\",\"border-width\":\"0\",\"border-radius\":[\"30px\",\"30px\",\"30px\",\"30px\"],\"opacity\":\"1\",\"scalex\":\"1\",\"scaley\":\"1\",\"skewx\":\"0\",\"skewy\":\"0\",\"xrotate\":\"0\",\"yrotate\":\"0\",\"2d_rotation\":\"0\",\"speed\":\"0.5\",\"easing\":\"none\"}','{\"idle\":{\"text-shadow\":\"none\",\"box-shadow\":\"rgba(0,0,0,0.1) 0 1px 3px\"},\"hover\":\"\"}','{\"color\":\"#e6cfa3\",\"color-transparency\":\"1\",\"font-size\":\"20\",\"line-height\":\"20px\",\"font-weight\":\"400\",\"font-style\":\"normal\",\"font-family\":\"\\\"Raleway\\\"\",\"padding\":[\"6px\",\"7px\",\"4px\",\"7px\"],\"text-decoration\":\"none\",\"background-color\":\"#ffffff\",\"background-transparency\":\"1\",\"border-color\":\"transparent\",\"border-transparency\":\"1\",\"border-style\":\"none\",\"border-width\":\"0\",\"border-radius\":[\"30px\",\"30px\",\"30px\",\"30px\"],\"z\":\"0\",\"skewx\":\"0\",\"skewy\":\"0\",\"scalex\":\"1\",\"scaley\":\"1\",\"opacity\":\"1\",\"xrotate\":\"0\",\"yrotate\":\"0\",\"2d_rotation\":\"0\",\"2d_origin_x\":\"50\",\"2d_origin_y\":\"50\",\"pers\":\"600\"}'),(57,'.tp-caption.Furniture-Title','{\"hover\":\"false\",\"version\":\"5.0\",\"translated\":\"5\"}','{\"color\":\"#ffffff\",\"color-transparency\":\"1\",\"text-decoration\":\"none\",\"background-color\":\"transparent\",\"background-transparency\":\"0\",\"border-color\":\"transparent\",\"border-transparency\":\"1\",\"border-style\":\"none\",\"border-width\":\"0\",\"border-radius\":[\"0\",\"0\",\"0\",\"0\"],\"opacity\":\"1\",\"scalex\":\"1\",\"scaley\":\"1\",\"skewx\":\"0\",\"skewy\":\"0\",\"xrotate\":\"0\",\"yrotate\":\"0\",\"2d_rotation\":\"0\",\"speed\":\"0\",\"easing\":\"none\"}','{\"idle\":{\"text-shadow\":\"none\",\"letter-spacing\":\"3px\"},\"hover\":\"\"}','{\"color\":\"#000000\",\"color-transparency\":\"1\",\"font-size\":\"20px\",\"line-height\":\"20px\",\"font-weight\":\"700\",\"font-style\":\"normal\",\"font-family\":\"\\\"Raleway\\\"\",\"padding\":[\"0\",\"0\",\"0\",\"0\"],\"text-decoration\":\"none\",\"background-color\":\"transparent\",\"background-transparency\":\"1\",\"border-color\":\"transparent\",\"border-transparency\":\"1\",\"border-style\":\"none\",\"border-width\":\"0\",\"border-radius\":[\"0\",\"0\",\"0\",\"0\"],\"z\":\"0\",\"skewx\":\"0\",\"skewy\":\"0\",\"scalex\":\"1\",\"scaley\":\"1\",\"opacity\":\"1\",\"xrotate\":\"0\",\"yrotate\":\"0\",\"2d_rotation\":\"0\",\"2d_origin_x\":\"50\",\"2d_origin_y\":\"50\",\"pers\":\"600\"}'),(58,'.tp-caption.Furniture-Subtitle','{\"hover\":\"false\",\"version\":\"5.0\",\"translated\":\"5\"}','{\"color\":\"#ffffff\",\"color-transparency\":\"1\",\"text-decoration\":\"none\",\"background-color\":\"transparent\",\"background-transparency\":\"0\",\"border-color\":\"transparent\",\"border-transparency\":\"1\",\"border-style\":\"none\",\"border-width\":\"0\",\"border-radius\":[\"0\",\"0\",\"0\",\"0\"],\"opacity\":\"1\",\"scalex\":\"1\",\"scaley\":\"1\",\"skewx\":\"0\",\"skewy\":\"0\",\"xrotate\":\"0\",\"yrotate\":\"0\",\"2d_rotation\":\"0\",\"speed\":\"0\",\"easing\":\"none\"}','{\"idle\":{\"text-shadow\":\"none\"},\"hover\":\"\"}','{\"color\":\"#000000\",\"color-transparency\":\"1\",\"font-size\":\"17px\",\"line-height\":\"20px\",\"font-weight\":\"300\",\"font-style\":\"normal\",\"font-family\":\"\\\"Raleway\\\"\",\"padding\":[\"0\",\"0\",\"0\",\"0\"],\"text-decoration\":\"none\",\"background-color\":\"transparent\",\"background-transparency\":\"1\",\"border-color\":\"transparent\",\"border-transparency\":\"1\",\"border-style\":\"none\",\"border-width\":\"0\",\"border-radius\":[\"0\",\"0\",\"0\",\"0\"],\"z\":\"0\",\"skewx\":\"0\",\"skewy\":\"0\",\"scalex\":\"1\",\"scaley\":\"1\",\"opacity\":\"1\",\"xrotate\":\"0\",\"yrotate\":\"0\",\"2d_rotation\":\"0\",\"2d_origin_x\":\"50\",\"2d_origin_y\":\"50\",\"pers\":\"600\"}'),(59,'.tp-caption.Gym-Display','{\"hover\":\"false\",\"version\":\"5.0\",\"translated\":\"5\"}','{\"color\":\"#ffffff\",\"color-transparency\":\"1\",\"text-decoration\":\"none\",\"background-color\":\"transparent\",\"background-transparency\":\"0\",\"border-color\":\"transparent\",\"border-transparency\":\"1\",\"border-style\":\"none\",\"border-width\":\"0\",\"border-radius\":[\"0\",\"0\",\"0\",\"0\"],\"opacity\":\"1\",\"scalex\":\"1\",\"scaley\":\"1\",\"skewx\":\"0\",\"skewy\":\"0\",\"xrotate\":\"0\",\"yrotate\":\"0\",\"2d_rotation\":\"0\",\"speed\":\"0\",\"easing\":\"none\"}','{\"idle\":\"\",\"hover\":\"\"}','{\"color\":\"#ffffff\",\"color-transparency\":\"1\",\"font-size\":\"80px\",\"line-height\":\"70px\",\"font-weight\":\"900\",\"font-style\":\"normal\",\"font-family\":\"Raleway\",\"padding\":[\"0\",\"0\",\"0\",\"0\"],\"text-decoration\":\"none\",\"background-color\":\"transparent\",\"background-transparency\":\"1\",\"border-color\":\"transparent\",\"border-transparency\":\"1\",\"border-style\":\"none\",\"border-width\":\"0\",\"border-radius\":[\"0\",\"0\",\"0\",\"0\"],\"z\":\"0\",\"skewx\":\"0\",\"skewy\":\"0\",\"scalex\":\"1\",\"scaley\":\"1\",\"opacity\":\"1\",\"xrotate\":\"0\",\"yrotate\":\"0\",\"2d_rotation\":\"0\",\"2d_origin_x\":\"50\",\"2d_origin_y\":\"50\",\"pers\":\"600\"}'),(60,'.tp-caption.Gym-Subline','{\"hover\":\"false\",\"version\":\"5.0\",\"translated\":\"5\"}','{\"color\":\"#ffffff\",\"color-transparency\":\"1\",\"text-decoration\":\"none\",\"background-color\":\"transparent\",\"background-transparency\":\"0\",\"border-color\":\"transparent\",\"border-transparency\":\"1\",\"border-style\":\"none\",\"border-width\":\"0\",\"border-radius\":[\"0\",\"0\",\"0\",\"0\"],\"opacity\":\"1\",\"scalex\":\"1\",\"scaley\":\"1\",\"skewx\":\"0\",\"skewy\":\"0\",\"xrotate\":\"0\",\"yrotate\":\"0\",\"2d_rotation\":\"0\",\"speed\":\"0\",\"easing\":\"none\"}','{\"idle\":{\"letter-spacing\":\"5px\"},\"hover\":\"\"}','{\"color\":\"#ffffff\",\"color-transparency\":\"1\",\"font-size\":\"30px\",\"line-height\":\"30px\",\"font-weight\":\"100\",\"font-style\":\"normal\",\"font-family\":\"Raleway\",\"padding\":[\"0\",\"0\",\"0\",\"0\"],\"text-decoration\":\"none\",\"background-color\":\"transparent\",\"background-transparency\":\"1\",\"border-color\":\"transparent\",\"border-transparency\":\"1\",\"border-style\":\"none\",\"border-width\":\"0\",\"border-radius\":[\"0\",\"0\",\"0\",\"0\"],\"z\":\"0\",\"skewx\":\"0\",\"skewy\":\"0\",\"scalex\":\"1\",\"scaley\":\"1\",\"opacity\":\"1\",\"xrotate\":\"0\",\"yrotate\":\"0\",\"2d_rotation\":\"0\",\"2d_origin_x\":\"50\",\"2d_origin_y\":\"50\",\"pers\":\"600\"}'),(61,'.tp-caption.Gym-SmallText','{\"hover\":\"false\",\"version\":\"5.0\",\"translated\":\"5\"}','{\"color\":\"#ffffff\",\"color-transparency\":\"1\",\"text-decoration\":\"none\",\"background-color\":\"transparent\",\"background-transparency\":\"0\",\"border-color\":\"transparent\",\"border-transparency\":\"1\",\"border-style\":\"none\",\"border-width\":\"0\",\"border-radius\":[\"0\",\"0\",\"0\",\"0\"],\"opacity\":\"1\",\"scalex\":\"1\",\"scaley\":\"1\",\"skewx\":\"0\",\"skewy\":\"0\",\"xrotate\":\"0\",\"yrotate\":\"0\",\"2d_rotation\":\"0\",\"speed\":\"0\",\"easing\":\"none\"}','{\"idle\":{\"text-shadow\":\"none\"},\"hover\":\"\"}','{\"color\":\"#ffffff\",\"color-transparency\":\"1\",\"font-size\":\"17px\",\"line-height\":\"22\",\"font-weight\":\"300\",\"font-style\":\"normal\",\"font-family\":\"Raleway\",\"padding\":[\"0\",\"0\",\"0\",\"0\"],\"text-decoration\":\"none\",\"background-color\":\"transparent\",\"background-transparency\":\"1\",\"border-color\":\"transparent\",\"border-transparency\":\"1\",\"border-style\":\"none\",\"border-width\":\"0\",\"border-radius\":[\"0\",\"0\",\"0\",\"0\"],\"z\":\"0\",\"skewx\":\"0\",\"skewy\":\"0\",\"scalex\":\"1\",\"scaley\":\"1\",\"opacity\":\"1\",\"xrotate\":\"0\",\"yrotate\":\"0\",\"2d_rotation\":\"0\",\"2d_origin_x\":\"50\",\"2d_origin_y\":\"50\",\"pers\":\"600\"}'),(62,'.tp-caption.Fashion-SmallText','{\"hover\":\"false\",\"version\":\"5.0\",\"translated\":\"5\"}','{\"color\":\"#ffffff\",\"color-transparency\":\"1\",\"text-decoration\":\"none\",\"background-color\":\"transparent\",\"background-transparency\":\"0\",\"border-color\":\"transparent\",\"border-transparency\":\"1\",\"border-style\":\"none\",\"border-width\":\"0\",\"border-radius\":[\"0\",\"0\",\"0\",\"0\"],\"opacity\":\"1\",\"scalex\":\"1\",\"scaley\":\"1\",\"skewx\":\"0\",\"skewy\":\"0\",\"xrotate\":\"0\",\"yrotate\":\"0\",\"2d_rotation\":\"0\",\"speed\":\"0\",\"easing\":\"none\"}','{\"idle\":{\"letter-spacing\":\"2px\"},\"hover\":\"\"}','{\"color\":\"#ffffff\",\"color-transparency\":\"1\",\"font-size\":\"12px\",\"line-height\":\"20px\",\"font-weight\":\"600\",\"font-style\":\"normal\",\"font-family\":\"Raleway\",\"padding\":[\"0\",\"0\",\"0\",\"0\"],\"text-decoration\":\"none\",\"background-color\":\"transparent\",\"background-transparency\":\"1\",\"border-color\":\"transparent\",\"border-transparency\":\"1\",\"border-style\":\"none\",\"border-width\":\"0\",\"border-radius\":[\"0\",\"0\",\"0\",\"0\"],\"z\":\"0\",\"skewx\":\"0\",\"skewy\":\"0\",\"scalex\":\"1\",\"scaley\":\"1\",\"opacity\":\"1\",\"xrotate\":\"0\",\"yrotate\":\"0\",\"2d_rotation\":\"0\",\"2d_origin_x\":\"50\",\"2d_origin_y\":\"50\",\"pers\":\"600\"}'),(63,'.tp-caption.Fashion-BigDisplay','{\"hover\":\"false\",\"version\":\"5.0\",\"translated\":\"5\"}','{\"color\":\"#ffffff\",\"color-transparency\":\"1\",\"text-decoration\":\"none\",\"background-color\":\"transparent\",\"background-transparency\":\"0\",\"border-color\":\"transparent\",\"border-transparency\":\"1\",\"border-style\":\"none\",\"border-width\":\"0\",\"border-radius\":[\"0\",\"0\",\"0\",\"0\"],\"opacity\":\"1\",\"scalex\":\"1\",\"scaley\":\"1\",\"skewx\":\"0\",\"skewy\":\"0\",\"xrotate\":\"0\",\"yrotate\":\"0\",\"2d_rotation\":\"0\",\"speed\":\"0\",\"easing\":\"none\"}','{\"idle\":{\"letter-spacing\":\"2px\"},\"hover\":\"\"}','{\"color\":\"#000000\",\"color-transparency\":\"1\",\"font-size\":\"60px\",\"line-height\":\"60px\",\"font-weight\":\"900\",\"font-style\":\"normal\",\"font-family\":\"Raleway\",\"padding\":[\"0\",\"0\",\"0\",\"0\"],\"text-decoration\":\"none\",\"background-color\":\"transparent\",\"background-transparency\":\"1\",\"border-color\":\"transparent\",\"border-transparency\":\"1\",\"border-style\":\"none\",\"border-width\":\"0\",\"border-radius\":[\"0\",\"0\",\"0\",\"0\"],\"z\":\"0\",\"skewx\":\"0\",\"skewy\":\"0\",\"scalex\":\"1\",\"scaley\":\"1\",\"opacity\":\"1\",\"xrotate\":\"0\",\"yrotate\":\"0\",\"2d_rotation\":\"0\",\"2d_origin_x\":\"50\",\"2d_origin_y\":\"50\",\"pers\":\"600\"}'),(64,'.tp-caption.Fashion-TextBlock','{\"hover\":\"false\",\"version\":\"5.0\",\"translated\":\"5\"}','{\"color\":\"#ffffff\",\"color-transparency\":\"1\",\"text-decoration\":\"none\",\"background-color\":\"transparent\",\"background-transparency\":\"0\",\"border-color\":\"transparent\",\"border-transparency\":\"1\",\"border-style\":\"none\",\"border-width\":\"0\",\"border-radius\":[\"0\",\"0\",\"0\",\"0\"],\"opacity\":\"1\",\"scalex\":\"1\",\"scaley\":\"1\",\"skewx\":\"0\",\"skewy\":\"0\",\"xrotate\":\"0\",\"yrotate\":\"0\",\"2d_rotation\":\"0\",\"speed\":\"0\",\"easing\":\"none\"}','{\"idle\":{\"letter-spacing\":\"2px\"},\"hover\":\"\"}','{\"color\":\"#000000\",\"color-transparency\":\"1\",\"font-size\":\"20px\",\"line-height\":\"40px\",\"font-weight\":\"400\",\"font-style\":\"normal\",\"font-family\":\"Raleway\",\"padding\":[\"0\",\"0\",\"0\",\"0\"],\"text-decoration\":\"none\",\"background-color\":\"transparent\",\"background-transparency\":\"1\",\"border-color\":\"transparent\",\"border-transparency\":\"1\",\"border-style\":\"none\",\"border-width\":\"0\",\"border-radius\":[\"0\",\"0\",\"0\",\"0\"],\"z\":\"0\",\"skewx\":\"0\",\"skewy\":\"0\",\"scalex\":\"1\",\"scaley\":\"1\",\"opacity\":\"1\",\"xrotate\":\"0\",\"yrotate\":\"0\",\"2d_rotation\":\"0\",\"2d_origin_x\":\"50\",\"2d_origin_y\":\"50\",\"pers\":\"600\"}'),(65,'.tp-caption.Sports-Display','{\"translated\":5,\"type\":\"text\",\"version\":\"5.0\"}','{\"color\":\"#ffffff\",\"color-transparency\":\"1\",\"text-decoration\":\"none\",\"background-color\":\"transparent\",\"background-transparency\":\"0\",\"border-color\":\"transparent\",\"border-transparency\":\"1\",\"border-style\":\"none\",\"border-width\":\"0\",\"border-radius\":[\"0\",\"0\",\"0\",\"0\"],\"opacity\":\"1\",\"scalex\":\"1\",\"scaley\":\"1\",\"skewx\":\"0\",\"skewy\":\"0\",\"xrotate\":\"0\",\"yrotate\":\"0\",\"2d_rotation\":\"0\",\"speed\":\"0\",\"easing\":\"none\"}','{\"idle\":{\"letter-spacing\":\"13px\"},\"hover\":\"\"}','{\"color\":\"#ffffff\",\"color-transparency\":\"1\",\"font-size\":\"130px\",\"line-height\":\"130px\",\"font-weight\":\"100\",\"font-style\":\"normal\",\"font-family\":\"\\\"Raleway\\\"\",\"padding\":\"0 0 0 0\",\"text-decoration\":\"none\",\"background-color\":\"transparent\",\"background-transparency\":\"1\",\"border-color\":\"transparent\",\"border-transparency\":\"1\",\"border-style\":\"none\",\"border-width\":\"0\",\"border-radius\":\"0 0 0 0\",\"z\":\"0\",\"skewx\":\"0\",\"skewy\":\"0\",\"scalex\":\"1\",\"scaley\":\"1\",\"opacity\":\"1\",\"xrotate\":\"0\",\"yrotate\":\"0\",\"2d_rotation\":\"0\",\"2d_origin_x\":\"50\",\"2d_origin_y\":\"50\",\"pers\":\"600\"}'),(66,'.tp-caption.Sports-DisplayFat','{\"translated\":5,\"type\":\"text\",\"version\":\"5.0\"}','{\"color\":\"#ffffff\",\"color-transparency\":\"1\",\"text-decoration\":\"none\",\"background-color\":\"transparent\",\"background-transparency\":\"0\",\"border-color\":\"transparent\",\"border-transparency\":\"1\",\"border-style\":\"none\",\"border-width\":\"0\",\"border-radius\":[\"0\",\"0\",\"0\",\"0\"],\"opacity\":\"1\",\"scalex\":\"1\",\"scaley\":\"1\",\"skewx\":\"0\",\"skewy\":\"0\",\"xrotate\":\"0\",\"yrotate\":\"0\",\"2d_rotation\":\"0\",\"speed\":\"0\",\"easing\":\"none\"}','{\"idle\":[\"\"],\"hover\":\"\"}','{\"color\":\"#ffffff\",\"color-transparency\":\"1\",\"font-size\":\"130px\",\"line-height\":\"130px\",\"font-weight\":\"900\",\"font-style\":\"normal\",\"font-family\":\"\\\"Raleway\\\"\",\"padding\":\"0 0 0 0\",\"text-decoration\":\"none\",\"background-color\":\"transparent\",\"background-transparency\":\"1\",\"border-color\":\"transparent\",\"border-transparency\":\"1\",\"border-style\":\"none\",\"border-width\":\"0\",\"border-radius\":\"0 0 0 0\",\"z\":\"0\",\"skewx\":\"0\",\"skewy\":\"0\",\"scalex\":\"1\",\"scaley\":\"1\",\"opacity\":\"1\",\"xrotate\":\"0\",\"yrotate\":\"0\",\"2d_rotation\":\"0\",\"2d_origin_x\":\"50\",\"2d_origin_y\":\"50\",\"pers\":\"600\"}'),(67,'.tp-caption.Sports-Subline','{\"translated\":5,\"type\":\"text\",\"version\":\"5.0\"}','{\"color\":\"#ffffff\",\"color-transparency\":\"1\",\"text-decoration\":\"none\",\"background-color\":\"transparent\",\"background-transparency\":\"0\",\"border-color\":\"transparent\",\"border-transparency\":\"1\",\"border-style\":\"none\",\"border-width\":\"0\",\"border-radius\":[\"0\",\"0\",\"0\",\"0\"],\"opacity\":\"1\",\"scalex\":\"1\",\"scaley\":\"1\",\"skewx\":\"0\",\"skewy\":\"0\",\"xrotate\":\"0\",\"yrotate\":\"0\",\"2d_rotation\":\"0\",\"speed\":\"0\",\"easing\":\"none\"}','{\"idle\":{\"letter-spacing\":\"4px\"},\"hover\":\"\"}','{\"color\":\"#000000\",\"color-transparency\":\"1\",\"font-size\":\"32px\",\"line-height\":\"32px\",\"font-weight\":\"400\",\"font-style\":\"normal\",\"font-family\":\"\\\"Raleway\\\"\",\"padding\":\"0 0 0 0\",\"text-decoration\":\"none\",\"background-color\":\"transparent\",\"background-transparency\":\"1\",\"border-color\":\"transparent\",\"border-transparency\":\"1\",\"border-style\":\"none\",\"border-width\":\"0\",\"border-radius\":\"0 0 0 0\",\"z\":\"0\",\"skewx\":\"0\",\"skewy\":\"0\",\"scalex\":\"1\",\"scaley\":\"1\",\"opacity\":\"1\",\"xrotate\":\"0\",\"yrotate\":\"0\",\"2d_rotation\":\"0\",\"2d_origin_x\":\"50\",\"2d_origin_y\":\"50\",\"pers\":\"600\"}'),(68,'.tp-caption.Instagram-Caption','{\"hover\":\"false\",\"version\":\"5.0\",\"translated\":\"5\"}','{\"color\":\"#ffffff\",\"color-transparency\":\"1\",\"text-decoration\":\"none\",\"background-color\":\"transparent\",\"background-transparency\":\"0\",\"border-color\":\"transparent\",\"border-transparency\":\"1\",\"border-style\":\"none\",\"border-width\":\"0\",\"border-radius\":[\"0\",\"0\",\"0\",\"0\"],\"opacity\":\"1\",\"scalex\":\"1\",\"scaley\":\"1\",\"skewx\":\"0\",\"skewy\":\"0\",\"xrotate\":\"0\",\"yrotate\":\"0\",\"2d_rotation\":\"0\",\"speed\":\"0\",\"easing\":\"none\"}','{\"idle\":\"\",\"hover\":\"\"}','{\"color\":\"#ffffff\",\"color-transparency\":\"1\",\"font-size\":\"20px\",\"line-height\":\"20px\",\"font-weight\":\"900\",\"font-style\":\"normal\",\"font-family\":\"Roboto\",\"padding\":[\"0\",\"0\",\"0\",\"0\"],\"text-decoration\":\"none\",\"background-color\":\"transparent\",\"background-transparency\":\"1\",\"border-color\":\"transparent\",\"border-transparency\":\"1\",\"border-style\":\"none\",\"border-width\":\"0\",\"border-radius\":[\"0\",\"0\",\"0\",\"0\"],\"z\":\"0\",\"skewx\":\"0\",\"skewy\":\"0\",\"scalex\":\"1\",\"scaley\":\"1\",\"opacity\":\"1\",\"xrotate\":\"0\",\"yrotate\":\"0\",\"2d_rotation\":\"0\",\"2d_origin_x\":\"50\",\"2d_origin_y\":\"50\",\"pers\":\"600\"}'),(69,'.tp-caption.News-Title','{\"hover\":\"false\",\"version\":\"5.0\",\"translated\":\"5\"}','{\"color\":\"#ffffff\",\"color-transparency\":\"1\",\"text-decoration\":\"none\",\"background-color\":\"transparent\",\"background-transparency\":\"0\",\"border-color\":\"transparent\",\"border-transparency\":\"1\",\"border-style\":\"none\",\"border-width\":\"0\",\"border-radius\":[\"0\",\"0\",\"0\",\"0\"],\"opacity\":\"1\",\"scalex\":\"1\",\"scaley\":\"1\",\"skewx\":\"0\",\"skewy\":\"0\",\"xrotate\":\"0\",\"yrotate\":\"0\",\"2d_rotation\":\"0\",\"speed\":\"0\",\"easing\":\"none\"}','{\"idle\":\"\",\"hover\":\"\"}','{\"color\":\"#ffffff\",\"color-transparency\":\"1\",\"font-size\":\"70px\",\"line-height\":\"60px\",\"font-weight\":\"400\",\"font-style\":\"normal\",\"font-family\":\"Roboto Slab\",\"padding\":[\"0\",\"0\",\"0\",\"0\"],\"text-decoration\":\"none\",\"background-color\":\"transparent\",\"background-transparency\":\"1\",\"border-color\":\"transparent\",\"border-transparency\":\"1\",\"border-style\":\"none\",\"border-width\":\"0\",\"border-radius\":[\"0\",\"0\",\"0\",\"0\"],\"z\":\"0\",\"skewx\":\"0\",\"skewy\":\"0\",\"scalex\":\"1\",\"scaley\":\"1\",\"opacity\":\"1\",\"xrotate\":\"0\",\"yrotate\":\"0\",\"2d_rotation\":\"0\",\"2d_origin_x\":\"50\",\"2d_origin_y\":\"50\",\"pers\":\"600\"}'),(70,'.tp-caption.News-Subtitle','{\"hover\":\"true\",\"version\":\"5.0\",\"translated\":\"5\"}','{\"color\":\"#ffffff\",\"color-transparency\":\"0.65\",\"text-decoration\":\"none\",\"background-color\":\"#ffffff\",\"background-transparency\":\"0\",\"border-color\":\"transparent\",\"border-transparency\":\"1\",\"border-style\":\"solid\",\"border-width\":\"0px\",\"border-radius\":[\"0\",\"0\",\"0px\",\"0\"],\"opacity\":\"1\",\"scalex\":\"1\",\"scaley\":\"1\",\"skewx\":\"0\",\"skewy\":\"0\",\"xrotate\":\"0\",\"yrotate\":\"0\",\"2d_rotation\":\"0\",\"speed\":\"300\",\"easing\":\"power3.inOut\"}','{\"idle\":\"\",\"hover\":\"\"}','{\"color\":\"#ffffff\",\"color-transparency\":\"1\",\"font-size\":\"15px\",\"line-height\":\"24px\",\"font-weight\":\"300\",\"font-style\":\"normal\",\"font-family\":\"Roboto Slab\",\"padding\":[\"0\",\"0\",\"0\",\"0\"],\"text-decoration\":\"none\",\"background-color\":\"#ffffff\",\"background-transparency\":\"0\",\"border-color\":\"transparent\",\"border-transparency\":\"1\",\"border-style\":\"none\",\"border-width\":\"0\",\"border-radius\":[\"0\",\"0\",\"0\",\"0\"],\"z\":\"0\",\"skewx\":\"0\",\"skewy\":\"0\",\"scalex\":\"1\",\"scaley\":\"1\",\"opacity\":\"1\",\"xrotate\":\"0\",\"yrotate\":\"0\",\"2d_rotation\":\"0\",\"2d_origin_x\":\"50\",\"2d_origin_y\":\"50\",\"pers\":\"600\"}'),(71,'.tp-caption.Photography-Display','{\"hover\":\"false\",\"version\":\"5.0\",\"translated\":\"5\"}','{\"color\":\"#ffffff\",\"color-transparency\":\"1\",\"text-decoration\":\"none\",\"background-color\":\"transparent\",\"background-transparency\":\"0\",\"border-color\":\"transparent\",\"border-transparency\":\"1\",\"border-style\":\"none\",\"border-width\":\"0\",\"border-radius\":[\"0\",\"0\",\"0\",\"0\"],\"opacity\":\"1\",\"scalex\":\"1\",\"scaley\":\"1\",\"skewx\":\"0\",\"skewy\":\"0\",\"xrotate\":\"0\",\"yrotate\":\"0\",\"2d_rotation\":\"0\",\"speed\":\"0\",\"easing\":\"none\"}','{\"idle\":{\"letter-spacing\":\"5px\"},\"hover\":\"\"}','{\"color\":\"#ffffff\",\"color-transparency\":\"1\",\"font-size\":\"80px\",\"line-height\":\"70px\",\"font-weight\":\"100\",\"font-style\":\"normal\",\"font-family\":\"Raleway\",\"padding\":[\"0\",\"0\",\"0\",\"0\"],\"text-decoration\":\"none\",\"background-color\":\"transparent\",\"background-transparency\":\"1\",\"border-color\":\"transparent\",\"border-transparency\":\"1\",\"border-style\":\"none\",\"border-width\":\"0\",\"border-radius\":[\"0\",\"0\",\"0\",\"0\"],\"z\":\"0\",\"skewx\":\"0\",\"skewy\":\"0\",\"scalex\":\"1\",\"scaley\":\"1\",\"opacity\":\"1\",\"xrotate\":\"0\",\"yrotate\":\"0\",\"2d_rotation\":\"0\",\"2d_origin_x\":\"50\",\"2d_origin_y\":\"50\",\"pers\":\"600\"}'),(72,'.tp-caption.Photography-Subline','{\"hover\":\"false\",\"version\":\"5.0\",\"translated\":\"5\"}','{\"color\":\"#ffffff\",\"color-transparency\":\"1\",\"text-decoration\":\"none\",\"background-color\":\"transparent\",\"background-transparency\":\"0\",\"border-color\":\"transparent\",\"border-transparency\":\"1\",\"border-style\":\"none\",\"border-width\":\"0\",\"border-radius\":[\"0\",\"0\",\"0\",\"0\"],\"opacity\":\"1\",\"scalex\":\"1\",\"scaley\":\"1\",\"skewx\":\"0\",\"skewy\":\"0\",\"xrotate\":\"0\",\"yrotate\":\"0\",\"2d_rotation\":\"0\",\"speed\":\"0\",\"easing\":\"none\"}','{\"idle\":{\"letter-spacing\":\"3px\"},\"hover\":\"\"}','{\"color\":\"#777777\",\"color-transparency\":\"1\",\"font-size\":\"20px\",\"line-height\":\"30px\",\"font-weight\":\"300\",\"font-style\":\"normal\",\"font-family\":\"Raleway\",\"padding\":[\"0\",\"0\",\"0\",\"0\"],\"text-decoration\":\"none\",\"background-color\":\"transparent\",\"background-transparency\":\"1\",\"border-color\":\"transparent\",\"border-transparency\":\"1\",\"border-style\":\"none\",\"border-width\":\"0\",\"border-radius\":[\"0\",\"0\",\"0\",\"0\"],\"z\":\"0\",\"skewx\":\"0\",\"skewy\":\"0\",\"scalex\":\"1\",\"scaley\":\"1\",\"opacity\":\"1\",\"xrotate\":\"0\",\"yrotate\":\"0\",\"2d_rotation\":\"0\",\"2d_origin_x\":\"50\",\"2d_origin_y\":\"50\",\"pers\":\"600\"}'),(73,'.tp-caption.Photography-ImageHover','{\"hover\":\"true\",\"version\":\"5.0\",\"translated\":\"5\"}','{\"color\":\"#ffffff\",\"color-transparency\":\"1\",\"text-decoration\":\"none\",\"background-color\":\"transparent\",\"background-transparency\":\"0\",\"border-color\":\"transparent\",\"border-transparency\":\"1\",\"border-style\":\"none\",\"border-width\":\"0\",\"border-radius\":[\"0\",\"0\",\"0\",\"0\"],\"opacity\":\"0.5\",\"scalex\":\"0.8\",\"scaley\":\"0.8\",\"skewx\":\"0\",\"skewy\":\"0\",\"xrotate\":\"0\",\"yrotate\":\"0\",\"2d_rotation\":\"0\",\"speed\":\"1000\",\"easing\":\"power3.inOut\"}','{\"idle\":\"\",\"hover\":\"\"}','{\"color\":\"#ffffff\",\"color-transparency\":\"1\",\"font-size\":\"20\",\"line-height\":\"22\",\"font-weight\":\"400\",\"font-style\":\"normal\",\"font-family\":\"\",\"padding\":[\"0\",\"0\",\"0\",\"0\"],\"text-decoration\":\"none\",\"background-color\":\"transparent\",\"background-transparency\":\"1\",\"border-color\":\"#ffffff\",\"border-transparency\":\"0\",\"border-style\":\"none\",\"border-width\":\"0px\",\"border-radius\":[\"0\",\"0\",\"0\",\"0\"],\"z\":\"0\",\"skewx\":\"0\",\"skewy\":\"0\",\"scalex\":\"1\",\"scaley\":\"1\",\"opacity\":\"1\",\"xrotate\":\"0\",\"yrotate\":\"0\",\"2d_rotation\":\"0\",\"2d_origin_x\":\"50\",\"2d_origin_y\":\"50\",\"pers\":\"600\"}'),(74,'.tp-caption.Photography-Menuitem','{\"hover\":\"true\",\"version\":\"5.0\",\"translated\":\"5\"}','{\"color\":\"#ffffff\",\"color-transparency\":\"1\",\"text-decoration\":\"none\",\"background-color\":\"#00ffde\",\"background-transparency\":\"0.65\",\"border-color\":\"transparent\",\"border-transparency\":\"1\",\"border-style\":\"none\",\"border-width\":\"0\",\"border-radius\":[\"0\",\"0\",\"0\",\"0\"],\"opacity\":\"1\",\"scalex\":\"1\",\"scaley\":\"1\",\"skewx\":\"0\",\"skewy\":\"0\",\"xrotate\":\"0\",\"yrotate\":\"0\",\"2d_rotation\":\"0\",\"pointer_events\":\"auto\",\"css_cursor\":\"pointer\",\"speed\":\"200\",\"easing\":\"none\"}','{\"idle\":{\"letter-spacing\":\"2px\"},\"hover\":\"\"}','{\"color\":\"#ffffff\",\"color-transparency\":\"1\",\"font-size\":\"20px\",\"line-height\":\"20px\",\"font-weight\":\"300\",\"font-style\":\"normal\",\"font-family\":\"Raleway\",\"padding\":[\"3px\",\"5px\",\"3px\",\"8px\"],\"text-decoration\":\"none\",\"background-color\":\"#000000\",\"background-transparency\":\"0.65\",\"border-color\":\"transparent\",\"border-transparency\":\"1\",\"border-style\":\"none\",\"border-width\":\"0\",\"border-radius\":[\"0\",\"0\",\"0\",\"0\"],\"z\":\"0\",\"skewx\":\"0\",\"skewy\":\"0\",\"scalex\":\"1\",\"scaley\":\"1\",\"opacity\":\"1\",\"xrotate\":\"0\",\"yrotate\":\"0\",\"2d_rotation\":\"0\",\"2d_origin_x\":\"50\",\"2d_origin_y\":\"50\",\"pers\":\"600\"}'),(75,'.tp-caption.Photography-Textblock','{\"hover\":\"false\",\"version\":\"5.0\",\"translated\":\"5\"}','{\"color\":\"#ffffff\",\"color-transparency\":\"1\",\"text-decoration\":\"none\",\"background-color\":\"transparent\",\"background-transparency\":\"0\",\"border-color\":\"transparent\",\"border-transparency\":\"1\",\"border-style\":\"none\",\"border-width\":\"0\",\"border-radius\":[\"0\",\"0\",\"0\",\"0\"],\"opacity\":\"1\",\"scalex\":\"1\",\"scaley\":\"1\",\"skewx\":\"0\",\"skewy\":\"0\",\"xrotate\":\"0\",\"yrotate\":\"0\",\"2d_rotation\":\"0\",\"speed\":\"0\",\"easing\":\"none\"}','{\"idle\":{\"letter-spacing\":\"2px\"},\"hover\":\"\"}','{\"color\":\"#fff\",\"color-transparency\":\"1\",\"font-size\":\"17px\",\"line-height\":\"30px\",\"font-weight\":\"300\",\"font-style\":\"normal\",\"font-family\":\"Raleway\",\"padding\":[\"0\",\"0\",\"0\",\"0\"],\"text-decoration\":\"none\",\"background-color\":\"transparent\",\"background-transparency\":\"1\",\"border-color\":\"transparent\",\"border-transparency\":\"1\",\"border-style\":\"none\",\"border-width\":\"0\",\"border-radius\":[\"0\",\"0\",\"0\",\"0\"],\"z\":\"0\",\"skewx\":\"0\",\"skewy\":\"0\",\"scalex\":\"1\",\"scaley\":\"1\",\"opacity\":\"1\",\"xrotate\":\"0\",\"yrotate\":\"0\",\"2d_rotation\":\"0\",\"2d_origin_x\":\"50\",\"2d_origin_y\":\"50\",\"pers\":\"600\"}'),(76,'.tp-caption.Photography-Subline-2','{\"hover\":\"false\",\"version\":\"5.0\",\"translated\":\"5\"}','{\"color\":\"#ffffff\",\"color-transparency\":\"1\",\"text-decoration\":\"none\",\"background-color\":\"transparent\",\"background-transparency\":\"0\",\"border-color\":\"transparent\",\"border-transparency\":\"1\",\"border-style\":\"none\",\"border-width\":\"0\",\"border-radius\":[\"0\",\"0\",\"0\",\"0\"],\"opacity\":\"1\",\"scalex\":\"1\",\"scaley\":\"1\",\"skewx\":\"0\",\"skewy\":\"0\",\"xrotate\":\"0\",\"yrotate\":\"0\",\"2d_rotation\":\"0\",\"pointer_events\":\"auto\",\"css_cursor\":\"auto\",\"speed\":\"0\",\"easing\":\"none\"}','{\"idle\":{\"letter-spacing\":\"3px\"},\"hover\":\"\"}','{\"color\":\"#ffffff\",\"color-transparency\":\"0.35\",\"font-size\":\"20px\",\"line-height\":\"30px\",\"font-weight\":\"300\",\"font-style\":\"normal\",\"font-family\":\"Raleway\",\"padding\":[\"0\",\"0\",\"0\",\"0\"],\"text-decoration\":\"none\",\"background-color\":\"transparent\",\"background-transparency\":\"1\",\"border-color\":\"transparent\",\"border-transparency\":\"1\",\"border-style\":\"none\",\"border-width\":\"0\",\"border-radius\":[\"0\",\"0\",\"0\",\"0\"],\"z\":\"0\",\"skewx\":\"0\",\"skewy\":\"0\",\"scalex\":\"1\",\"scaley\":\"1\",\"opacity\":\"1\",\"xrotate\":\"0\",\"yrotate\":\"0\",\"2d_rotation\":\"0\",\"2d_origin_x\":\"50\",\"2d_origin_y\":\"50\",\"pers\":\"600\"}'),(77,'.tp-caption.Photography-ImageHover2','{\"hover\":\"true\",\"version\":\"5.0\",\"translated\":\"5\"}','{\"color\":\"#ffffff\",\"color-transparency\":\"1\",\"text-decoration\":\"none\",\"background-color\":\"transparent\",\"background-transparency\":\"0\",\"border-color\":\"transparent\",\"border-transparency\":\"1\",\"border-style\":\"none\",\"border-width\":\"0\",\"border-radius\":[\"0\",\"0\",\"0\",\"0\"],\"opacity\":\"0.5\",\"scalex\":\"0.8\",\"scaley\":\"0.8\",\"skewx\":\"0\",\"skewy\":\"0\",\"xrotate\":\"0\",\"yrotate\":\"0\",\"2d_rotation\":\"0\",\"pointer_events\":\"auto\",\"css_cursor\":\"pointer\",\"speed\":\"500\",\"easing\":\"back.out\"}','{\"idle\":\"\",\"hover\":\"\"}','{\"color\":\"#ffffff\",\"color-transparency\":\"1\",\"font-size\":\"20\",\"line-height\":\"22\",\"font-weight\":\"400\",\"font-style\":\"normal\",\"font-family\":\"Arial\",\"padding\":[\"0\",\"0\",\"0\",\"0\"],\"text-decoration\":\"none\",\"background-color\":\"transparent\",\"background-transparency\":\"1\",\"border-color\":\"#ffffff\",\"border-transparency\":\"0\",\"border-style\":\"none\",\"border-width\":\"0px\",\"border-radius\":[\"0\",\"0\",\"0\",\"0\"],\"z\":\"0\",\"skewx\":\"0\",\"skewy\":\"0\",\"scalex\":\"1\",\"scaley\":\"1\",\"opacity\":\"1\",\"xrotate\":\"0\",\"yrotate\":\"0\",\"2d_rotation\":\"0\",\"2d_origin_x\":\"50\",\"2d_origin_y\":\"50\",\"pers\":\"600\"}'),(78,'.tp-caption.WebProduct-Title','{\"hover\":\"false\",\"version\":\"5.0\",\"translated\":\"5\"}','{\"color\":\"#ffffff\",\"color-transparency\":\"1\",\"text-decoration\":\"none\",\"background-color\":\"transparent\",\"background-transparency\":\"0\",\"border-color\":\"transparent\",\"border-transparency\":\"1\",\"border-style\":\"none\",\"border-width\":\"0\",\"border-radius\":[\"0\",\"0\",\"0\",\"0\"],\"opacity\":\"1\",\"scalex\":\"1\",\"scaley\":\"1\",\"skewx\":\"0\",\"skewy\":\"0\",\"xrotate\":\"0\",\"yrotate\":\"0\",\"2d_rotation\":\"0\",\"pointer_events\":\"auto\",\"css_cursor\":\"auto\",\"speed\":\"0\",\"easing\":\"none\"}','{\"idle\":\"\",\"hover\":\"\"}','{\"color\":\"#333333\",\"color-transparency\":\"1\",\"font-size\":\"90px\",\"line-height\":\"90px\",\"font-weight\":\"100\",\"font-style\":\"normal\",\"font-family\":\"Raleway\",\"padding\":[\"0\",\"0\",\"0\",\"0\"],\"text-decoration\":\"none\",\"background-color\":\"transparent\",\"background-transparency\":\"0\",\"border-color\":\"transparent\",\"border-transparency\":\"1\",\"border-style\":\"none\",\"border-width\":\"0\",\"border-radius\":[\"0\",\"0\",\"0\",\"0\"],\"z\":\"0\",\"skewx\":\"0\",\"skewy\":\"0\",\"scalex\":\"1\",\"scaley\":\"1\",\"opacity\":\"1\",\"xrotate\":\"0\",\"yrotate\":\"0\",\"2d_rotation\":\"0\",\"2d_origin_x\":\"50\",\"2d_origin_y\":\"50\",\"pers\":\"600\"}'),(79,'.tp-caption.WebProduct-SubTitle','{\"hover\":\"false\",\"version\":\"5.0\",\"translated\":\"5\"}','{\"color\":\"#ffffff\",\"color-transparency\":\"1\",\"text-decoration\":\"none\",\"background-color\":\"transparent\",\"background-transparency\":\"0\",\"border-color\":\"transparent\",\"border-transparency\":\"1\",\"border-style\":\"none\",\"border-width\":\"0\",\"border-radius\":[\"0\",\"0\",\"0\",\"0\"],\"opacity\":\"1\",\"scalex\":\"1\",\"scaley\":\"1\",\"skewx\":\"0\",\"skewy\":\"0\",\"xrotate\":\"0\",\"yrotate\":\"0\",\"2d_rotation\":\"0\",\"pointer_events\":\"auto\",\"css_cursor\":\"auto\",\"speed\":\"0\",\"easing\":\"none\"}','{\"idle\":\"\",\"hover\":\"\"}','{\"color\":\"#999999\",\"color-transparency\":\"1\",\"font-size\":\"15px\",\"line-height\":\"20px\",\"font-weight\":\"400\",\"font-style\":\"normal\",\"font-family\":\"Raleway\",\"padding\":[\"0\",\"0\",\"0\",\"0\"],\"text-decoration\":\"none\",\"background-color\":\"transparent\",\"background-transparency\":\"0\",\"border-color\":\"transparent\",\"border-transparency\":\"1\",\"border-style\":\"none\",\"border-width\":\"0\",\"border-radius\":[\"0\",\"0\",\"0\",\"0\"],\"z\":\"0\",\"skewx\":\"0\",\"skewy\":\"0\",\"scalex\":\"1\",\"scaley\":\"1\",\"opacity\":\"1\",\"xrotate\":\"0\",\"yrotate\":\"0\",\"2d_rotation\":\"0\",\"2d_origin_x\":\"50\",\"2d_origin_y\":\"50\",\"pers\":\"600\"}'),(80,'.tp-caption.WebProduct-Content','{\"hover\":\"false\",\"version\":\"5.0\",\"translated\":\"5\"}','{\"color\":\"#ffffff\",\"color-transparency\":\"1\",\"text-decoration\":\"none\",\"background-color\":\"transparent\",\"background-transparency\":\"0\",\"border-color\":\"transparent\",\"border-transparency\":\"1\",\"border-style\":\"none\",\"border-width\":\"0\",\"border-radius\":[\"0\",\"0\",\"0\",\"0\"],\"opacity\":\"1\",\"scalex\":\"1\",\"scaley\":\"1\",\"skewx\":\"0\",\"skewy\":\"0\",\"xrotate\":\"0\",\"yrotate\":\"0\",\"2d_rotation\":\"0\",\"pointer_events\":\"auto\",\"css_cursor\":\"auto\",\"speed\":\"0\",\"easing\":\"none\"}','{\"idle\":\"\",\"hover\":\"\"}','{\"color\":\"#999999\",\"color-transparency\":\"1\",\"font-size\":\"16px\",\"line-height\":\"24px\",\"font-weight\":\"600\",\"font-style\":\"normal\",\"font-family\":\"Raleway\",\"padding\":[\"0\",\"0\",\"0\",\"0\"],\"text-decoration\":\"none\",\"background-color\":\"transparent\",\"background-transparency\":\"0\",\"border-color\":\"transparent\",\"border-transparency\":\"1\",\"border-style\":\"none\",\"border-width\":\"0\",\"border-radius\":[\"0\",\"0\",\"0\",\"0\"],\"z\":\"0\",\"skewx\":\"0\",\"skewy\":\"0\",\"scalex\":\"1\",\"scaley\":\"1\",\"opacity\":\"1\",\"xrotate\":\"0\",\"yrotate\":\"0\",\"2d_rotation\":\"0\",\"2d_origin_x\":\"50\",\"2d_origin_y\":\"50\",\"pers\":\"600\"}'),(81,'.tp-caption.WebProduct-Menuitem','{\"hover\":\"true\",\"version\":\"5.0\",\"translated\":\"5\"}','{\"color\":\"#999999\",\"color-transparency\":\"1\",\"text-decoration\":\"none\",\"background-color\":\"#ffffff\",\"background-transparency\":\"1\",\"border-color\":\"transparent\",\"border-transparency\":\"1\",\"border-style\":\"none\",\"border-width\":\"0\",\"border-radius\":[\"0\",\"0\",\"0\",\"0\"],\"opacity\":\"1\",\"scalex\":\"1\",\"scaley\":\"1\",\"skewx\":\"0\",\"skewy\":\"0\",\"xrotate\":\"0\",\"yrotate\":\"0\",\"2d_rotation\":\"0\",\"pointer_events\":\"auto\",\"css_cursor\":\"pointer\",\"speed\":\"200\",\"easing\":\"none\"}','{\"idle\":{\"letter-spacing\":\"2px\"},\"hover\":\"\"}','{\"color\":\"#ffffff\",\"color-transparency\":\"1\",\"font-size\":\"15px\",\"line-height\":\"20px\",\"font-weight\":\"500\",\"font-style\":\"normal\",\"font-family\":\"Raleway\",\"padding\":[\"3px\",\"5px\",\"3px\",\"8px\"],\"text-decoration\":\"none\",\"text-align\":\"left\",\"background-color\":\"#333333\",\"background-transparency\":\"1\",\"border-color\":\"transparent\",\"border-transparency\":\"1\",\"border-style\":\"none\",\"border-width\":\"0\",\"border-radius\":[\"0\",\"0\",\"0\",\"0\"],\"z\":\"0\",\"skewx\":\"0\",\"skewy\":\"0\",\"scalex\":\"1\",\"scaley\":\"1\",\"opacity\":\"1\",\"xrotate\":\"0\",\"yrotate\":\"0\",\"2d_rotation\":\"0\",\"2d_origin_x\":\"50\",\"2d_origin_y\":\"50\",\"pers\":\"600\",\"corner_left\":\"nothing\",\"corner_right\":\"nothing\",\"parallax\":\"-\"}'),(82,'.tp-caption.WebProduct-Title-Light','{\"hover\":\"false\",\"version\":\"5.0\",\"translated\":\"5\"}','{\"color\":\"#ffffff\",\"color-transparency\":\"1\",\"text-decoration\":\"none\",\"background-color\":\"transparent\",\"background-transparency\":\"0\",\"border-color\":\"transparent\",\"border-transparency\":\"1\",\"border-style\":\"none\",\"border-width\":\"0\",\"border-radius\":[\"0\",\"0\",\"0\",\"0\"],\"opacity\":\"1\",\"scalex\":\"1\",\"scaley\":\"1\",\"skewx\":\"0\",\"skewy\":\"0\",\"xrotate\":\"0\",\"yrotate\":\"0\",\"2d_rotation\":\"0\",\"pointer_events\":\"auto\",\"css_cursor\":\"auto\",\"speed\":\"0\",\"easing\":\"none\"}','{\"idle\":\"\",\"hover\":\"\"}','{\"color\":\"#fff\",\"color-transparency\":\"1\",\"font-size\":\"90px\",\"line-height\":\"90px\",\"font-weight\":\"100\",\"font-style\":\"normal\",\"font-family\":\"Raleway\",\"padding\":[\"0\",\"0\",\"0\",\"0\"],\"text-decoration\":\"none\",\"text-align\":\"left\",\"background-color\":\"transparent\",\"background-transparency\":\"1\",\"border-color\":\"transparent\",\"border-transparency\":\"1\",\"border-style\":\"none\",\"border-width\":\"0\",\"border-radius\":[\"0\",\"0\",\"0\",\"0\"],\"z\":\"0\",\"skewx\":\"0\",\"skewy\":\"0\",\"scalex\":\"1\",\"scaley\":\"1\",\"opacity\":\"1\",\"xrotate\":\"0\",\"yrotate\":\"0\",\"2d_rotation\":\"0\",\"2d_origin_x\":\"50\",\"2d_origin_y\":\"50\",\"pers\":\"600\",\"corner_left\":\"nothing\",\"corner_right\":\"nothing\",\"parallax\":\"-\"}'),(83,'.tp-caption.WebProduct-SubTitle-Light','{\"hover\":\"false\",\"version\":\"5.0\",\"translated\":\"5\"}','{\"color\":\"#ffffff\",\"color-transparency\":\"1\",\"text-decoration\":\"none\",\"background-color\":\"transparent\",\"background-transparency\":\"0\",\"border-color\":\"transparent\",\"border-transparency\":\"1\",\"border-style\":\"none\",\"border-width\":\"0\",\"border-radius\":[\"0\",\"0\",\"0\",\"0\"],\"opacity\":\"1\",\"scalex\":\"1\",\"scaley\":\"1\",\"skewx\":\"0\",\"skewy\":\"0\",\"xrotate\":\"0\",\"yrotate\":\"0\",\"2d_rotation\":\"0\",\"pointer_events\":\"auto\",\"css_cursor\":\"auto\",\"speed\":\"0\",\"easing\":\"none\"}','{\"idle\":\"\",\"hover\":\"\"}','{\"color\":\"#ffffff\",\"color-transparency\":\"0.35\",\"font-size\":\"15px\",\"line-height\":\"20px\",\"font-weight\":\"400\",\"font-style\":\"normal\",\"font-family\":\"Raleway\",\"padding\":[\"0\",\"0\",\"0\",\"0\"],\"text-decoration\":\"none\",\"text-align\":\"left\",\"background-color\":\"transparent\",\"background-transparency\":\"1\",\"border-color\":\"transparent\",\"border-transparency\":\"1\",\"border-style\":\"none\",\"border-width\":\"0\",\"border-radius\":[\"0\",\"0\",\"0\",\"0\"],\"z\":\"0\",\"skewx\":\"0\",\"skewy\":\"0\",\"scalex\":\"1\",\"scaley\":\"1\",\"opacity\":\"1\",\"xrotate\":\"0\",\"yrotate\":\"0\",\"2d_rotation\":\"0\",\"2d_origin_x\":\"50\",\"2d_origin_y\":\"50\",\"pers\":\"600\",\"corner_left\":\"nothing\",\"parallax\":\"-\"}'),(84,'.tp-caption.WebProduct-Content-Light','{\"hover\":\"false\",\"version\":\"5.0\",\"translated\":\"5\"}','{\"color\":\"#ffffff\",\"color-transparency\":\"1\",\"text-decoration\":\"none\",\"background-color\":\"transparent\",\"background-transparency\":\"0\",\"border-color\":\"transparent\",\"border-transparency\":\"1\",\"border-style\":\"none\",\"border-width\":\"0\",\"border-radius\":[\"0\",\"0\",\"0\",\"0\"],\"opacity\":\"1\",\"scalex\":\"1\",\"scaley\":\"1\",\"skewx\":\"0\",\"skewy\":\"0\",\"xrotate\":\"0\",\"yrotate\":\"0\",\"2d_rotation\":\"0\",\"pointer_events\":\"auto\",\"css_cursor\":\"auto\",\"speed\":\"0\",\"easing\":\"none\"}','{\"idle\":\"\",\"hover\":\"\"}','{\"color\":\"#ffffff\",\"color-transparency\":\"0.65\",\"font-size\":\"16px\",\"line-height\":\"24px\",\"font-weight\":\"600\",\"font-style\":\"normal\",\"font-family\":\"Raleway\",\"padding\":[\"0\",\"0\",\"0\",\"0\"],\"text-decoration\":\"none\",\"text-align\":\"left\",\"background-color\":\"transparent\",\"background-transparency\":\"1\",\"border-color\":\"transparent\",\"border-transparency\":\"1\",\"border-style\":\"none\",\"border-width\":\"0\",\"border-radius\":[\"0\",\"0\",\"0\",\"0\"],\"z\":\"0\",\"skewx\":\"0\",\"skewy\":\"0\",\"scalex\":\"1\",\"scaley\":\"1\",\"opacity\":\"1\",\"xrotate\":\"0\",\"yrotate\":\"0\",\"2d_rotation\":\"0\",\"2d_origin_x\":\"50\",\"2d_origin_y\":\"50\",\"pers\":\"600\",\"corner_left\":\"nothing\",\"parallax\":\"-\"}'),(85,'.tp-caption.FatRounded','{\"hover\":\"true\",\"type\":\"text\",\"version\":\"5.0\",\"translated\":\"5\"}','{\"color\":\"#fff\",\"color-transparency\":\"1\",\"text-decoration\":\"none\",\"background-color\":\"#000000\",\"background-transparency\":\"1\",\"border-color\":\"#d3d3d3\",\"border-transparency\":\"1\",\"border-style\":\"none\",\"border-width\":\"0px\",\"border-radius\":[\"50px\",\"50px\",\"50px\",\"50px\"],\"opacity\":\"1\",\"scalex\":\"1\",\"scaley\":\"1\",\"skewx\":\"0\",\"skewy\":\"0\",\"xrotate\":\"0\",\"yrotate\":\"0\",\"2d_rotation\":\"0\",\"pointer_events\":\"auto\",\"css_cursor\":\"pointer\",\"speed\":\"300\",\"easing\":\"none\"}','{\"idle\":{\"text-shadow\":\"none\"},\"hover\":\"\"}','{\"color\":\"#fff\",\"color-transparency\":\"1\",\"font-size\":\"30px\",\"line-height\":\"30px\",\"font-weight\":\"900\",\"font-style\":\"normal\",\"font-family\":\"Raleway\",\"padding\":[\"20px\",\"22px\",\"20px\",\"25px\"],\"text-decoration\":\"none\",\"text-align\":\"left\",\"background-color\":\"#000000\",\"background-transparency\":\"0.5\",\"border-color\":\"#d3d3d3\",\"border-transparency\":\"1\",\"border-style\":\"none\",\"border-width\":\"0px\",\"border-radius\":[\"50px\",\"50px\",\"50px\",\"50px\"],\"z\":\"0\",\"skewx\":\"0\",\"skewy\":\"0\",\"scalex\":\"1\",\"scaley\":\"1\",\"opacity\":\"1\",\"xrotate\":\"0\",\"yrotate\":\"0\",\"2d_rotation\":\"0\",\"2d_origin_x\":\"50\",\"2d_origin_y\":\"50\",\"pers\":\"600\",\"corner_left\":\"nothing\",\"corner_right\":\"nothing\",\"parallax\":\"-\"}'),(86,'.tp-caption.NotGeneric-Title','{\"translated\":5,\"type\":\"text\",\"version\":\"5.0\"}','{\"color\":\"#ffffff\",\"color-transparency\":\"1\",\"text-decoration\":\"none\",\"background-color\":\"transparent\",\"background-transparency\":\"0\",\"border-color\":\"transparent\",\"border-transparency\":\"1\",\"border-style\":\"none\",\"border-width\":\"0\",\"border-radius\":[\"0\",\"0\",\"0\",\"0\"],\"opacity\":\"1\",\"scalex\":\"1\",\"scaley\":\"1\",\"skewx\":\"0\",\"skewy\":\"0\",\"xrotate\":\"0\",\"yrotate\":\"0\",\"2d_rotation\":\"0\",\"pointer_events\":\"auto\",\"css_cursor\":\"auto\",\"speed\":\"0\",\"easing\":\"none\"}','{\"idle\":\"[object Object]\",\"hover\":\"\"}','{\"color\":\"#ffffff\",\"color-transparency\":\"1\",\"font-size\":\"70px\",\"line-height\":\"70px\",\"font-weight\":\"800\",\"font-style\":\"normal\",\"font-family\":\"Raleway\",\"padding\":\"10px 0px 10px 0\",\"text-decoration\":\"none\",\"background-color\":\"transparent\",\"background-transparency\":\"1\",\"border-color\":\"transparent\",\"border-transparency\":\"1\",\"border-style\":\"none\",\"border-width\":\"0\",\"border-radius\":\"0 0 0 0\",\"z\":\"0\",\"skewx\":\"0\",\"skewy\":\"0\",\"scalex\":\"1\",\"scaley\":\"1\",\"opacity\":\"1\",\"xrotate\":\"0\",\"yrotate\":\"0\",\"2d_rotation\":\"0\",\"2d_origin_x\":\"50\",\"2d_origin_y\":\"50\",\"pers\":\"600\",\"corner_left\":\"nothing\",\"corner_right\":\"nothing\",\"parallax\":\"-\"}'),(87,'.tp-caption.NotGeneric-SubTitle','{\"translated\":5,\"type\":\"text\",\"version\":\"5.0\"}','{\"color\":\"#ffffff\",\"color-transparency\":\"1\",\"text-decoration\":\"none\",\"background-color\":\"transparent\",\"background-transparency\":\"0\",\"border-color\":\"transparent\",\"border-transparency\":\"1\",\"border-style\":\"none\",\"border-width\":\"0\",\"border-radius\":[\"0\",\"0\",\"0\",\"0\"],\"opacity\":\"1\",\"scalex\":\"1\",\"scaley\":\"1\",\"skewx\":\"0\",\"skewy\":\"0\",\"xrotate\":\"0\",\"yrotate\":\"0\",\"2d_rotation\":\"0\",\"pointer_events\":\"auto\",\"css_cursor\":\"auto\",\"speed\":\"0\",\"easing\":\"none\"}','{\"idle\":{\"letter-spacing\":\"4px\",\"text-align\":\"left\"},\"hover\":\"\"}','{\"color\":\"#ffffff\",\"color-transparency\":\"1\",\"font-size\":\"13px\",\"line-height\":\"20px\",\"font-weight\":\"500\",\"font-style\":\"normal\",\"font-family\":\"Raleway\",\"padding\":\"0 0 0 0\",\"text-decoration\":\"none\",\"background-color\":\"transparent\",\"background-transparency\":\"1\",\"border-color\":\"transparent\",\"border-transparency\":\"1\",\"border-style\":\"none\",\"border-width\":\"0\",\"border-radius\":\"0 0 0 0\",\"z\":\"0\",\"skewx\":\"0\",\"skewy\":\"0\",\"scalex\":\"1\",\"scaley\":\"1\",\"opacity\":\"1\",\"xrotate\":\"0\",\"yrotate\":\"0\",\"2d_rotation\":\"0\",\"2d_origin_x\":\"50\",\"2d_origin_y\":\"50\",\"pers\":\"600\",\"corner_left\":\"nothing\",\"corner_right\":\"nothing\",\"parallax\":\"-\"}'),(88,'.tp-caption.NotGeneric-CallToAction','{\"hover\":\"true\",\"translated\":5,\"type\":\"text\",\"version\":\"5.0\"}','{\"color\":\"#ffffff\",\"color-transparency\":\"1\",\"text-decoration\":\"none\",\"background-color\":\"transparent\",\"background-transparency\":\"0\",\"border-color\":\"#ffffff\",\"border-transparency\":\"1\",\"border-style\":\"solid\",\"border-width\":\"1\",\"border-radius\":\"0px 0px 0px 0px\",\"opacity\":\"1\",\"scalex\":\"1\",\"scaley\":\"1\",\"skewx\":\"0\",\"skewy\":\"0\",\"xrotate\":\"0\",\"yrotate\":\"0\",\"2d_rotation\":\"0\",\"pointer_events\":\"auto\",\"css_cursor\":\"pointer\",\"speed\":\"300\",\"easing\":\"power3.out\"}','{\"idle\":{\"letter-spacing\":\"3px\",\"text-align\":\"left\"},\"hover\":\"\"}','{\"color\":\"#ffffff\",\"color-transparency\":\"1\",\"font-size\":\"14px\",\"line-height\":\"14px\",\"font-weight\":\"500\",\"font-style\":\"normal\",\"font-family\":\"Raleway\",\"padding\":\"10px 30px 10px 30px\",\"text-decoration\":\"none\",\"background-color\":\"#000000\",\"background-transparency\":\"0\",\"border-color\":\"#ffffff\",\"border-transparency\":\"0.5\",\"border-style\":\"solid\",\"border-width\":\"1\",\"border-radius\":\"0px 0px 0px 0px\",\"z\":\"0\",\"skewx\":\"0\",\"skewy\":\"0\",\"scalex\":\"1\",\"scaley\":\"1\",\"opacity\":\"1\",\"xrotate\":\"0\",\"yrotate\":\"0\",\"2d_rotation\":\"0\",\"2d_origin_x\":\"50\",\"2d_origin_y\":\"50\",\"pers\":\"600\",\"corner_left\":\"nothing\",\"corner_right\":\"nothing\",\"parallax\":\"-\"}'),(89,'.tp-caption.NotGeneric-Icon','{\"translated\":5,\"type\":\"text\",\"version\":\"5.0\"}','{\"color\":\"#ffffff\",\"color-transparency\":\"1\",\"text-decoration\":\"none\",\"background-color\":\"transparent\",\"background-transparency\":\"0\",\"border-color\":\"#ffffff\",\"border-transparency\":\"1\",\"border-style\":\"solid\",\"border-width\":\"1\",\"border-radius\":[\"0px\",\"0px\",\"0px\",\"0px\"],\"opacity\":\"1\",\"scalex\":\"1\",\"scaley\":\"1\",\"skewx\":\"0\",\"skewy\":\"0\",\"xrotate\":\"0\",\"yrotate\":\"0\",\"2d_rotation\":\"0\",\"pointer_events\":\"auto\",\"css_cursor\":\"default\",\"speed\":\"300\",\"easing\":\"power3.out\"}','{\"idle\":{\"letter-spacing\":\"3px\",\"text-align\":\"left\"},\"hover\":\"\"}','{\"color\":\"#ffffff\",\"color-transparency\":\"1\",\"font-size\":\"30px\",\"line-height\":\"30px\",\"font-weight\":\"400\",\"font-style\":\"normal\",\"font-family\":\"Raleway\",\"padding\":\"0px 0px 0px 0px\",\"text-decoration\":\"none\",\"background-color\":\"#000000\",\"background-transparency\":\"0\",\"border-color\":\"#ffffff\",\"border-transparency\":\"0\",\"border-style\":\"solid\",\"border-width\":\"0px\",\"border-radius\":\"0px 0px 0px 0px\",\"z\":\"0\",\"skewx\":\"0\",\"skewy\":\"0\",\"scalex\":\"1\",\"scaley\":\"1\",\"opacity\":\"1\",\"xrotate\":\"0\",\"yrotate\":\"0\",\"2d_rotation\":\"0\",\"2d_origin_x\":\"50\",\"2d_origin_y\":\"50\",\"pers\":\"600\",\"corner_left\":\"nothing\",\"corner_right\":\"nothing\",\"parallax\":\"-\"}'),(90,'.tp-caption.NotGeneric-Menuitem','{\"hover\":\"true\",\"translated\":5,\"type\":\"text\",\"version\":\"5.0\"}','{\"color\":\"#ffffff\",\"color-transparency\":\"1\",\"text-decoration\":\"none\",\"background-color\":\"#000000\",\"background-transparency\":\"0\",\"border-color\":\"#ffffff\",\"border-transparency\":\"1\",\"border-style\":\"solid\",\"border-width\":\"1px\",\"border-radius\":\"0px 0px 0px 0px\",\"opacity\":\"1\",\"scalex\":\"1\",\"scaley\":\"1\",\"skewx\":\"0\",\"skewy\":\"0\",\"xrotate\":\"0\",\"yrotate\":\"0\",\"2d_rotation\":\"0\",\"pointer_events\":\"auto\",\"css_cursor\":\"pointer\",\"speed\":\"300\",\"easing\":\"power1.inOut\"}','{\"idle\":{\"letter-spacing\":\"3px\",\"text-align\":\"left\"},\"hover\":\"\"}','{\"color\":\"#ffffff\",\"color-transparency\":\"1\",\"font-size\":\"14px\",\"line-height\":\"14px\",\"font-weight\":\"500\",\"font-style\":\"normal\",\"font-family\":\"Raleway\",\"padding\":\"27px 30px 27px 30px\",\"text-decoration\":\"none\",\"background-color\":\"#000000\",\"background-transparency\":\"0\",\"border-color\":\"#ffffff\",\"border-transparency\":\"0.15\",\"border-style\":\"solid\",\"border-width\":\"1px\",\"border-radius\":\"0px 0px 0px 0px\",\"z\":\"0\",\"skewx\":\"0\",\"skewy\":\"0\",\"scalex\":\"1\",\"scaley\":\"1\",\"opacity\":\"1\",\"xrotate\":\"0\",\"yrotate\":\"0\",\"2d_rotation\":\"0\",\"2d_origin_x\":\"50\",\"2d_origin_y\":\"50\",\"pers\":\"600\",\"corner_left\":\"nothing\",\"corner_right\":\"nothing\",\"parallax\":\"-\"}'),(91,'.tp-caption.MarkerStyle','{\"translated\":5,\"type\":\"text\",\"version\":\"5.0\"}','{\"color\":\"#ffffff\",\"color-transparency\":\"1\",\"text-decoration\":\"none\",\"background-color\":\"transparent\",\"background-transparency\":\"0\",\"border-color\":\"transparent\",\"border-transparency\":\"1\",\"border-style\":\"none\",\"border-width\":\"0\",\"border-radius\":[\"0\",\"0\",\"0\",\"0\"],\"opacity\":\"1\",\"scalex\":\"1\",\"scaley\":\"1\",\"skewx\":\"0\",\"skewy\":\"0\",\"xrotate\":\"0\",\"yrotate\":\"0\",\"2d_rotation\":\"0\",\"pointer_events\":\"auto\",\"css_cursor\":\"auto\",\"speed\":\"0\",\"easing\":\"none\"}','{\"idle\":{\"text-align\":\"left\",\"0\":\"\"},\"hover\":\"\"}','{\"color\":\"#ffffff\",\"color-transparency\":\"1\",\"font-size\":\"17px\",\"line-height\":\"30px\",\"font-weight\":\"100\",\"font-style\":\"normal\",\"font-family\":\"\\\"Permanent Marker\\\"\",\"padding\":\"0 0 0 0\",\"text-decoration\":\"none\",\"background-color\":\"transparent\",\"background-transparency\":\"1\",\"border-color\":\"transparent\",\"border-transparency\":\"1\",\"border-style\":\"none\",\"border-width\":\"0\",\"border-radius\":\"0 0 0 0\",\"z\":\"0\",\"skewx\":\"0\",\"skewy\":\"0\",\"scalex\":\"1\",\"scaley\":\"1\",\"opacity\":\"1\",\"xrotate\":\"0\",\"yrotate\":\"0\",\"2d_rotation\":\"0\",\"2d_origin_x\":\"50\",\"2d_origin_y\":\"50\",\"pers\":\"600\",\"corner_left\":\"nothing\",\"corner_right\":\"nothing\",\"parallax\":\"-\"}'),(92,'.tp-caption.Gym-Menuitem','{\"hover\":\"true\",\"type\":\"text\",\"version\":\"5.0\",\"translated\":\"5\"}','{\"color\":\"#ffffff\",\"color-transparency\":\"1\",\"text-decoration\":\"none\",\"background-color\":\"#000000\",\"background-transparency\":\"1\",\"border-color\":\"#ffffff\",\"border-transparency\":\"0.25\",\"border-style\":\"solid\",\"border-width\":\"2px\",\"border-radius\":[\"3px\",\"3px\",\"3px\",\"3px\"],\"opacity\":\"1\",\"scalex\":\"1\",\"scaley\":\"1\",\"skewx\":\"0\",\"skewy\":\"0\",\"xrotate\":\"0\",\"yrotate\":\"0\",\"2d_rotation\":\"0\",\"pointer_events\":\"auto\",\"css_cursor\":\"pointer\",\"speed\":\"200\",\"easing\":\"none\"}','{\"idle\":{\"letter-spacing\":\"2px\"},\"hover\":\"\"}','{\"color\":\"#ffffff\",\"color-transparency\":\"1\",\"font-size\":\"20px\",\"line-height\":\"20px\",\"font-weight\":\"300\",\"font-style\":\"normal\",\"font-family\":\"Raleway\",\"padding\":[\"3px\",\"5px\",\"3px\",\"8px\"],\"text-decoration\":\"none\",\"text-align\":\"left\",\"background-color\":\"#000000\",\"background-transparency\":\"1\",\"border-color\":\"#ffffff\",\"border-transparency\":\"0\",\"border-style\":\"solid\",\"border-width\":\"2px\",\"border-radius\":[\"3px\",\"3px\",\"3px\",\"3px\"],\"z\":\"0\",\"skewx\":\"0\",\"skewy\":\"0\",\"scalex\":\"1\",\"scaley\":\"1\",\"opacity\":\"1\",\"xrotate\":\"0\",\"yrotate\":\"0\",\"2d_rotation\":\"0\",\"2d_origin_x\":\"50\",\"2d_origin_y\":\"50\",\"pers\":\"600\",\"corner_left\":\"nothing\",\"corner_right\":\"nothing\",\"parallax\":\"-\"}'),(93,'.tp-caption.Newspaper-Button','{\"hover\":\"true\",\"type\":\"button\",\"version\":\"5.0\",\"translated\":\"5\"}','{\"color\":\"#000000\",\"color-transparency\":\"1\",\"text-decoration\":\"none\",\"background-color\":\"#FFFFFF\",\"background-transparency\":\"1\",\"border-color\":\"#ffffff\",\"border-transparency\":\"1\",\"border-style\":\"solid\",\"border-width\":\"1px\",\"border-radius\":[\"0px\",\"0px\",\"0px\",\"0px\"],\"opacity\":\"1\",\"scalex\":\"1\",\"scaley\":\"1\",\"skewx\":\"0\",\"skewy\":\"0\",\"xrotate\":\"0\",\"yrotate\":\"0\",\"2d_rotation\":\"0\",\"pointer_events\":\"auto\",\"css_cursor\":\"pointer\",\"speed\":\"300\",\"easing\":\"power1.inOut\"}','{\"idle\":{\"letter-spacing\":\"2px\"},\"hover\":\"\"}','{\"color\":\"#ffffff\",\"color-transparency\":\"1\",\"font-size\":\"13px\",\"line-height\":\"17px\",\"font-weight\":\"700\",\"font-style\":\"normal\",\"font-family\":\"Roboto\",\"padding\":[\"12px\",\"35px\",\"12px\",\"35px\"],\"text-decoration\":\"none\",\"text-align\":\"left\",\"background-color\":\"#ffffff\",\"background-transparency\":\"0\",\"border-color\":\"#ffffff\",\"border-transparency\":\"0.25\",\"border-style\":\"solid\",\"border-width\":\"1px\",\"border-radius\":[\"0px\",\"0px\",\"0px\",\"0px\"],\"z\":\"0\",\"skewx\":\"0\",\"skewy\":\"0\",\"scalex\":\"1\",\"scaley\":\"1\",\"opacity\":\"1\",\"xrotate\":\"0\",\"yrotate\":\"0\",\"2d_rotation\":\"0\",\"2d_origin_x\":\"50\",\"2d_origin_y\":\"50\",\"pers\":\"600\",\"corner_left\":\"nothing\",\"corner_right\":\"nothing\",\"parallax\":\"-\"}'),(94,'.tp-caption.Newspaper-Subtitle','{\"hover\":\"false\",\"type\":\"text\",\"version\":\"5.0\",\"translated\":\"5\"}','{\"color\":\"#ffffff\",\"color-transparency\":\"1\",\"text-decoration\":\"none\",\"background-color\":\"transparent\",\"background-transparency\":\"0\",\"border-color\":\"transparent\",\"border-transparency\":\"1\",\"border-style\":\"none\",\"border-width\":\"0\",\"border-radius\":[\"0\",\"0\",\"0\",\"0\"],\"opacity\":\"1\",\"scalex\":\"1\",\"scaley\":\"1\",\"skewx\":\"0\",\"skewy\":\"0\",\"xrotate\":\"0\",\"yrotate\":\"0\",\"2d_rotation\":\"0\",\"pointer_events\":\"auto\",\"css_cursor\":\"auto\",\"speed\":\"0\",\"easing\":\"none\"}','{\"idle\":\"\",\"hover\":\"\"}','{\"color\":\"#a8d8ee\",\"color-transparency\":\"1\",\"font-size\":\"15px\",\"line-height\":\"20px\",\"font-weight\":\"900\",\"font-style\":\"normal\",\"font-family\":\"Roboto\",\"padding\":[\"0\",\"0\",\"0\",\"0\"],\"text-decoration\":\"none\",\"text-align\":\"left\",\"background-color\":\"transparent\",\"background-transparency\":\"1\",\"border-color\":\"transparent\",\"border-transparency\":\"1\",\"border-style\":\"none\",\"border-width\":\"0\",\"border-radius\":[\"0\",\"0\",\"0\",\"0\"],\"z\":\"0\",\"skewx\":\"0\",\"skewy\":\"0\",\"scalex\":\"1\",\"scaley\":\"1\",\"opacity\":\"1\",\"xrotate\":\"0\",\"yrotate\":\"0\",\"2d_rotation\":\"0\",\"2d_origin_x\":\"50\",\"2d_origin_y\":\"50\",\"pers\":\"600\",\"corner_left\":\"nothing\",\"corner_right\":\"nothing\",\"parallax\":\"-\"}'),(95,'.tp-caption.Newspaper-Title','{\"hover\":\"false\",\"type\":\"text\",\"version\":\"5.0\",\"translated\":\"5\"}','{\"color\":\"#ffffff\",\"color-transparency\":\"1\",\"text-decoration\":\"none\",\"background-color\":\"transparent\",\"background-transparency\":\"0\",\"border-color\":\"transparent\",\"border-transparency\":\"1\",\"border-style\":\"none\",\"border-width\":\"0\",\"border-radius\":[\"0\",\"0\",\"0\",\"0\"],\"opacity\":\"1\",\"scalex\":\"1\",\"scaley\":\"1\",\"skewx\":\"0\",\"skewy\":\"0\",\"xrotate\":\"0\",\"yrotate\":\"0\",\"2d_rotation\":\"0\",\"pointer_events\":\"auto\",\"css_cursor\":\"auto\",\"speed\":\"0\",\"easing\":\"none\"}','{\"idle\":\"\",\"hover\":\"\"}','{\"color\":\"#fff\",\"color-transparency\":\"1\",\"font-size\":\"50px\",\"line-height\":\"55px\",\"font-weight\":\"400\",\"font-style\":\"normal\",\"font-family\":\"\\\"Roboto Slab\\\"\",\"padding\":[\"0\",\"0\",\"10px\",\"0\"],\"text-decoration\":\"none\",\"text-align\":\"left\",\"background-color\":\"transparent\",\"background-transparency\":\"1\",\"border-color\":\"transparent\",\"border-transparency\":\"1\",\"border-style\":\"none\",\"border-width\":\"0\",\"border-radius\":[\"0\",\"0\",\"0\",\"0\"],\"z\":\"0\",\"skewx\":\"0\",\"skewy\":\"0\",\"scalex\":\"1\",\"scaley\":\"1\",\"opacity\":\"1\",\"xrotate\":\"0\",\"yrotate\":\"0\",\"2d_rotation\":\"0\",\"2d_origin_x\":\"50\",\"2d_origin_y\":\"50\",\"pers\":\"600\",\"corner_left\":\"nothing\",\"corner_right\":\"nothing\",\"parallax\":\"-\"}'),(96,'.tp-caption.Newspaper-Title-Centered','{\"hover\":\"false\",\"type\":\"text\",\"version\":\"5.0\",\"translated\":\"5\"}','{\"color\":\"#ffffff\",\"color-transparency\":\"1\",\"text-decoration\":\"none\",\"background-color\":\"transparent\",\"background-transparency\":\"0\",\"border-color\":\"transparent\",\"border-transparency\":\"1\",\"border-style\":\"none\",\"border-width\":\"0\",\"border-radius\":[\"0\",\"0\",\"0\",\"0\"],\"opacity\":\"1\",\"scalex\":\"1\",\"scaley\":\"1\",\"skewx\":\"0\",\"skewy\":\"0\",\"xrotate\":\"0\",\"yrotate\":\"0\",\"2d_rotation\":\"0\",\"pointer_events\":\"auto\",\"css_cursor\":\"auto\",\"speed\":\"0\",\"easing\":\"none\"}','{\"idle\":\"\",\"hover\":\"\"}','{\"color\":\"#fff\",\"color-transparency\":\"1\",\"font-size\":\"50px\",\"line-height\":\"55px\",\"font-weight\":\"400\",\"font-style\":\"normal\",\"font-family\":\"\\\"Roboto Slab\\\"\",\"padding\":[\"0\",\"0\",\"10px\",\"0\"],\"text-decoration\":\"none\",\"text-align\":\"center\",\"background-color\":\"transparent\",\"background-transparency\":\"1\",\"border-color\":\"transparent\",\"border-transparency\":\"1\",\"border-style\":\"none\",\"border-width\":\"0\",\"border-radius\":[\"0\",\"0\",\"0\",\"0\"],\"z\":\"0\",\"skewx\":\"0\",\"skewy\":\"0\",\"scalex\":\"1\",\"scaley\":\"1\",\"opacity\":\"1\",\"xrotate\":\"0\",\"yrotate\":\"0\",\"2d_rotation\":\"0\",\"2d_origin_x\":\"50\",\"2d_origin_y\":\"50\",\"pers\":\"600\",\"corner_left\":\"nothing\",\"corner_right\":\"nothing\",\"parallax\":\"-\"}'),(97,'.tp-caption.Hero-Button','{\"hover\":\"true\",\"type\":\"button\",\"version\":\"5.0\",\"translated\":\"5\"}','{\"color\":\"#000000\",\"color-transparency\":\"1\",\"text-decoration\":\"none\",\"background-color\":\"#ffffff\",\"background-transparency\":\"1\",\"border-color\":\"#ffffff\",\"border-transparency\":\"1\",\"border-style\":\"solid\",\"border-width\":\"1\",\"border-radius\":[\"0px\",\"0px\",\"0px\",\"0px\"],\"opacity\":\"1\",\"scalex\":\"1\",\"scaley\":\"1\",\"skewx\":\"0\",\"skewy\":\"0\",\"xrotate\":\"0\",\"yrotate\":\"0\",\"2d_rotation\":\"0\",\"pointer_events\":\"auto\",\"css_cursor\":\"pointer\",\"speed\":\"300\",\"easing\":\"power1.inOut\"}','{\"idle\":{\"letter-spacing\":\"3px\"},\"hover\":\"\"}','{\"color\":\"#ffffff\",\"color-transparency\":\"1\",\"font-size\":\"14px\",\"line-height\":\"14px\",\"font-weight\":\"500\",\"font-style\":\"normal\",\"font-family\":\"Raleway\",\"padding\":[\"10px\",\"30px\",\"10px\",\"30px\"],\"text-decoration\":\"none\",\"text-align\":\"left\",\"background-color\":\"#000000\",\"background-transparency\":\"0\",\"border-color\":\"#ffffff\",\"border-transparency\":\"0.5\",\"border-style\":\"solid\",\"border-width\":\"1\",\"border-radius\":[\"0px\",\"0px\",\"0px\",\"0px\"],\"z\":\"0\",\"skewx\":\"0\",\"skewy\":\"0\",\"scalex\":\"1\",\"scaley\":\"1\",\"opacity\":\"1\",\"xrotate\":\"0\",\"yrotate\":\"0\",\"2d_rotation\":\"0\",\"2d_origin_x\":\"50\",\"2d_origin_y\":\"50\",\"pers\":\"600\",\"corner_left\":\"nothing\",\"corner_right\":\"nothing\",\"parallax\":\"-\"}'),(98,'.tp-caption.Video-Title','{\"hover\":\"false\",\"type\":\"text\",\"version\":\"5.0\",\"translated\":\"5\"}','{\"color\":\"#ffffff\",\"color-transparency\":\"1\",\"text-decoration\":\"none\",\"background-color\":\"transparent\",\"background-transparency\":\"0\",\"border-color\":\"transparent\",\"border-transparency\":\"1\",\"border-style\":\"none\",\"border-width\":\"0\",\"border-radius\":[\"0\",\"0\",\"0\",\"0\"],\"opacity\":\"1\",\"scalex\":\"1\",\"scaley\":\"1\",\"skewx\":\"0\",\"skewy\":\"0\",\"xrotate\":\"0\",\"yrotate\":\"0\",\"2d_rotation\":\"0\",\"pointer_events\":\"auto\",\"css_cursor\":\"auto\",\"speed\":\"0\",\"easing\":\"none\"}','{\"idle\":\"\",\"hover\":\"\"}','{\"color\":\"#fff\",\"color-transparency\":\"1\",\"font-size\":\"30px\",\"line-height\":\"30px\",\"font-weight\":\"900\",\"font-style\":\"normal\",\"font-family\":\"Raleway\",\"padding\":[\"5px\",\"5px\",\"5px\",\"5px\"],\"text-decoration\":\"none\",\"text-align\":\"left\",\"background-color\":\"#000000\",\"background-transparency\":\"1\",\"border-color\":\"transparent\",\"border-transparency\":\"1\",\"border-style\":\"none\",\"border-width\":\"0\",\"border-radius\":[\"0\",\"0\",\"0\",\"0\"],\"z\":\"0\",\"skewx\":\"0\",\"skewy\":\"0\",\"scalex\":\"1\",\"scaley\":\"1\",\"opacity\":\"1\",\"xrotate\":\"0\",\"yrotate\":\"0\",\"2d_rotation\":\"0\",\"2d_origin_x\":\"-20%\",\"2d_origin_y\":\"50\",\"pers\":\"600\",\"corner_left\":\"nothing\",\"corner_right\":\"nothing\",\"parallax\":\"-\"}'),(99,'.tp-caption.Video-SubTitle','{\"hover\":\"false\",\"type\":\"text\",\"version\":\"5.0\",\"translated\":\"5\"}','{\"color\":\"#ffffff\",\"color-transparency\":\"1\",\"text-decoration\":\"none\",\"background-color\":\"transparent\",\"background-transparency\":\"0\",\"border-color\":\"transparent\",\"border-transparency\":\"1\",\"border-style\":\"none\",\"border-width\":\"0\",\"border-radius\":[\"0\",\"0\",\"0\",\"0\"],\"opacity\":\"1\",\"scalex\":\"1\",\"scaley\":\"1\",\"skewx\":\"0\",\"skewy\":\"0\",\"xrotate\":\"0\",\"yrotate\":\"0\",\"2d_rotation\":\"0\",\"pointer_events\":\"auto\",\"css_cursor\":\"auto\",\"speed\":\"0\",\"easing\":\"none\"}','{\"idle\":{\"letter-spacing\":\"2px\"},\"hover\":\"\"}','{\"color\":\"#ffffff\",\"color-transparency\":\"1\",\"font-size\":\"12px\",\"line-height\":\"12px\",\"font-weight\":\"600\",\"font-style\":\"normal\",\"font-family\":\"Raleway\",\"padding\":[\"5px\",\"5px\",\"5px\",\"5px\"],\"text-decoration\":\"none\",\"text-align\":\"left\",\"background-color\":\"#000000\",\"background-transparency\":\"0.35\",\"border-color\":\"transparent\",\"border-transparency\":\"1\",\"border-style\":\"none\",\"border-width\":\"0\",\"border-radius\":[\"0\",\"0\",\"0\",\"0\"],\"z\":\"0\",\"skewx\":\"0\",\"skewy\":\"0\",\"scalex\":\"1\",\"scaley\":\"1\",\"opacity\":\"1\",\"xrotate\":\"0\",\"yrotate\":\"0\",\"2d_rotation\":\"0\",\"2d_origin_x\":\"-20%\",\"2d_origin_y\":\"50\",\"pers\":\"600\",\"corner_left\":\"nothing\",\"corner_right\":\"nothing\",\"parallax\":\"-\"}'),(100,'.tp-caption.NotGeneric-Button','{\"hover\":\"true\",\"type\":\"button\",\"version\":\"5.0\",\"translated\":\"5\"}','{\"color\":\"#ffffff\",\"color-transparency\":\"1\",\"text-decoration\":\"none\",\"background-color\":\"transparent\",\"background-transparency\":\"0\",\"border-color\":\"#ffffff\",\"border-transparency\":\"1\",\"border-style\":\"solid\",\"border-width\":\"1\",\"border-radius\":[\"0px\",\"0px\",\"0px\",\"0px\"],\"opacity\":\"1\",\"scalex\":\"1\",\"scaley\":\"1\",\"skewx\":\"0\",\"skewy\":\"0\",\"xrotate\":\"0\",\"yrotate\":\"0\",\"2d_rotation\":\"0\",\"pointer_events\":\"auto\",\"css_cursor\":\"pointer\",\"speed\":\"300\",\"easing\":\"power1.inOut\"}','{\"idle\":{\"letter-spacing\":\"3px\",\"text-align\":\"left\"},\"hover\":\"\"}','{\"color\":\"#ffffff\",\"color-transparency\":\"1\",\"font-size\":\"14px\",\"line-height\":\"14px\",\"font-weight\":\"500\",\"font-style\":\"normal\",\"font-family\":\"Raleway\",\"padding\":[\"10px\",\"30px\",\"10px\",\"30px\"],\"text-decoration\":\"none\",\"text-align\":\"left\",\"background-color\":\"#000000\",\"background-transparency\":\"0\",\"border-color\":\"#ffffff\",\"border-transparency\":\"0.5\",\"border-style\":\"solid\",\"border-width\":\"1\",\"border-radius\":[\"0px\",\"0px\",\"0px\",\"0px\"],\"z\":\"0\",\"skewx\":\"0\",\"skewy\":\"0\",\"scalex\":\"1\",\"scaley\":\"1\",\"opacity\":\"1\",\"xrotate\":\"0\",\"yrotate\":\"0\",\"2d_rotation\":\"0\",\"2d_origin_x\":\"50\",\"2d_origin_y\":\"50\",\"pers\":\"600\",\"corner_left\":\"nothing\",\"corner_right\":\"nothing\",\"parallax\":\"-\"}'),(101,'.tp-caption.NotGeneric-BigButton','{\"hover\":\"true\",\"type\":\"button\",\"version\":\"5.0\",\"translated\":\"5\"}','{\"color\":\"#ffffff\",\"color-transparency\":\"1\",\"text-decoration\":\"none\",\"background-color\":\"#000000\",\"background-transparency\":\"0\",\"border-color\":\"#ffffff\",\"border-transparency\":\"1\",\"border-style\":\"solid\",\"border-width\":\"1px\",\"border-radius\":[\"0px\",\"0px\",\"0px\",\"0px\"],\"opacity\":\"1\",\"scalex\":\"1\",\"scaley\":\"1\",\"skewx\":\"0\",\"skewy\":\"0\",\"xrotate\":\"0\",\"yrotate\":\"0\",\"2d_rotation\":\"0\",\"pointer_events\":\"auto\",\"css_cursor\":\"pointer\",\"speed\":\"300\",\"easing\":\"power1.inOut\"}','{\"idle\":{\"letter-spacing\":\"3px\"},\"hover\":\"\"}','{\"color\":\"#ffffff\",\"color-transparency\":\"1\",\"font-size\":\"14px\",\"line-height\":\"14px\",\"font-weight\":\"500\",\"font-style\":\"normal\",\"font-family\":\"Raleway\",\"padding\":[\"27px\",\"30px\",\"27px\",\"30px\"],\"text-decoration\":\"none\",\"text-align\":\"left\",\"background-color\":\"#000000\",\"background-transparency\":\"0\",\"border-color\":\"#ffffff\",\"border-transparency\":\"0.15\",\"border-style\":\"solid\",\"border-width\":\"1px\",\"border-radius\":[\"0px\",\"0px\",\"0px\",\"0px\"],\"z\":\"0\",\"skewx\":\"0\",\"skewy\":\"0\",\"scalex\":\"1\",\"scaley\":\"1\",\"opacity\":\"1\",\"xrotate\":\"0\",\"yrotate\":\"0\",\"2d_rotation\":\"0\",\"2d_origin_x\":\"50\",\"2d_origin_y\":\"50\",\"pers\":\"600\",\"corner_left\":\"nothing\",\"corner_right\":\"nothing\",\"parallax\":\"-\"}'),(102,'.tp-caption.WebProduct-Button','{\"hover\":\"true\",\"type\":\"button\",\"version\":\"5.0\",\"translated\":\"5\"}','{\"color\":\"#333333\",\"color-transparency\":\"1\",\"text-decoration\":\"none\",\"background-color\":\"#ffffff\",\"background-transparency\":\"1\",\"border-color\":\"#000000\",\"border-transparency\":\"1\",\"border-style\":\"none\",\"border-width\":\"2\",\"border-radius\":[\"0\",\"0\",\"0\",\"0\"],\"opacity\":\"1\",\"scalex\":\"1\",\"scaley\":\"1\",\"skewx\":\"0\",\"skewy\":\"0\",\"xrotate\":\"0\",\"yrotate\":\"0\",\"2d_rotation\":\"0\",\"pointer_events\":\"auto\",\"css_cursor\":\"auto\",\"speed\":\"300\",\"easing\":\"none\"}','{\"idle\":{\"letter-spacing\":\"1px\"},\"hover\":\"\"}','{\"color\":\"#ffffff\",\"color-transparency\":\"1\",\"font-size\":\"16px\",\"line-height\":\"48px\",\"font-weight\":\"600\",\"font-style\":\"normal\",\"font-family\":\"Raleway\",\"padding\":[\"0px\",\"40px\",\"0px\",\"40px\"],\"text-decoration\":\"none\",\"text-align\":\"left\",\"background-color\":\"#333333\",\"background-transparency\":\"1\",\"border-color\":\"#000000\",\"border-transparency\":\"1\",\"border-style\":\"none\",\"border-width\":\"2\",\"border-radius\":[\"0\",\"0\",\"0\",\"0\"],\"z\":\"0\",\"skewx\":\"0\",\"skewy\":\"0\",\"scalex\":\"1\",\"scaley\":\"1\",\"opacity\":\"1\",\"xrotate\":\"0\",\"yrotate\":\"0\",\"2d_rotation\":\"0\",\"2d_origin_x\":\"50\",\"2d_origin_y\":\"50\",\"pers\":\"600\",\"corner_left\":\"nothing\",\"corner_right\":\"nothing\",\"parallax\":\"-\"}'),(103,'.tp-caption.Restaurant-Button','{\"hover\":\"true\",\"type\":\"button\",\"version\":\"5.0\",\"translated\":\"5\"}','{\"color\":\"#ffffff\",\"color-transparency\":\"1\",\"text-decoration\":\"none\",\"background-color\":\"#000000\",\"background-transparency\":\"0\",\"border-color\":\"#ffe081\",\"border-transparency\":\"1\",\"border-style\":\"solid\",\"border-width\":\"2\",\"border-radius\":[\"0px\",\"0px\",\"0px\",\"0px\"],\"opacity\":\"1\",\"scalex\":\"1\",\"scaley\":\"1\",\"skewx\":\"0\",\"skewy\":\"0\",\"xrotate\":\"0\",\"yrotate\":\"0\",\"2d_rotation\":\"0\",\"pointer_events\":\"auto\",\"css_cursor\":\"auto\",\"speed\":\"300\",\"easing\":\"none\"}','{\"idle\":{\"letter-spacing\":\"3px\"},\"hover\":\"\"}','{\"color\":\"#ffffff\",\"color-transparency\":\"1\",\"font-size\":\"17px\",\"line-height\":\"17px\",\"font-weight\":\"500\",\"font-style\":\"normal\",\"font-family\":\"Roboto\",\"padding\":[\"12px\",\"35px\",\"12px\",\"35px\"],\"text-decoration\":\"none\",\"text-align\":\"left\",\"background-color\":\"#0a0a0a\",\"background-transparency\":\"0\",\"border-color\":\"#ffffff\",\"border-transparency\":\"0.5\",\"border-style\":\"solid\",\"border-width\":\"2\",\"border-radius\":[\"0px\",\"0px\",\"0px\",\"0px\"],\"z\":\"0\",\"skewx\":\"0\",\"skewy\":\"0\",\"scalex\":\"1\",\"scaley\":\"1\",\"opacity\":\"1\",\"xrotate\":\"0\",\"yrotate\":\"0\",\"2d_rotation\":\"0\",\"2d_origin_x\":\"50\",\"2d_origin_y\":\"50\",\"pers\":\"600\",\"corner_left\":\"nothing\",\"corner_right\":\"nothing\",\"parallax\":\"-\"}'),(104,'.tp-caption.Gym-Button','{\"hover\":\"true\",\"type\":\"button\",\"version\":\"5.0\",\"translated\":\"5\"}','{\"color\":\"#ffffff\",\"color-transparency\":\"1\",\"text-decoration\":\"none\",\"background-color\":\"#72a800\",\"background-transparency\":\"1\",\"border-color\":\"#000000\",\"border-transparency\":\"0\",\"border-style\":\"solid\",\"border-width\":\"0\",\"border-radius\":[\"30px\",\"30px\",\"30px\",\"30px\"],\"opacity\":\"1\",\"scalex\":\"1\",\"scaley\":\"1\",\"skewx\":\"0\",\"skewy\":\"0\",\"xrotate\":\"0\",\"yrotate\":\"0\",\"2d_rotation\":\"0\",\"pointer_events\":\"auto\",\"css_cursor\":\"pointer\",\"speed\":\"300\",\"easing\":\"power1.inOut\"}','{\"idle\":{\"letter-spacing\":\"1px\"},\"hover\":\"\"}','{\"color\":\"#ffffff\",\"color-transparency\":\"1\",\"font-size\":\"15px\",\"line-height\":\"15px\",\"font-weight\":\"600\",\"font-style\":\"normal\",\"font-family\":\"Raleway\",\"padding\":[\"13px\",\"35px\",\"13px\",\"35px\"],\"text-decoration\":\"none\",\"text-align\":\"left\",\"background-color\":\"#8bc027\",\"background-transparency\":\"1\",\"border-color\":\"#000000\",\"border-transparency\":\"0\",\"border-style\":\"solid\",\"border-width\":\"0\",\"border-radius\":[\"30px\",\"30px\",\"30px\",\"30px\"],\"z\":\"0\",\"skewx\":\"0\",\"skewy\":\"0\",\"scalex\":\"1\",\"scaley\":\"1\",\"opacity\":\"1\",\"xrotate\":\"0\",\"yrotate\":\"0\",\"2d_rotation\":\"0\",\"2d_origin_x\":\"50\",\"2d_origin_y\":\"50\",\"pers\":\"600\",\"corner_left\":\"nothing\",\"corner_right\":\"nothing\",\"parallax\":\"-\"}'),(105,'.tp-caption.Gym-Button-Light','{\"hover\":\"true\",\"type\":\"button\",\"version\":\"5.0\",\"translated\":\"5\"}','{\"color\":\"#ffffff\",\"color-transparency\":\"1\",\"text-decoration\":\"none\",\"background-color\":\"#72a800\",\"background-transparency\":\"0\",\"border-color\":\"#8bc027\",\"border-transparency\":\"1\",\"border-style\":\"solid\",\"border-width\":\"2px\",\"border-radius\":[\"30px\",\"30px\",\"30px\",\"30px\"],\"opacity\":\"1\",\"scalex\":\"1\",\"scaley\":\"1\",\"skewx\":\"0\",\"skewy\":\"0\",\"xrotate\":\"0\",\"yrotate\":\"0\",\"2d_rotation\":\"0\",\"pointer_events\":\"auto\",\"css_cursor\":\"pointer\",\"speed\":\"300\",\"easing\":\"power2.inOut\"}','{\"idle\":\"\",\"hover\":\"\"}','{\"color\":\"#ffffff\",\"color-transparency\":\"1\",\"font-size\":\"15px\",\"line-height\":\"15px\",\"font-weight\":\"600\",\"font-style\":\"normal\",\"font-family\":\"Raleway\",\"padding\":[\"12px\",\"35px\",\"12px\",\"35px\"],\"text-decoration\":\"none\",\"text-align\":\"left\",\"background-color\":\"transparent\",\"background-transparency\":\"0\",\"border-color\":\"#ffffff\",\"border-transparency\":\"0.25\",\"border-style\":\"solid\",\"border-width\":\"2px\",\"border-radius\":[\"30px\",\"30px\",\"30px\",\"30px\"],\"z\":\"0\",\"skewx\":\"0\",\"skewy\":\"0\",\"scalex\":\"1\",\"scaley\":\"1\",\"opacity\":\"1\",\"xrotate\":\"0\",\"yrotate\":\"0\",\"2d_rotation\":\"0\",\"2d_origin_x\":\"50\",\"2d_origin_y\":\"50\",\"pers\":\"600\",\"corner_left\":\"nothing\",\"corner_right\":\"nothing\",\"parallax\":\"-\"}'),(106,'.tp-caption.Sports-Button-Light','{\"hover\":\"true\",\"type\":\"button\",\"version\":\"5.0\",\"translated\":\"5\"}','{\"color\":\"#ffffff\",\"color-transparency\":\"1\",\"text-decoration\":\"none\",\"background-color\":\"#000000\",\"background-transparency\":\"0\",\"border-color\":\"#ffffff\",\"border-transparency\":\"1\",\"border-style\":\"solid\",\"border-width\":\"2\",\"border-radius\":[\"0px\",\"0px\",\"0px\",\"0px\"],\"opacity\":\"1\",\"scalex\":\"1\",\"scaley\":\"1\",\"skewx\":\"0\",\"skewy\":\"0\",\"xrotate\":\"0\",\"yrotate\":\"0\",\"2d_rotation\":\"0\",\"pointer_events\":\"auto\",\"css_cursor\":\"auto\",\"speed\":\"500\",\"easing\":\"none\"}','{\"idle\":{\"letter-spacing\":\"2px\"},\"hover\":\"\"}','{\"color\":\"#ffffff\",\"color-transparency\":\"1\",\"font-size\":\"17px\",\"line-height\":\"17px\",\"font-weight\":\"600\",\"font-style\":\"normal\",\"font-family\":\"Raleway\",\"padding\":[\"12px\",\"35px\",\"12px\",\"35px\"],\"text-decoration\":\"none\",\"text-align\":\"left\",\"background-color\":\"#000000\",\"background-transparency\":\"0\",\"border-color\":\"#ffffff\",\"border-transparency\":\"0.5\",\"border-style\":\"solid\",\"border-width\":\"2\",\"border-radius\":[\"0px\",\"0px\",\"0px\",\"0px\"],\"z\":\"0\",\"skewx\":\"0\",\"skewy\":\"0\",\"scalex\":\"1\",\"scaley\":\"1\",\"opacity\":\"1\",\"xrotate\":\"0\",\"yrotate\":\"0\",\"2d_rotation\":\"0\",\"2d_origin_x\":\"50\",\"2d_origin_y\":\"50\",\"pers\":\"600\",\"corner_left\":\"nothing\",\"corner_right\":\"nothing\",\"parallax\":\"-\"}'),(107,'.tp-caption.Sports-Button-Red','{\"hover\":\"true\",\"type\":\"button\",\"version\":\"5.0\",\"translated\":\"5\"}','{\"color\":\"#ffffff\",\"color-transparency\":\"1\",\"text-decoration\":\"none\",\"background-color\":\"#000000\",\"background-transparency\":\"1\",\"border-color\":\"#000000\",\"border-transparency\":\"1\",\"border-style\":\"solid\",\"border-width\":\"2\",\"border-radius\":[\"0px\",\"0px\",\"0px\",\"0px\"],\"opacity\":\"1\",\"scalex\":\"1\",\"scaley\":\"1\",\"skewx\":\"0\",\"skewy\":\"0\",\"xrotate\":\"0\",\"yrotate\":\"0\",\"2d_rotation\":\"0\",\"pointer_events\":\"auto\",\"css_cursor\":\"auto\",\"speed\":\"500\",\"easing\":\"none\"}','{\"idle\":{\"letter-spacing\":\"2px\"},\"hover\":\"\"}','{\"color\":\"#ffffff\",\"color-transparency\":\"1\",\"font-size\":\"17px\",\"line-height\":\"17px\",\"font-weight\":\"600\",\"font-style\":\"normal\",\"font-family\":\"Raleway\",\"padding\":[\"12px\",\"35px\",\"12px\",\"35px\"],\"text-decoration\":\"none\",\"text-align\":\"left\",\"background-color\":\"#db1c22\",\"background-transparency\":\"1\",\"border-color\":\"#db1c22\",\"border-transparency\":\"0\",\"border-style\":\"solid\",\"border-width\":\"2px\",\"border-radius\":[\"0px\",\"0px\",\"0px\",\"0px\"],\"z\":\"0\",\"skewx\":\"0\",\"skewy\":\"0\",\"scalex\":\"1\",\"scaley\":\"1\",\"opacity\":\"1\",\"xrotate\":\"0\",\"yrotate\":\"0\",\"2d_rotation\":\"0\",\"2d_origin_x\":\"50\",\"2d_origin_y\":\"50\",\"pers\":\"600\",\"corner_left\":\"nothing\",\"corner_right\":\"nothing\",\"parallax\":\"-\"}'),(108,'.tp-caption.Photography-Button','{\"hover\":\"true\",\"type\":\"button\",\"version\":\"5.0\",\"translated\":\"5\"}','{\"color\":\"#ffffff\",\"color-transparency\":\"1\",\"text-decoration\":\"none\",\"background-color\":\"#000000\",\"background-transparency\":\"0\",\"border-color\":\"#ffffff\",\"border-transparency\":\"1\",\"border-style\":\"solid\",\"border-width\":\"1px\",\"border-radius\":[\"30px\",\"30px\",\"30px\",\"30px\"],\"opacity\":\"1\",\"scalex\":\"1\",\"scaley\":\"1\",\"skewx\":\"0\",\"skewy\":\"0\",\"xrotate\":\"0\",\"yrotate\":\"0\",\"2d_rotation\":\"0\",\"pointer_events\":\"auto\",\"css_cursor\":\"auto\",\"speed\":\"300\",\"easing\":\"power3.out\"}','{\"idle\":{\"letter-spacing\":\"1px\"},\"hover\":\"\"}','{\"color\":\"#ffffff\",\"color-transparency\":\"1\",\"font-size\":\"15px\",\"line-height\":\"15px\",\"font-weight\":\"600\",\"font-style\":\"normal\",\"font-family\":\"Raleway\",\"padding\":[\"13px\",\"35px\",\"13px\",\"35px\"],\"text-decoration\":\"none\",\"text-align\":\"left\",\"background-color\":\"#000000\",\"background-transparency\":\"0\",\"border-color\":\"#ffffff\",\"border-transparency\":\"0.25\",\"border-style\":\"solid\",\"border-width\":\"1px\",\"border-radius\":[\"30px\",\"30px\",\"30px\",\"30px\"],\"z\":\"0\",\"skewx\":\"0\",\"skewy\":\"0\",\"scalex\":\"1\",\"scaley\":\"1\",\"opacity\":\"1\",\"xrotate\":\"0\",\"yrotate\":\"0\",\"2d_rotation\":\"0\",\"2d_origin_x\":\"50\",\"2d_origin_y\":\"50\",\"pers\":\"600\",\"corner_left\":\"nothing\",\"corner_right\":\"nothing\",\"parallax\":\"-\"}'),(109,'.tp-caption.Newspaper-Button-2','{\"hover\":\"true\",\"type\":\"button\",\"version\":\"5.0\",\"translated\":\"5\"}','{\"color\":\"#ffffff\",\"color-transparency\":\"1\",\"text-decoration\":\"none\",\"background-color\":\"#000000\",\"background-transparency\":\"0\",\"border-color\":\"#ffffff\",\"border-transparency\":\"1\",\"border-style\":\"solid\",\"border-width\":\"2\",\"border-radius\":[\"3px\",\"3px\",\"3px\",\"3px\"],\"opacity\":\"1\",\"scalex\":\"1\",\"scaley\":\"1\",\"skewx\":\"0\",\"skewy\":\"0\",\"xrotate\":\"0\",\"yrotate\":\"0\",\"2d_rotation\":\"0\",\"pointer_events\":\"auto\",\"css_cursor\":\"pointer\",\"speed\":\"300\",\"easing\":\"none\"}','{\"idle\":\"\",\"hover\":\"\"}','{\"color\":\"#ffffff\",\"color-transparency\":\"1\",\"font-size\":\"15px\",\"line-height\":\"15px\",\"font-weight\":\"900\",\"font-style\":\"normal\",\"font-family\":\"Roboto\",\"padding\":[\"10px\",\"30px\",\"10px\",\"30px\"],\"text-decoration\":\"none\",\"text-align\":\"left\",\"background-color\":\"#000000\",\"background-transparency\":\"0\",\"border-color\":\"#ffffff\",\"border-transparency\":\"0.5\",\"border-style\":\"solid\",\"border-width\":\"2\",\"border-radius\":[\"3px\",\"3px\",\"3px\",\"3px\"],\"z\":\"0\",\"skewx\":\"0\",\"skewy\":\"0\",\"scalex\":\"1\",\"scaley\":\"1\",\"opacity\":\"1\",\"xrotate\":\"0\",\"yrotate\":\"0\",\"2d_rotation\":\"0\",\"2d_origin_x\":\"50\",\"2d_origin_y\":\"50\",\"pers\":\"600\",\"corner_left\":\"nothing\",\"corner_right\":\"nothing\",\"parallax\":\"-\"}');

--
-- Table structure for table `wp6y_jobsrevslider_css_bkp`
--

CREATE TABLE `wp6y_jobsrevslider_css_bkp` (
  `id` int NOT NULL AUTO_INCREMENT,
  `handle` text COLLATE utf8mb4_unicode_520_ci NOT NULL,
  `settings` longtext COLLATE utf8mb4_unicode_520_ci,
  `hover` longtext COLLATE utf8mb4_unicode_520_ci,
  `advanced` longtext COLLATE utf8mb4_unicode_520_ci,
  `params` longtext COLLATE utf8mb4_unicode_520_ci NOT NULL,
  PRIMARY KEY (`id`),
  KEY `handle_index` (`handle`(64))
) ENGINE=MyISAM AUTO_INCREMENT=48 DEFAULT CHARSET=utf8mb4 COLLATE=utf8mb4_unicode_520_ci;

--
-- Dumping data for table `wp6y_jobsrevslider_css_bkp`
--

INSERT INTO `wp6y_jobsrevslider_css_bkp` VALUES (1,'.tp-caption.medium_grey',NULL,NULL,NULL,'{\"position\":\"absolute\",\"color\":\"#fff\",\"text-shadow\":\"0px 2px 5px rgba(0, 0, 0, 0.5)\",\"font-weight\":\"700\",\"font-size\":\"20px\",\"line-height\":\"20px\",\"font-family\":\"Arial\",\"padding\":\"2px 4px\",\"margin\":\"0px\",\"border-width\":\"0px\",\"border-style\":\"none\",\"background-color\":\"#888\",\"white-space\":\"nowrap\"}'),(2,'.tp-caption.small_text',NULL,NULL,NULL,'{\"position\":\"absolute\",\"color\":\"#fff\",\"text-shadow\":\"0px 2px 5px rgba(0, 0, 0, 0.5)\",\"font-weight\":\"700\",\"font-size\":\"14px\",\"line-height\":\"20px\",\"font-family\":\"Arial\",\"margin\":\"0px\",\"border-width\":\"0px\",\"border-style\":\"none\",\"white-space\":\"nowrap\"}'),(3,'.tp-caption.medium_text',NULL,NULL,NULL,'{\"position\":\"absolute\",\"color\":\"#fff\",\"text-shadow\":\"0px 2px 5px rgba(0, 0, 0, 0.5)\",\"font-weight\":\"700\",\"font-size\":\"20px\",\"line-height\":\"20px\",\"font-family\":\"Arial\",\"margin\":\"0px\",\"border-width\":\"0px\",\"border-style\":\"none\",\"white-space\":\"nowrap\"}'),(4,'.tp-caption.large_text',NULL,NULL,NULL,'{\"position\":\"absolute\",\"color\":\"#fff\",\"text-shadow\":\"0px 2px 5px rgba(0, 0, 0, 0.5)\",\"font-weight\":\"700\",\"font-size\":\"40px\",\"line-height\":\"40px\",\"font-family\":\"Arial\",\"margin\":\"0px\",\"border-width\":\"0px\",\"border-style\":\"none\",\"white-space\":\"nowrap\"}'),(5,'.tp-caption.very_large_text',NULL,NULL,NULL,'{\"position\":\"absolute\",\"color\":\"#fff\",\"text-shadow\":\"0px 2px 5px rgba(0, 0, 0, 0.5)\",\"font-weight\":\"700\",\"font-size\":\"60px\",\"line-height\":\"60px\",\"font-family\":\"Arial\",\"margin\":\"0px\",\"border-width\":\"0px\",\"border-style\":\"none\",\"white-space\":\"nowrap\",\"letter-spacing\":\"-2px\"}'),(6,'.tp-caption.very_big_white',NULL,NULL,NULL,'{\"position\":\"absolute\",\"color\":\"#fff\",\"text-shadow\":\"none\",\"font-weight\":\"800\",\"font-size\":\"60px\",\"line-height\":\"60px\",\"font-family\":\"Arial\",\"margin\":\"0px\",\"border-width\":\"0px\",\"border-style\":\"none\",\"white-space\":\"nowrap\",\"padding\":\"0px 4px\",\"padding-top\":\"1px\",\"background-color\":\"#000\"}'),(7,'.tp-caption.very_big_black',NULL,NULL,NULL,'{\"position\":\"absolute\",\"color\":\"#000\",\"text-shadow\":\"none\",\"font-weight\":\"700\",\"font-size\":\"60px\",\"line-height\":\"60px\",\"font-family\":\"Arial\",\"margin\":\"0px\",\"border-width\":\"0px\",\"border-style\":\"none\",\"white-space\":\"nowrap\",\"padding\":\"0px 4px\",\"padding-top\":\"1px\",\"background-color\":\"#fff\"}'),(8,'.tp-caption.modern_medium_fat',NULL,NULL,NULL,'{\"position\":\"absolute\",\"color\":\"#000\",\"text-shadow\":\"none\",\"font-weight\":\"800\",\"font-size\":\"24px\",\"line-height\":\"20px\",\"font-family\":\"\\\"Open Sans\\\", sans-serif\",\"margin\":\"0px\",\"border-width\":\"0px\",\"border-style\":\"none\",\"white-space\":\"nowrap\"}'),(9,'.tp-caption.modern_medium_fat_white',NULL,NULL,NULL,'{\"position\":\"absolute\",\"color\":\"#fff\",\"text-shadow\":\"none\",\"font-weight\":\"800\",\"font-size\":\"24px\",\"line-height\":\"20px\",\"font-family\":\"\\\"Open Sans\\\", sans-serif\",\"margin\":\"0px\",\"border-width\":\"0px\",\"border-style\":\"none\",\"white-space\":\"nowrap\"}'),(10,'.tp-caption.modern_medium_light',NULL,NULL,NULL,'{\"position\":\"absolute\",\"color\":\"#000\",\"text-shadow\":\"none\",\"font-weight\":\"300\",\"font-size\":\"24px\",\"line-height\":\"20px\",\"font-family\":\"\\\"Open Sans\\\", sans-serif\",\"margin\":\"0px\",\"border-width\":\"0px\",\"border-style\":\"none\",\"white-space\":\"nowrap\"}'),(11,'.tp-caption.modern_big_bluebg',NULL,NULL,NULL,'{\"position\":\"absolute\",\"color\":\"#fff\",\"text-shadow\":\"none\",\"font-weight\":\"800\",\"font-size\":\"30px\",\"line-height\":\"36px\",\"font-family\":\"\\\"Open Sans\\\", sans-serif\",\"padding\":\"3px 10px\",\"margin\":\"0px\",\"border-width\":\"0px\",\"border-style\":\"none\",\"background-color\":\"#4e5b6c\",\"letter-spacing\":\"0\"}'),(12,'.tp-caption.modern_big_redbg',NULL,NULL,NULL,'{\"position\":\"absolute\",\"color\":\"#fff\",\"text-shadow\":\"none\",\"font-weight\":\"300\",\"font-size\":\"30px\",\"line-height\":\"36px\",\"font-family\":\"\\\"Open Sans\\\", sans-serif\",\"padding\":\"3px 10px\",\"padding-top\":\"1px\",\"margin\":\"0px\",\"border-width\":\"0px\",\"border-style\":\"none\",\"background-color\":\"#de543e\",\"letter-spacing\":\"0\"}'),(13,'.tp-caption.modern_small_text_dark',NULL,NULL,NULL,'{\"position\":\"absolute\",\"color\":\"#555\",\"text-shadow\":\"none\",\"font-size\":\"14px\",\"line-height\":\"22px\",\"font-family\":\"Arial\",\"margin\":\"0px\",\"border-width\":\"0px\",\"border-style\":\"none\",\"white-space\":\"nowrap\"}'),(14,'.tp-caption.boxshadow',NULL,NULL,NULL,'{\"-moz-box-shadow\":\"0px 0px 20px rgba(0, 0, 0, 0.5)\",\"-webkit-box-shadow\":\"0px 0px 20px rgba(0, 0, 0, 0.5)\",\"box-shadow\":\"0px 0px 20px rgba(0, 0, 0, 0.5)\"}'),(15,'.tp-caption.black',NULL,NULL,NULL,'{\"color\":\"#000\",\"text-shadow\":\"none\"}'),(16,'.tp-caption.noshadow',NULL,NULL,NULL,'{\"text-shadow\":\"none\"}'),(17,'.tp-caption.thinheadline_dark',NULL,NULL,NULL,'{\"position\":\"absolute\",\"color\":\"rgba(0,0,0,0.85)\",\"text-shadow\":\"none\",\"font-weight\":\"300\",\"font-size\":\"30px\",\"line-height\":\"30px\",\"font-family\":\"\\\"Open Sans\\\"\",\"background-color\":\"transparent\"}'),(18,'.tp-caption.thintext_dark',NULL,NULL,NULL,'{\"position\":\"absolute\",\"color\":\"rgba(0,0,0,0.85)\",\"text-shadow\":\"none\",\"font-weight\":\"300\",\"font-size\":\"16px\",\"line-height\":\"26px\",\"font-family\":\"\\\"Open Sans\\\"\",\"background-color\":\"transparent\"}'),(19,'.tp-caption.largeblackbg',NULL,NULL,NULL,'{\"position\":\"absolute\",\"color\":\"#fff\",\"text-shadow\":\"none\",\"font-weight\":\"300\",\"font-size\":\"50px\",\"line-height\":\"70px\",\"font-family\":\"\\\"Open Sans\\\"\",\"background-color\":\"#000\",\"padding\":\"0px 20px\",\"-webkit-border-radius\":\"0px\",\"-moz-border-radius\":\"0px\",\"border-radius\":\"0px\"}'),(20,'.tp-caption.largepinkbg',NULL,NULL,NULL,'{\"position\":\"absolute\",\"color\":\"#fff\",\"text-shadow\":\"none\",\"font-weight\":\"300\",\"font-size\":\"50px\",\"line-height\":\"70px\",\"font-family\":\"\\\"Open Sans\\\"\",\"background-color\":\"#db4360\",\"padding\":\"0px 20px\",\"-webkit-border-radius\":\"0px\",\"-moz-border-radius\":\"0px\",\"border-radius\":\"0px\"}'),(21,'.tp-caption.largewhitebg',NULL,NULL,NULL,'{\"position\":\"absolute\",\"color\":\"#000\",\"text-shadow\":\"none\",\"font-weight\":\"300\",\"font-size\":\"50px\",\"line-height\":\"70px\",\"font-family\":\"\\\"Open Sans\\\"\",\"background-color\":\"#fff\",\"padding\":\"0px 20px\",\"-webkit-border-radius\":\"0px\",\"-moz-border-radius\":\"0px\",\"border-radius\":\"0px\"}'),(22,'.tp-caption.largegreenbg',NULL,NULL,NULL,'{\"position\":\"absolute\",\"color\":\"#fff\",\"text-shadow\":\"none\",\"font-weight\":\"300\",\"font-size\":\"50px\",\"line-height\":\"70px\",\"font-family\":\"\\\"Open Sans\\\"\",\"background-color\":\"#67ae73\",\"padding\":\"0px 20px\",\"-webkit-border-radius\":\"0px\",\"-moz-border-radius\":\"0px\",\"border-radius\":\"0px\"}'),(23,'.tp-caption.excerpt',NULL,NULL,NULL,'{\"font-size\":\"36px\",\"line-height\":\"36px\",\"font-weight\":\"700\",\"font-family\":\"Arial\",\"color\":\"#ffffff\",\"text-decoration\":\"none\",\"background-color\":\"rgba(0, 0, 0, 1)\",\"text-shadow\":\"none\",\"margin\":\"0px\",\"letter-spacing\":\"-1.5px\",\"padding\":\"1px 4px 0px 4px\",\"width\":\"150px\",\"white-space\":\"normal !important\",\"height\":\"auto\",\"border-width\":\"0px\",\"border-color\":\"rgb(255, 255, 255)\",\"border-style\":\"none\"}'),(24,'.tp-caption.large_bold_grey',NULL,NULL,NULL,'{\"font-size\":\"60px\",\"line-height\":\"60px\",\"font-weight\":\"800\",\"font-family\":\"\\\"Open Sans\\\"\",\"color\":\"rgb(102, 102, 102)\",\"text-decoration\":\"none\",\"background-color\":\"transparent\",\"text-shadow\":\"none\",\"margin\":\"0px\",\"padding\":\"1px 4px 0px\",\"border-width\":\"0px\",\"border-color\":\"rgb(255, 214, 88)\",\"border-style\":\"none\"}'),(25,'.tp-caption.medium_thin_grey',NULL,NULL,NULL,'{\"font-size\":\"34px\",\"line-height\":\"30px\",\"font-weight\":\"300\",\"font-family\":\"\\\"Open Sans\\\"\",\"color\":\"rgb(102, 102, 102)\",\"text-decoration\":\"none\",\"background-color\":\"transparent\",\"padding\":\"1px 4px 0px\",\"text-shadow\":\"none\",\"margin\":\"0px\",\"border-width\":\"0px\",\"border-color\":\"rgb(255, 214, 88)\",\"border-style\":\"none\"}'),(26,'.tp-caption.small_thin_grey',NULL,NULL,NULL,'{\"font-size\":\"18px\",\"line-height\":\"26px\",\"font-weight\":\"300\",\"font-family\":\"\\\"Open Sans\\\"\",\"color\":\"rgb(117, 117, 117)\",\"text-decoration\":\"none\",\"background-color\":\"transparent\",\"padding\":\"1px 4px 0px\",\"text-shadow\":\"none\",\"margin\":\"0px\",\"border-width\":\"0px\",\"border-color\":\"rgb(255, 214, 88)\",\"border-style\":\"none\"}'),(27,'.tp-caption.lightgrey_divider',NULL,NULL,NULL,'{\"text-decoration\":\"none\",\"background-color\":\"rgba(235, 235, 235, 1)\",\"width\":\"370px\",\"height\":\"3px\",\"background-position\":\"initial initial\",\"background-repeat\":\"initial initial\",\"border-width\":\"0px\",\"border-color\":\"rgb(34, 34, 34)\",\"border-style\":\"none\"}'),(28,'.tp-caption.large_bold_darkblue',NULL,NULL,NULL,'{\"font-size\":\"58px\",\"line-height\":\"60px\",\"font-weight\":\"800\",\"font-family\":\"\\\"Open Sans\\\"\",\"color\":\"rgb(52, 73, 94)\",\"text-decoration\":\"none\",\"background-color\":\"transparent\",\"border-width\":\"0px\",\"border-color\":\"rgb(255, 214, 88)\",\"border-style\":\"none\"}'),(29,'.tp-caption.medium_bg_darkblue',NULL,NULL,NULL,'{\"font-size\":\"20px\",\"line-height\":\"20px\",\"font-weight\":\"800\",\"font-family\":\"\\\"Open Sans\\\"\",\"color\":\"rgb(255, 255, 255)\",\"text-decoration\":\"none\",\"background-color\":\"rgb(52, 73, 94)\",\"padding\":\"10px\",\"border-width\":\"0px\",\"border-color\":\"rgb(255, 214, 88)\",\"border-style\":\"none\"}'),(30,'.tp-caption.medium_bold_red',NULL,NULL,NULL,'{\"font-size\":\"24px\",\"line-height\":\"30px\",\"font-weight\":\"800\",\"font-family\":\"\\\"Open Sans\\\"\",\"color\":\"rgb(227, 58, 12)\",\"text-decoration\":\"none\",\"background-color\":\"transparent\",\"padding\":\"0px\",\"border-width\":\"0px\",\"border-color\":\"rgb(255, 214, 88)\",\"border-style\":\"none\"}'),(31,'.tp-caption.medium_light_red',NULL,NULL,NULL,'{\"font-size\":\"21px\",\"line-height\":\"26px\",\"font-weight\":\"300\",\"font-family\":\"\\\"Open Sans\\\"\",\"color\":\"rgb(227, 58, 12)\",\"text-decoration\":\"none\",\"background-color\":\"transparent\",\"padding\":\"0px\",\"border-width\":\"0px\",\"border-color\":\"rgb(255, 214, 88)\",\"border-style\":\"none\"}'),(32,'.tp-caption.medium_bg_red',NULL,NULL,NULL,'{\"font-size\":\"20px\",\"line-height\":\"20px\",\"font-weight\":\"800\",\"font-family\":\"\\\"Open Sans\\\"\",\"color\":\"rgb(255, 255, 255)\",\"text-decoration\":\"none\",\"background-color\":\"rgb(227, 58, 12)\",\"padding\":\"10px\",\"border-width\":\"0px\",\"border-color\":\"rgb(255, 214, 88)\",\"border-style\":\"none\"}'),(33,'.tp-caption.medium_bold_orange',NULL,NULL,NULL,'{\"font-size\":\"24px\",\"line-height\":\"30px\",\"font-weight\":\"800\",\"font-family\":\"\\\"Open Sans\\\"\",\"color\":\"rgb(243, 156, 18)\",\"text-decoration\":\"none\",\"background-color\":\"transparent\",\"border-width\":\"0px\",\"border-color\":\"rgb(255, 214, 88)\",\"border-style\":\"none\"}'),(34,'.tp-caption.medium_bg_orange',NULL,NULL,NULL,'{\"font-size\":\"20px\",\"line-height\":\"20px\",\"font-weight\":\"800\",\"font-family\":\"\\\"Open Sans\\\"\",\"color\":\"rgb(255, 255, 255)\",\"text-decoration\":\"none\",\"background-color\":\"rgb(243, 156, 18)\",\"padding\":\"10px\",\"border-width\":\"0px\",\"border-color\":\"rgb(255, 214, 88)\",\"border-style\":\"none\"}'),(35,'.tp-caption.grassfloor',NULL,NULL,NULL,'{\"text-decoration\":\"none\",\"background-color\":\"rgba(160, 179, 151, 1)\",\"width\":\"4000px\",\"height\":\"150px\",\"border-width\":\"0px\",\"border-color\":\"rgb(34, 34, 34)\",\"border-style\":\"none\"}'),(36,'.tp-caption.large_bold_white',NULL,NULL,NULL,'{\"font-size\":\"58px\",\"line-height\":\"60px\",\"font-weight\":\"800\",\"font-family\":\"\\\"Open Sans\\\"\",\"color\":\"rgb(255, 255, 255)\",\"text-decoration\":\"none\",\"background-color\":\"transparent\",\"border-width\":\"0px\",\"border-color\":\"rgb(255, 214, 88)\",\"border-style\":\"none\"}'),(37,'.tp-caption.medium_light_white',NULL,NULL,NULL,'{\"font-size\":\"30px\",\"line-height\":\"36px\",\"font-weight\":\"300\",\"font-family\":\"\\\"Open Sans\\\"\",\"color\":\"rgb(255, 255, 255)\",\"text-decoration\":\"none\",\"background-color\":\"transparent\",\"padding\":\"0px\",\"border-width\":\"0px\",\"border-color\":\"rgb(255, 214, 88)\",\"border-style\":\"none\"}'),(38,'.tp-caption.mediumlarge_light_white',NULL,NULL,NULL,'{\"font-size\":\"34px\",\"line-height\":\"40px\",\"font-weight\":\"300\",\"font-family\":\"\\\"Open Sans\\\"\",\"color\":\"rgb(255, 255, 255)\",\"text-decoration\":\"none\",\"background-color\":\"transparent\",\"padding\":\"0px\",\"border-width\":\"0px\",\"border-color\":\"rgb(255, 214, 88)\",\"border-style\":\"none\"}'),(39,'.tp-caption.mediumlarge_light_white_center',NULL,NULL,NULL,'{\"font-size\":\"34px\",\"line-height\":\"40px\",\"font-weight\":\"300\",\"font-family\":\"\\\"Open Sans\\\"\",\"color\":\"#ffffff\",\"text-decoration\":\"none\",\"background-color\":\"transparent\",\"padding\":\"0px 0px 0px 0px\",\"text-align\":\"center\",\"border-width\":\"0px\",\"border-color\":\"rgb(255, 214, 88)\",\"border-style\":\"none\"}'),(40,'.tp-caption.medium_bg_asbestos',NULL,NULL,NULL,'{\"font-size\":\"20px\",\"line-height\":\"20px\",\"font-weight\":\"800\",\"font-family\":\"\\\"Open Sans\\\"\",\"color\":\"rgb(255, 255, 255)\",\"text-decoration\":\"none\",\"background-color\":\"rgb(127, 140, 141)\",\"padding\":\"10px\",\"border-width\":\"0px\",\"border-color\":\"rgb(255, 214, 88)\",\"border-style\":\"none\"}'),(41,'.tp-caption.medium_light_black',NULL,NULL,NULL,'{\"font-size\":\"30px\",\"line-height\":\"36px\",\"font-weight\":\"300\",\"font-family\":\"\\\"Open Sans\\\"\",\"color\":\"rgb(0, 0, 0)\",\"text-decoration\":\"none\",\"background-color\":\"transparent\",\"padding\":\"0px\",\"border-width\":\"0px\",\"border-color\":\"rgb(255, 214, 88)\",\"border-style\":\"none\"}'),(42,'.tp-caption.large_bold_black',NULL,NULL,NULL,'{\"font-size\":\"58px\",\"line-height\":\"60px\",\"font-weight\":\"800\",\"font-family\":\"\\\"Open Sans\\\"\",\"color\":\"rgb(0, 0, 0)\",\"text-decoration\":\"none\",\"background-color\":\"transparent\",\"border-width\":\"0px\",\"border-color\":\"rgb(255, 214, 88)\",\"border-style\":\"none\"}'),(43,'.tp-caption.mediumlarge_light_darkblue',NULL,NULL,NULL,'{\"font-size\":\"34px\",\"line-height\":\"40px\",\"font-weight\":\"300\",\"font-family\":\"\\\"Open Sans\\\"\",\"color\":\"rgb(52, 73, 94)\",\"text-decoration\":\"none\",\"background-color\":\"transparent\",\"padding\":\"0px\",\"border-width\":\"0px\",\"border-color\":\"rgb(255, 214, 88)\",\"border-style\":\"none\"}'),(44,'.tp-caption.small_light_white',NULL,NULL,NULL,'{\"font-size\":\"17px\",\"line-height\":\"28px\",\"font-weight\":\"300\",\"font-family\":\"\\\"Open Sans\\\"\",\"color\":\"rgb(255, 255, 255)\",\"text-decoration\":\"none\",\"background-color\":\"transparent\",\"padding\":\"0px\",\"border-width\":\"0px\",\"border-color\":\"rgb(255, 214, 88)\",\"border-style\":\"none\"}'),(45,'.tp-caption.roundedimage',NULL,NULL,NULL,'{\"border-width\":\"0px\",\"border-color\":\"rgb(34, 34, 34)\",\"border-style\":\"none\"}'),(46,'.tp-caption.large_bg_black',NULL,NULL,NULL,'{\"font-size\":\"40px\",\"line-height\":\"40px\",\"font-weight\":\"800\",\"font-family\":\"\\\"Open Sans\\\"\",\"color\":\"rgb(255, 255, 255)\",\"text-decoration\":\"none\",\"background-color\":\"rgb(0, 0, 0)\",\"padding\":\"10px 20px 15px\",\"border-width\":\"0px\",\"border-color\":\"rgb(255, 214, 88)\",\"border-style\":\"none\"}'),(47,'.tp-caption.mediumwhitebg',NULL,NULL,NULL,'{\"font-size\":\"30px\",\"line-height\":\"30px\",\"font-weight\":\"300\",\"font-family\":\"\\\"Open Sans\\\"\",\"color\":\"rgb(0, 0, 0)\",\"text-decoration\":\"none\",\"background-color\":\"rgb(255, 255, 255)\",\"padding\":\"5px 15px 10px\",\"text-shadow\":\"none\",\"border-width\":\"0px\",\"border-color\":\"rgb(0, 0, 0)\",\"border-style\":\"none\"}');

--
-- Table structure for table `wp6y_jobsrevslider_layer_animations`
--

CREATE TABLE `wp6y_jobsrevslider_layer_animations` (
  `id` int NOT NULL AUTO_INCREMENT,
  `handle` text COLLATE utf8mb4_unicode_520_ci NOT NULL,
  `params` text COLLATE utf8mb4_unicode_520_ci NOT NULL,
  `settings` text COLLATE utf8mb4_unicode_520_ci,
  PRIMARY KEY (`id`)
) ENGINE=MyISAM DEFAULT CHARSET=utf8mb4 COLLATE=utf8mb4_unicode_520_ci;

--
-- Dumping data for table `wp6y_jobsrevslider_layer_animations`
--


--
-- Table structure for table `wp6y_jobsrevslider_layer_animations_bkp`
--

CREATE TABLE `wp6y_jobsrevslider_layer_animations_bkp` (
  `id` int NOT NULL AUTO_INCREMENT,
  `handle` text COLLATE utf8mb4_unicode_520_ci NOT NULL,
  `params` text COLLATE utf8mb4_unicode_520_ci NOT NULL,
  `settings` text COLLATE utf8mb4_unicode_520_ci,
  PRIMARY KEY (`id`)
) ENGINE=MyISAM DEFAULT CHARSET=utf8mb4 COLLATE=utf8mb4_unicode_520_ci;

--
-- Dumping data for table `wp6y_jobsrevslider_layer_animations_bkp`
--


--
-- Table structure for table `wp6y_jobsrevslider_navigations`
--

CREATE TABLE `wp6y_jobsrevslider_navigations` (
  `id` int NOT NULL AUTO_INCREMENT,
  `name` varchar(191) COLLATE utf8mb4_unicode_520_ci NOT NULL,
  `handle` varchar(191) COLLATE utf8mb4_unicode_520_ci NOT NULL,
  `type` varchar(191) COLLATE utf8mb4_unicode_520_ci NOT NULL,
  `css` longtext COLLATE utf8mb4_unicode_520_ci NOT NULL,
  `markup` longtext COLLATE utf8mb4_unicode_520_ci NOT NULL,
  `settings` longtext COLLATE utf8mb4_unicode_520_ci,
  PRIMARY KEY (`id`)
) ENGINE=MyISAM DEFAULT CHARSET=utf8mb4 COLLATE=utf8mb4_unicode_520_ci;

--
-- Dumping data for table `wp6y_jobsrevslider_navigations`
--


--
-- Table structure for table `wp6y_jobsrevslider_navigations_bkp`
--

CREATE TABLE `wp6y_jobsrevslider_navigations_bkp` (
  `id` int NOT NULL AUTO_INCREMENT,
  `name` varchar(191) COLLATE utf8mb4_unicode_520_ci NOT NULL,
  `handle` varchar(191) COLLATE utf8mb4_unicode_520_ci NOT NULL,
  `type` varchar(191) COLLATE utf8mb4_unicode_520_ci NOT NULL,
  `css` longtext COLLATE utf8mb4_unicode_520_ci NOT NULL,
  `markup` longtext COLLATE utf8mb4_unicode_520_ci NOT NULL,
  `settings` longtext COLLATE utf8mb4_unicode_520_ci,
  PRIMARY KEY (`id`)
) ENGINE=MyISAM DEFAULT CHARSET=utf8mb4 COLLATE=utf8mb4_unicode_520_ci;

--
-- Dumping data for table `wp6y_jobsrevslider_navigations_bkp`
--


--
-- Table structure for table `wp6y_jobsrevslider_sliders`
--

CREATE TABLE `wp6y_jobsrevslider_sliders` (
  `id` int NOT NULL AUTO_INCREMENT,
  `title` tinytext COLLATE utf8mb4_unicode_520_ci NOT NULL,
  `alias` tinytext COLLATE utf8mb4_unicode_520_ci,
  `params` longtext COLLATE utf8mb4_unicode_520_ci NOT NULL,
  `settings` text COLLATE utf8mb4_unicode_520_ci,
  `type` varchar(191) COLLATE utf8mb4_unicode_520_ci NOT NULL DEFAULT '',
  PRIMARY KEY (`id`),
  KEY `type_index` (`type`(8))
) ENGINE=MyISAM AUTO_INCREMENT=2 DEFAULT CHARSET=utf8mb4 COLLATE=utf8mb4_unicode_520_ci;

--
-- Dumping data for table `wp6y_jobsrevslider_sliders`
--

INSERT INTO `wp6y_jobsrevslider_sliders` VALUES (1,'Slider 1','slider-1','{\"version\":\"6.6.0\"}','{\"version\":\"6.6.0\"}','');

--
-- Table structure for table `wp6y_jobsrevslider_sliders_bkp`
--

CREATE TABLE `wp6y_jobsrevslider_sliders_bkp` (
  `id` int NOT NULL AUTO_INCREMENT,
  `title` tinytext COLLATE utf8mb4_unicode_520_ci NOT NULL,
  `alias` tinytext COLLATE utf8mb4_unicode_520_ci,
  `params` longtext COLLATE utf8mb4_unicode_520_ci NOT NULL,
  `settings` text COLLATE utf8mb4_unicode_520_ci,
  `type` varchar(191) COLLATE utf8mb4_unicode_520_ci NOT NULL DEFAULT '',
  PRIMARY KEY (`id`),
  KEY `type_index` (`type`(8))
) ENGINE=MyISAM DEFAULT CHARSET=utf8mb4 COLLATE=utf8mb4_unicode_520_ci;

--
-- Dumping data for table `wp6y_jobsrevslider_sliders_bkp`
--


--
-- Table structure for table `wp6y_jobsrevslider_slides`
--

CREATE TABLE `wp6y_jobsrevslider_slides` (
  `id` int NOT NULL AUTO_INCREMENT,
  `slider_id` int NOT NULL,
  `slide_order` int NOT NULL,
  `params` longtext COLLATE utf8mb4_unicode_520_ci NOT NULL,
  `layers` longtext COLLATE utf8mb4_unicode_520_ci NOT NULL,
  `settings` text COLLATE utf8mb4_unicode_520_ci NOT NULL,
  PRIMARY KEY (`id`),
  KEY `slider_id_index` (`slider_id`)
) ENGINE=MyISAM AUTO_INCREMENT=2 DEFAULT CHARSET=utf8mb4 COLLATE=utf8mb4_unicode_520_ci;

--
-- Dumping data for table `wp6y_jobsrevslider_slides`
--

INSERT INTO `wp6y_jobsrevslider_slides` VALUES (1,1,1,'{\"version\":\"6.6.0\",\"slideChange\":{\"adpr\":false}}','','{\"version\":\"6.6.0\"}');

--
-- Table structure for table `wp6y_jobsrevslider_slides_bkp`
--

CREATE TABLE `wp6y_jobsrevslider_slides_bkp` (
  `id` int NOT NULL AUTO_INCREMENT,
  `slider_id` int NOT NULL,
  `slide_order` int NOT NULL,
  `params` longtext COLLATE utf8mb4_unicode_520_ci NOT NULL,
  `layers` longtext COLLATE utf8mb4_unicode_520_ci NOT NULL,
  `settings` text COLLATE utf8mb4_unicode_520_ci NOT NULL,
  PRIMARY KEY (`id`),
  KEY `slider_id_index` (`slider_id`)
) ENGINE=MyISAM DEFAULT CHARSET=utf8mb4 COLLATE=utf8mb4_unicode_520_ci;

--
-- Dumping data for table `wp6y_jobsrevslider_slides_bkp`
--


--
-- Table structure for table `wp6y_jobsrevslider_static_slides`
--

CREATE TABLE `wp6y_jobsrevslider_static_slides` (
  `id` int NOT NULL AUTO_INCREMENT,
  `slider_id` int NOT NULL,
  `params` longtext COLLATE utf8mb4_unicode_520_ci NOT NULL,
  `layers` longtext COLLATE utf8mb4_unicode_520_ci NOT NULL,
  `settings` text COLLATE utf8mb4_unicode_520_ci NOT NULL,
  PRIMARY KEY (`id`),
  KEY `slider_id_index` (`slider_id`)
) ENGINE=MyISAM AUTO_INCREMENT=2 DEFAULT CHARSET=utf8mb4 COLLATE=utf8mb4_unicode_520_ci;

--
-- Dumping data for table `wp6y_jobsrevslider_static_slides`
--

INSERT INTO `wp6y_jobsrevslider_static_slides` VALUES (1,1,'{\"version\":\"6.6.0\",\"slideChange\":{\"adpr\":false}}','','{\"version\":\"6.6.0\"}');

--
-- Table structure for table `wp6y_jobsrevslider_static_slides_bkp`
--

CREATE TABLE `wp6y_jobsrevslider_static_slides_bkp` (
  `id` int NOT NULL AUTO_INCREMENT,
  `slider_id` int NOT NULL,
  `params` longtext COLLATE utf8mb4_unicode_520_ci NOT NULL,
  `layers` longtext COLLATE utf8mb4_unicode_520_ci NOT NULL,
  `settings` text COLLATE utf8mb4_unicode_520_ci NOT NULL,
  PRIMARY KEY (`id`),
  KEY `slider_id_index` (`slider_id`)
) ENGINE=MyISAM DEFAULT CHARSET=utf8mb4 COLLATE=utf8mb4_unicode_520_ci;

--
-- Dumping data for table `wp6y_jobsrevslider_static_slides_bkp`
--


--
-- Table structure for table `wp6y_jobsterm_relationships`
--

CREATE TABLE `wp6y_jobsterm_relationships` (
  `object_id` bigint unsigned NOT NULL DEFAULT '0',
  `term_taxonomy_id` bigint unsigned NOT NULL DEFAULT '0',
  `term_order` int NOT NULL DEFAULT '0',
  PRIMARY KEY (`object_id`,`term_taxonomy_id`),
  KEY `term_taxonomy_id` (`term_taxonomy_id`)
) ENGINE=MyISAM DEFAULT CHARSET=utf8mb4 COLLATE=utf8mb4_unicode_520_ci;

--
-- Dumping data for table `wp6y_jobsterm_relationships`
--

INSERT INTO `wp6y_jobsterm_relationships` VALUES (8258,66,0),(7,2,0),(8,3,0),(9,3,0),(10,4,0),(11,5,0),(12,6,0),(13,3,0),(14,6,0),(15,5,0),(16,4,0),(17,4,0),(18,4,0),(19,4,0),(20,4,0),(21,5,0),(22,6,0),(23,6,0),(24,5,0),(25,2,0),(26,2,0),(27,6,0),(28,7,0),(7535,2,0),(7536,3,0),(7537,4,0),(7538,5,0),(7539,6,0),(7540,3,0),(7541,6,0),(7542,5,0),(7543,4,0),(7544,4,0),(7545,4,0),(8053,2,0),(8054,3,0),(8055,3,0),(8056,4,0),(8057,5,0),(8058,6,0),(8059,3,0),(8060,6,0),(8061,5,0),(8062,4,0),(8063,4,0),(8064,4,0),(8065,4,0),(7546,4,0),(7547,4,0),(7548,5,0),(7549,5,0),(7550,2,0),(7551,2,0),(7552,7,0),(8066,4,0),(8067,5,0),(8068,6,0),(8069,6,0),(8070,5,0),(8071,2,0),(8072,2,0),(8073,7,0),(166,42,0),(166,43,0),(352,39,0),(352,54,0),(353,39,0),(353,56,0),(354,39,0),(354,55,0),(355,40,0),(355,43,0),(356,40,0),(356,43,0),(357,39,0),(357,43,0),(358,42,0),(358,43,0),(359,52,0),(359,53,0),(360,57,0),(360,58,0),(361,51,0),(361,59,0),(362,50,0),(362,59,0),(363,40,0),(363,48,0),(364,39,0),(364,45,0),(365,41,0),(365,42,0),(366,38,0),(366,52,0),(367,37,0),(367,52,0),(368,36,0),(368,58,0),(369,35,0),(369,59,0),(370,34,0),(370,59,0),(371,43,0),(371,58,0),(372,37,0),(372,58,0),(373,38,0),(373,42,0),(374,37,0),(374,42,0),(375,36,0),(375,52,0),(376,35,0),(376,52,0),(377,34,0),(377,42,0),(378,40,0),(378,43,0),(379,40,0),(379,56,0),(380,40,0),(380,50,0),(381,51,0),(381,58,0),(382,57,0),(382,59,0),(383,48,0),(383,52,0),(384,40,0),(384,45,0),(385,41,0),(385,42,0),(386,38,0),(386,39,0),(387,37,0),(387,59,0),(388,36,0),(388,58,0),(1446,42,0),(1446,46,0),(1447,39,0),(1447,44,0),(1448,39,0),(1448,46,0),(1449,39,0),(1449,47,0),(1450,40,0),(1450,49,0),(8259,66,0),(9618,67,0),(9614,67,0),(8260,66,0),(8261,66,0),(8262,66,0),(8263,66,0),(8264,66,0),(8265,66,0),(8266,66,0),(8267,66,0),(8268,66,0),(8269,66,0),(8270,66,0),(8271,66,0),(8272,66,0),(8273,66,0),(8274,66,0),(8275,66,0),(8276,66,0),(8277,66,0),(8278,64,0),(8279,66,0),(8280,66,0),(8281,66,0),(8282,66,0),(8283,66,0),(8284,66,0),(8285,66,0),(8286,66,0),(8287,66,0),(8288,66,0),(8289,66,0),(8290,66,0),(8291,66,0),(8292,66,0),(8293,65,0),(8294,65,0),(8295,65,0),(8296,65,0),(8297,65,0),(8298,65,0),(8299,65,0),(8300,65,0),(8301,65,0),(8302,65,0),(8303,65,0),(8304,66,0),(8305,66,0),(8306,66,0),(8307,66,0),(8308,66,0),(8309,66,0),(8310,66,0),(8311,66,0),(8312,66,0),(8313,66,0),(8314,66,0),(8315,66,0),(8316,66,0),(8317,66,0),(8318,62,0),(8319,62,0),(8320,62,0),(8321,63,0),(8322,63,0),(8323,63,0),(8324,63,0),(8325,64,0),(8326,61,0),(8327,61,0),(8328,61,0),(8329,66,0),(8330,66,0),(8331,66,0),(8332,66,0),(8333,66,0),(8334,66,0),(8335,66,0),(8336,66,0),(8337,66,0),(8338,66,0),(8340,61,0),(8341,61,0),(8342,64,0),(8343,64,0),(8344,60,0),(8345,60,0),(8346,60,0),(8347,60,0),(8348,60,0),(8349,60,0),(8614,66,0),(8615,66,0),(8616,66,0),(8617,66,0),(8618,66,0),(8619,66,0),(8620,66,0),(8621,66,0),(8622,66,0),(8623,66,0),(8624,66,0),(8625,66,0),(8626,66,0),(8627,66,0),(8628,66,0),(8629,66,0),(8630,66,0),(8631,66,0),(8632,66,0),(8633,66,0),(8634,64,0),(8635,66,0),(8636,66,0),(8637,66,0),(8638,66,0),(8639,66,0),(8640,66,0),(8641,66,0),(8642,66,0),(8643,66,0),(8644,66,0),(8645,66,0),(8646,66,0),(8647,66,0),(8648,66,0),(8649,65,0),(8650,65,0),(8651,65,0),(8652,65,0),(8653,65,0),(8654,65,0),(8655,65,0),(8656,65,0),(8657,65,0),(8658,65,0),(8659,65,0),(8660,66,0),(8661,66,0),(8662,66,0),(8663,66,0),(8664,66,0),(8665,66,0),(8666,66,0),(8667,66,0),(8668,66,0),(8669,66,0),(8670,66,0),(8671,66,0),(8672,66,0),(8673,66,0),(8674,62,0),(8675,62,0),(8676,62,0),(8677,63,0),(8678,63,0),(8679,63,0),(8680,63,0),(8681,64,0),(8682,61,0),(8683,61,0),(8684,61,0),(8685,66,0),(8686,66,0),(8687,66,0),(8688,66,0),(8689,66,0),(8690,66,0),(8691,66,0),(8692,66,0),(8693,66,0),(8694,66,0),(8696,61,0),(8697,61,0),(8698,64,0),(8699,64,0),(8700,60,0),(8701,60,0),(8702,60,0),(8703,60,0),(8704,60,0),(8705,60,0),(9685,67,0),(9044,67,0),(9045,67,0),(9208,69,0),(9207,69,0),(9206,69,0),(9143,67,0),(9323,92,0);

--
-- Table structure for table `wp6y_jobsterm_taxonomy`
--

CREATE TABLE `wp6y_jobsterm_taxonomy` (
  `term_taxonomy_id` bigint unsigned NOT NULL AUTO_INCREMENT,
  `term_id` bigint unsigned NOT NULL DEFAULT '0',
  `taxonomy` varchar(32) COLLATE utf8mb4_unicode_520_ci NOT NULL DEFAULT '',
  `description` longtext COLLATE utf8mb4_unicode_520_ci NOT NULL,
  `parent` bigint unsigned NOT NULL DEFAULT '0',
  `count` bigint NOT NULL DEFAULT '0',
  PRIMARY KEY (`term_taxonomy_id`),
  UNIQUE KEY `term_id_taxonomy` (`term_id`,`taxonomy`),
  KEY `taxonomy` (`taxonomy`)
) ENGINE=MyISAM AUTO_INCREMENT=99 DEFAULT CHARSET=utf8mb4 COLLATE=utf8mb4_unicode_520_ci;

--
-- Dumping data for table `wp6y_jobsterm_taxonomy`
--

INSERT INTO `wp6y_jobsterm_taxonomy` VALUES (1,1,'category','',0,0),(2,2,'email_template_group','',0,9),(3,3,'email_template_group','',0,8),(4,4,'email_template_group','',0,18),(5,5,'email_template_group','',0,12),(6,6,'email_template_group','',0,11),(7,7,'email_template_group','',0,3),(8,8,'product_type','',0,0),(9,9,'product_type','',0,0),(10,10,'product_type','',0,0),(11,11,'product_type','',0,0),(12,12,'product_visibility','',0,0),(13,13,'product_visibility','',0,0),(14,14,'product_visibility','',0,0),(15,15,'product_visibility','',0,0),(16,16,'product_visibility','',0,0),(17,17,'product_visibility','',0,0),(18,18,'product_visibility','',0,0),(19,19,'product_visibility','',0,0),(20,20,'product_visibility','',0,0),(21,21,'product_cat','',0,0),(22,22,'category','',0,0),(23,23,'category','',0,0),(24,24,'category','',0,0),(25,25,'category','',0,0),(26,26,'category','',0,0),(27,27,'post_tag','',0,0),(28,28,'post_tag','',0,0),(29,29,'post_tag','',0,0),(30,30,'post_tag','',0,0),(31,31,'post_tag','',0,0),(32,32,'post_tag','',0,0),(33,33,'post_tag','',0,0),(34,34,'specialisms','',0,2),(35,35,'specialisms','',0,2),(36,36,'specialisms','',0,3),(37,37,'specialisms','',0,4),(38,38,'specialisms','',0,3),(39,39,'job_type','',0,9),(40,40,'job_type','',0,8),(41,41,'specialisms','',0,2),(42,42,'job_type','',0,8),(43,43,'specialisms','',0,7),(44,44,'specialisms','',0,1),(45,45,'specialisms','',0,2),(46,46,'specialisms','',0,2),(47,47,'specialisms','',0,1),(48,48,'specialisms','',0,2),(49,49,'specialisms','',0,1),(50,50,'specialisms','',0,2),(51,51,'specialisms','',0,2),(52,52,'job_type','',0,6),(53,53,'specialisms','',0,1),(54,54,'specialisms','',0,1),(55,55,'specialisms','',0,1),(56,56,'specialisms','',0,2),(57,57,'specialisms','',0,2),(58,58,'job_type','',0,6),(59,59,'job_type','',0,6),(60,60,'nav_menu','',0,12),(61,61,'nav_menu','',0,10),(62,62,'nav_menu','',0,6),(63,63,'nav_menu','',0,8),(64,64,'nav_menu','',0,8),(65,65,'nav_menu','',0,22),(66,66,'nav_menu','',0,116),(67,67,'nav_menu','',0,6),(69,69,'nav_menu','',0,3),(70,70,'qmn_log_type','',0,0),(71,71,'qmn_log_type','',0,0),(81,81,'qsm_category','',0,0),(80,80,'qsm_category','',0,0),(77,77,'qsm_category','',0,0),(78,78,'qsm_category','',0,0),(79,79,'qsm_category','',0,0),(82,82,'qsm_category','',0,0),(83,83,'qsm_category','',0,0),(84,84,'qsm_category','',0,0),(85,85,'qsm_category','',0,0),(86,86,'qsm_category','',0,0),(87,87,'qsm_category','',0,0),(88,88,'qsm_category','',0,0),(89,89,'qsm_category','',0,0),(90,90,'qsm_category','',0,0),(91,91,'qsm_category','',0,0),(92,92,'elementor_library_type','',0,1),(93,93,'qsm_category','',0,0),(94,94,'qsm_category','',0,0),(95,95,'qsm_category','',0,0),(96,96,'qsm_category','',0,0),(97,97,'qsm_category','',0,0),(98,98,'qsm_category','',0,0);

--
-- Table structure for table `wp6y_jobstermmeta`
--

CREATE TABLE `wp6y_jobstermmeta` (
  `meta_id` bigint unsigned NOT NULL AUTO_INCREMENT,
  `term_id` bigint unsigned NOT NULL DEFAULT '0',
  `meta_key` varchar(255) COLLATE utf8mb4_unicode_520_ci DEFAULT NULL,
  `meta_value` longtext COLLATE utf8mb4_unicode_520_ci,
  PRIMARY KEY (`meta_id`),
  KEY `term_id` (`term_id`),
  KEY `meta_key` (`meta_key`(191))
) ENGINE=MyISAM AUTO_INCREMENT=17 DEFAULT CHARSET=utf8mb4 COLLATE=utf8mb4_unicode_520_ci;

--
-- Dumping data for table `wp6y_jobstermmeta`
--

INSERT INTO `wp6y_jobstermmeta` VALUES (1,34,'spec_meta_data','a:1:{s:3:\"img\";s:71:\"https://cynosurejobs.net/wp-content/uploads/2022/06/cetagories-img1.png\";}'),(2,35,'spec_meta_data','a:1:{s:3:\"img\";s:71:\"https://cynosurejobs.net/wp-content/uploads/2022/06/cetagories-img2.png\";}'),(3,36,'spec_meta_data','a:1:{s:3:\"img\";s:71:\"https://cynosurejobs.net/wp-content/uploads/2022/06/cetagories-img3.png\";}'),(4,37,'spec_meta_data','a:1:{s:3:\"img\";s:71:\"https://cynosurejobs.net/wp-content/uploads/2022/06/cetagories-img4.png\";}'),(5,38,'spec_meta_data','a:1:{s:3:\"img\";s:71:\"https://cynosurejobs.net/wp-content/uploads/2022/06/cetagories-img5.png\";}'),(6,41,'spec_meta_data','a:1:{s:3:\"img\";s:71:\"https://cynosurejobs.net/wp-content/uploads/2022/06/cetagories-img6.png\";}'),(7,43,'spec_meta_data','a:1:{s:3:\"img\";s:71:\"https://cynosurejobs.net/wp-content/uploads/2022/06/cetagories-img7.png\";}'),(8,44,'spec_meta_data','a:1:{s:3:\"img\";s:71:\"https://cynosurejobs.net/wp-content/uploads/2022/06/cetagories-img8.png\";}'),(9,45,'spec_meta_data','a:1:{s:3:\"img\";s:71:\"https://cynosurejobs.net/wp-content/uploads/2022/06/cetagories-img9.png\";}'),(10,46,'spec_meta_data','a:1:{s:3:\"img\";s:83:\"https://cynosurejobs.net/wp-content/uploads/2022/06/2017/01/category-list-img18.png\";}'),(11,47,'spec_meta_data','a:1:{s:3:\"img\";s:83:\"https://cynosurejobs.net/wp-content/uploads/2022/06/2017/01/category-list-img10.png\";}'),(12,48,'spec_meta_data','a:1:{s:3:\"img\";s:72:\"https://cynosurejobs.net/wp-content/uploads/2022/06/cetagories-img10.png\";}'),(13,49,'spec_meta_data','a:1:{s:3:\"img\";s:83:\"https://cynosurejobs.net/wp-content/uploads/2022/06/2017/01/category-list-img15.png\";}'),(14,50,'spec_meta_data','a:1:{s:3:\"img\";s:72:\"https://cynosurejobs.net/wp-content/uploads/2022/06/cetagories-img11.png\";}'),(15,51,'spec_meta_data','a:1:{s:3:\"img\";s:83:\"https://cynosurejobs.net/wp-content/uploads/2022/06/2017/01/category-list-img13.png\";}'),(16,53,'spec_meta_data','a:1:{s:3:\"img\";s:72:\"https://cynosurejobs.net/wp-content/uploads/2022/06/cetagories-img12.png\";}');

--
-- Table structure for table `wp6y_jobsterms`
--

CREATE TABLE `wp6y_jobsterms` (
  `term_id` bigint unsigned NOT NULL AUTO_INCREMENT,
  `name` varchar(200) COLLATE utf8mb4_unicode_520_ci NOT NULL DEFAULT '',
  `slug` varchar(200) COLLATE utf8mb4_unicode_520_ci NOT NULL DEFAULT '',
  `term_group` bigint NOT NULL DEFAULT '0',
  PRIMARY KEY (`term_id`),
  KEY `slug` (`slug`(191)),
  KEY `name` (`name`(191))
) ENGINE=MyISAM AUTO_INCREMENT=99 DEFAULT CHARSET=utf8mb4 COLLATE=utf8mb4_unicode_520_ci;

--
-- Dumping data for table `wp6y_jobsterms`
--

INSERT INTO `wp6y_jobsterms` VALUES (1,'Uncategorized','uncategorized',0),(2,'Register','register',0),(3,'Notification','notification',0),(4,'Job','job',0),(5,'Employer','employer',0),(6,'Candidate','candidate',0),(7,'job alert','job-alert',0),(8,'simple','simple',0),(9,'grouped','grouped',0),(10,'variable','variable',0),(11,'external','external',0),(12,'exclude-from-search','exclude-from-search',0),(13,'exclude-from-catalog','exclude-from-catalog',0),(14,'featured','featured',0),(15,'outofstock','outofstock',0),(16,'rated-1','rated-1',0),(17,'rated-2','rated-2',0),(18,'rated-3','rated-3',0),(19,'rated-4','rated-4',0),(20,'rated-5','rated-5',0),(21,'Uncategorized','uncategorized',0),(22,'Education','education',0),(23,'Information','information',0),(24,'jobs','jobs',0),(25,'Learn','learn',0),(26,'Skill','skill',0),(27,'Career','career',0),(28,'College','college',0),(29,'Freedom','freedom',0),(30,'Job','job',0),(31,'Jobs Land','jobs-land',0),(32,'Search','search',0),(33,'Teacher','teacher',0),(34,'Accountancy','accountancy',0),(35,'Banking','banking',0),(36,'Charity &amp; Voluntary','charity-voluntary',0),(37,'Digital &amp; Creative','digital-creative',0),(38,'Estate Agency','estate-agency',0),(39,'Freelance','freelance',0),(40,'Full Time','full-time',0),(41,'Graduate','graduate',0),(42,'Internship','internship',0),(43,'IT Contractor','it-contractor',0),(44,'Legal jobs','legal-jobs',0),(45,'Leisure &amp; Tourism','leisure-tourism',0),(46,'Leisure &amp; Tourism jobs','leisure-tourism-jobs',0),(47,'Manufacturing jobs','manufacturing-jobs',0),(48,'Marketing &amp; PR','marketing-pr',0),(49,'Marketing &amp; PR jobs','marketing-pr-jobs',0),(50,'Media','media',0),(51,'Motoring &amp; Automotive','motoring-automotive',0),(52,'Part Time','part-time',0),(53,'Public Sector','public-sector',0),(54,'Purchase Ledger Clerk','purchase-ledger-clerk',0),(55,'Purchasing','purchasing',0),(56,'Retail','retail',0),(57,'Sales &amp; Marketing','sales-marketing',0),(58,'Temporary','temporary',0),(59,'Volunteer','volunteer',0),(60,'FREQUENTLY ASKED QUESTIONS','frequently-asked-questions',0),(61,'NextJob About Us','nextjob-about-us',0),(62,'NextJob Blog Sidebar Menu','nextjob-blog-sidebar-menu',0),(63,'NextJob Candidates','nextjob-candidates',0),(64,'NextJob Employers','nextjob-employers',0),(65,'NextJob Frequently Asked Questions','nextjob-frequently-asked-questions',0),(66,'NextJob Main Menu','nextjob-main-menu',0),(67,'CynosureMenu','cynosuremenu',0),(69,'CynosureFooter','cynosurefooter',0),(70,'error','error',0),(71,'event','event',0),(79,'Number Series','number_series',0),(77,'Aptitude','aptitude',0),(78,'Verbal','verbal',0),(80,'Letter Series','letter_series',0),(81,'Analogy','analogy',0),(82,'Vocabulary','vocabulary',0),(83,'Directions','directions',0),(84,'Cubes','cubes',0),(85,'Clocks &amp; Calendars','clocks-calendars',0),(86,'Numbers','numbers',0),(87,'Code','code',0),(88,'Mixtures','mixtures',0),(89,'Syllogism','syllogism',0),(90,'Time&amp;Distance','timedistance',0),(91,'Logical Reasoning','logical-reasoning',0),(92,'page','page',0),(93,'Demo','demo',0),(94,'Basic Maths','basic-maths',0),(95,'HR - Basic Maths','hr-basic-maths',0),(96,'HR - Logical Reasoning','hr-logical-reasoning',0),(97,'HR - Vocabulary','hr-vocabulary',0),(98,'HR - Computer','hr-computer',0);

--
-- Table structure for table `wp6y_jobsusermeta`
--

CREATE TABLE `wp6y_jobsusermeta` (
  `umeta_id` bigint unsigned NOT NULL AUTO_INCREMENT,
  `user_id` bigint unsigned NOT NULL DEFAULT '0',
  `meta_key` varchar(255) COLLATE utf8mb4_unicode_520_ci DEFAULT NULL,
  `meta_value` longtext COLLATE utf8mb4_unicode_520_ci,
  PRIMARY KEY (`umeta_id`),
  KEY `user_id` (`user_id`),
  KEY `meta_key` (`meta_key`(191))
) ENGINE=MyISAM AUTO_INCREMENT=9738 DEFAULT CHARSET=utf8mb4 COLLATE=utf8mb4_unicode_520_ci;

--
-- Dumping data for table `wp6y_jobsusermeta`
--

INSERT INTO `wp6y_jobsusermeta` VALUES (1,1,'nickname','admin'),(2,1,'first_name',''),(3,1,'last_name',''),(4,1,'description',''),(5,1,'rich_editing','true'),(6,1,'syntax_highlighting','true'),(7,1,'comment_shortcuts','false'),(8,1,'admin_color','fresh'),(9,1,'use_ssl','0'),(10,1,'show_admin_bar_front','true'),(11,1,'locale',''),(12,1,'wp6y_jobscapabilities','a:1:{s:13:\"administrator\";b:1;}'),(13,1,'wp6y_jobsuser_level','10'),(14,1,'dismissed_wp_pointers',''),(15,1,'show_welcome_panel','0'),(9715,1,'session_tokens','a:8:{s:64:\"9280ed63ccb9dfcda2640a94dd22e67c232d7e14e7a1312b6f8e721558fd44cf\";a:4:{s:10:\"expiration\";i:1712837559;s:2:\"ip\";s:14:\"223.178.82.188\";s:2:\"ua\";s:111:\"Mozilla/5.0 (Windows NT 10.0; Win64; x64) AppleWebKit/537.36 (KHTML, like Gecko) Chrome/123.0.0.0 Safari/537.36\";s:5:\"login\";i:1712664759;}s:64:\"caa9d4ba98ec669ad65575fdfaed53f96fecedee5f4e7aecdbd0c34a0b39118a\";a:4:{s:10:\"expiration\";i:1712837670;s:2:\"ip\";s:14:\"223.178.82.188\";s:2:\"ua\";s:111:\"Mozilla/5.0 (Windows NT 10.0; Win64; x64) AppleWebKit/537.36 (KHTML, like Gecko) Chrome/123.0.0.0 Safari/537.36\";s:5:\"login\";i:1712664870;}s:64:\"f3dbf412d95151d8b5b229ba8017dff6e4c2009a9ceb05f8bffa3b0abeab7a9c\";a:4:{s:10:\"expiration\";i:1712839047;s:2:\"ip\";s:14:\"223.178.82.188\";s:2:\"ua\";s:111:\"Mozilla/5.0 (Windows NT 10.0; Win64; x64) AppleWebKit/537.36 (KHTML, like Gecko) Chrome/123.0.0.0 Safari/537.36\";s:5:\"login\";i:1712666247;}s:64:\"bf668ffcf13aaca837a8d46d4e20c28375de4b6b58b75ccc91961337cd44edb3\";a:4:{s:10:\"expiration\";i:1712839493;s:2:\"ip\";s:14:\"223.178.82.188\";s:2:\"ua\";s:125:\"Mozilla/5.0 (Windows NT 10.0; Win64; x64) AppleWebKit/537.36 (KHTML, like Gecko) Chrome/123.0.0.0 Safari/537.36 Edg/123.0.0.0\";s:5:\"login\";i:1712666693;}s:64:\"df434c3f9ca5422986c1c502174b132afe13e4035e50e8c8911eccd5ad2247b2\";a:4:{s:10:\"expiration\";i:1712839717;s:2:\"ip\";s:14:\"223.178.82.188\";s:2:\"ua\";s:125:\"Mozilla/5.0 (Windows NT 10.0; Win64; x64) AppleWebKit/537.36 (KHTML, like Gecko) Chrome/123.0.0.0 Safari/537.36 Edg/123.0.0.0\";s:5:\"login\";i:1712666917;}s:64:\"ad144245ba0ff8da26c166d82c98b575e9ed3a2e6516e255c03d3ed83e2770b1\";a:4:{s:10:\"expiration\";i:1712840095;s:2:\"ip\";s:14:\"223.178.82.188\";s:2:\"ua\";s:111:\"Mozilla/5.0 (Windows NT 10.0; Win64; x64) AppleWebKit/537.36 (KHTML, like Gecko) Chrome/123.0.0.0 Safari/537.36\";s:5:\"login\";i:1712667295;}s:64:\"1e78a000beda9c1f585e844ee3f9e25eb42973e4463649b8905171ec52b3eea4\";a:4:{s:10:\"expiration\";i:1712896998;s:2:\"ip\";s:14:\"223.178.82.188\";s:2:\"ua\";s:111:\"Mozilla/5.0 (Windows NT 10.0; Win64; x64) AppleWebKit/537.36 (KHTML, like Gecko) Chrome/123.0.0.0 Safari/537.36\";s:5:\"login\";i:1712724198;}s:64:\"b579f4a46f594c79443569a3009899fa3888dd49a218e1dde3e3ce446459490a\";a:4:{s:10:\"expiration\";i:1712982355;s:2:\"ip\";s:14:\"223.178.82.188\";s:2:\"ua\";s:111:\"Mozilla/5.0 (Windows NT 10.0; Win64; x64) AppleWebKit/537.36 (KHTML, like Gecko) Chrome/123.0.0.0 Safari/537.36\";s:5:\"login\";i:1712809555;}}'),(9543,66,'last_update','1677496232'),(9544,66,'default_password_nag',''),(9556,66,'cs_job_title',''),(9557,66,'cs_user_status','active'),(9558,66,'cs_allow_search','yes'),(9523,1,'user_last_login','1695111218'),(9525,1,'_woocommerce_persistent_cart_1','a:1:{s:4:\"cart\";a:0:{}}'),(9533,1,'elementor_introduction','a:4:{s:7:\"exit_to\";b:1;s:27:\"ai-get-started-announcement\";b:1;s:14:\"ai_get_started\";b:1;s:6:\"e-apps\";b:1;}'),(9534,1,'meta-box-order_product','a:3:{s:4:\"side\";s:84:\"submitdiv,postimagediv,woocommerce-product-images,product_catdiv,tagsdiv-product_tag\";s:6:\"normal\";s:55:\"woocommerce-product-data,postcustom,slugdiv,postexcerpt\";s:8:\"advanced\";s:0:\"\";}'),(17,1,'wp6y_jobsuser-settings','libraryContent=browse&ampeditor=tinymce&amphidetb=1&ampedit_element_vcUIPanelWidth=650&ampedit_element_vcUIPanelLeft=713px&ampedit_element_vcUIPanelTop=0px&amppost_settings_vcUIPanelWidth=650&amppost_settings_vcUIPanelLeft=800px&amppost_settings_vcUIPanelTop=74px&ampwpt_result_tab=pop&ampelementor_library_category_tab=pop&editor=tinymce&hidetb=1&editor_plain_text_paste_warning=1&posts_list_mode=list&unfold=1&mfold=o'),(18,1,'wp6y_jobsuser-settings-time','1657208161'),(19,1,'wp6y_jobsdashboard_quick_press_last_post_id','9765'),(20,1,'community-events-location','a:1:{s:2:\"ip\";s:12:\"210.18.133.0\";}'),(21,1,'wc_last_active','1712793600'),(9517,66,'community-events-location','a:1:{s:2:\"ip\";s:12:\"210.18.133.0\";}'),(9520,1,'qsm_show_disabled_contact_fields','false'),(9488,1,'closedpostboxes_page','a:1:{i:0;s:9:\"submitdiv\";}'),(9489,1,'metaboxhidden_page','a:5:{i:0;s:10:\"postcustom\";i:1;s:16:\"commentstatusdiv\";i:2;s:11:\"commentsdiv\";i:3;s:7:\"slugdiv\";i:4;s:9:\"authordiv\";}'),(9490,1,'wp6y_jobselementor_connect_common_data','a:7:{s:9:\"client_id\";s:32:\"m9btOCQp0PCnrij2gp2PLtClDPM63Ofe\";s:11:\"auth_secret\";s:32:\"xH3LD14vz3Pv4UIsiPRJbRcJVRpLD73I\";s:12:\"access_token\";s:292:\"eyJhbGciOiJIUzI1NiIsInR5cCI6IkpXVCJ9.eyJzdWIiOjEyNDI4NzMsImF1ZCI6Imh0dHBzOi8vY3lub3N1cmVqb2JzLm5ldC8iLCJjbGllbnRfaWQiOiJtOWJ0T0NRcDBQQ25yaWoyZ3AyUEx0Q2xEUE02M09mZSIsImNvbm5lY3RfdHlwZSI6ImFjdGl2YXRlIiwiaWF0IjoxNjgxNDU2MjY3LCJleHAiOjMxNzIyNTg5ODY2N30.pI4tnLS2t8ieVh-eKeWijNC-UeDhlLWkaI6e3MgLYNU\";s:19:\"access_token_secret\";s:32:\"cU6qVW9DqsrpkFZnqQmLyJViuoQQENxU\";s:10:\"token_type\";s:6:\"bearer\";s:4:\"user\";O:8:\"stdClass\":1:{s:5:\"email\";s:22:\"vijay@cynosurejobs.com\";}s:19:\"data_share_opted_in\";b:1;}'),(9491,1,'_woocommerce_tracks_anon_id','woo:1ood+z5dFI9TtLUmSr9Uq3dm'),(9492,1,'nav_menu_recently_edited','67'),(9493,1,'managenav-menuscolumnshidden','a:5:{i:0;s:11:\"link-target\";i:1;s:11:\"css-classes\";i:2;s:3:\"xfn\";i:3;s:11:\"description\";i:4;s:15:\"title-attribute\";}'),(9494,1,'metaboxhidden_nav-menus','a:7:{i:0;s:28:\"add-post-type-e-landing-page\";i:1;s:18:\"add-post-type-jobs\";i:2;s:21:\"add-post-type-product\";i:3;s:12:\"add-post_tag\";i:4;s:24:\"add-email_template_group\";i:5;s:15:\"add-product_cat\";i:6;s:15:\"add-product_tag\";}'),(9495,66,'nickname','naomi'),(9496,66,'first_name','Naomi'),(9497,66,'last_name','N'),(9498,66,'description',''),(9499,66,'rich_editing','true'),(9500,66,'syntax_highlighting','true'),(9501,66,'comment_shortcuts','false'),(9502,66,'admin_color','fresh'),(9503,66,'use_ssl','0'),(9504,66,'show_admin_bar_front','true'),(9505,66,'locale',''),(9506,66,'wp6y_jobscapabilities','a:1:{s:6:\"editor\";b:1;}'),(9507,66,'wp6y_jobsuser_level','7'),(9508,66,'dismissed_wp_pointers',''),(9510,66,'user_last_login','1691810621'),(9511,66,'wc_last_active','1691798400'),(9514,66,'_woocommerce_persistent_cart_1','a:1:{s:4:\"cart\";a:0:{}}'),(9513,66,'_woocommerce_tracks_anon_id','woo:LztWG7v/A3GkS55s24XVl5g2'),(9515,66,'wp6y_jobsdashboard_quick_press_last_post_id','9748'),(9522,1,'last_update','1709887036'),(9559,66,'cs_minimum_salary',''),(9549,1,'nonce_validation_notification','1'),(9560,66,'cs_trans_id',''),(9547,66,'meta-box-order_product','a:3:{s:4:\"side\";s:84:\"submitdiv,postimagediv,woocommerce-product-images,product_catdiv,tagsdiv-product_tag\";s:6:\"normal\";s:55:\"woocommerce-product-data,postcustom,slugdiv,postexcerpt\";s:8:\"advanced\";s:0:\"\";}'),(9554,66,'user_img',''),(9555,66,'cover_user_img',''),(9561,66,'cs_facebook',''),(9562,66,'cs_twitter',''),(9563,66,'cs_linkedin',''),(9564,66,'cs_phone_number',''),(9565,66,'cs_award_name_pop',''),(9566,66,'cs_award_year_pop','27-02-2023 11:05:00'),(9567,66,'cs_award_desc_pop',''),(9568,66,'cs_image_title',''),(9569,66,'cs_skill_title',''),(9570,66,'cs_skill_percentage',''),(9571,66,'cs_edu_title',''),(9572,66,'cs_edu_from_date','27-02-2023'),(9573,66,'cs_edu_to_date','27-02-2023'),(9574,66,'cs_edu_institute',''),(9575,66,'cs_edu_desc',''),(9576,66,'cs_exp_title',''),(9577,66,'cs_exp_from_date','27-02-2023'),(9578,66,'cs_exp_to_date','27-02-2023'),(9579,66,'cs_exp_company',''),(9580,66,'cs_exp_desc',''),(9581,66,'cs_cover_letter',''),(9582,66,'cs_candidate_cv',''),(9583,66,'cs_array_data','a:27:{s:12:\"cs_job_title\";s:0:\"\";s:14:\"cs_user_status\";s:6:\"active\";s:15:\"cs_allow_search\";s:3:\"yes\";s:17:\"cs_minimum_salary\";s:0:\"\";s:11:\"cs_trans_id\";s:0:\"\";s:11:\"cs_facebook\";s:0:\"\";s:10:\"cs_twitter\";s:0:\"\";s:11:\"cs_linkedin\";s:0:\"\";s:15:\"cs_phone_number\";s:0:\"\";s:17:\"cs_award_name_pop\";s:0:\"\";s:17:\"cs_award_year_pop\";s:19:\"27-02-2023 11:05:00\";s:17:\"cs_award_desc_pop\";s:0:\"\";s:14:\"cs_image_title\";s:0:\"\";s:14:\"cs_skill_title\";s:0:\"\";s:19:\"cs_skill_percentage\";s:0:\"\";s:12:\"cs_edu_title\";s:0:\"\";s:16:\"cs_edu_from_date\";s:10:\"27-02-2023\";s:14:\"cs_edu_to_date\";s:10:\"27-02-2023\";s:16:\"cs_edu_institute\";s:0:\"\";s:11:\"cs_edu_desc\";s:0:\"\";s:12:\"cs_exp_title\";s:0:\"\";s:16:\"cs_exp_from_date\";s:10:\"27-02-2023\";s:14:\"cs_exp_to_date\";s:10:\"27-02-2023\";s:14:\"cs_exp_company\";s:0:\"\";s:11:\"cs_exp_desc\";s:0:\"\";s:15:\"cs_cover_letter\";s:0:\"\";s:15:\"cs_candidate_cv\";s:0:\"\";}'),(9584,66,'billing_first_name','Naomi'),(9585,66,'billing_last_name','N'),(9586,66,'billing_company',''),(9587,66,'billing_address_1',''),(9588,66,'billing_address_2',''),(9589,66,'billing_city',''),(9590,66,'billing_postcode',''),(9591,66,'billing_country',''),(9592,66,'billing_state',''),(9593,66,'billing_phone',''),(9594,66,'billing_email','corp4@cynosurejobs.com'),(9595,66,'shipping_first_name',''),(9596,66,'shipping_last_name',''),(9597,66,'shipping_company',''),(9598,66,'shipping_address_1',''),(9599,66,'shipping_address_2',''),(9600,66,'shipping_city',''),(9601,66,'shipping_postcode',''),(9602,66,'shipping_country',''),(9603,66,'shipping_state',''),(9604,66,'shipping_phone',''),(9637,1,'announcements_user_counter','1'),(9607,66,'nonce_validation_notification','1'),(9681,1,'wp6y_jobsgooglesitekit_survey_timeouts','a:1:{s:14:\"view_dashboard\";i:1686984211;}'),(9682,1,'wp6y_jobsgooglesitekitpersistent_dismissed_items','a:1:{s:19:\"adsense-connect-cta\";i:0;}'),(9672,1,'wp6y_jobsgooglesitekit_access_token','IeczQ545bNGzfWjJxGV5X3Bad2VkQzNxQXluNElLYnJBaWh1TGlqbThHUEVma3lBYmJIVlZwaS91Um5ERlNKU1pUT29qUzBBV1NFTVV0ZEZ5bW5ZaFp1T2VsRDhhMER2dEppSmNqQjhxUTVydlJnSVhTU1Q5M2UrWlZvaHBRTVE4NXpldDlFK2RrWjdoMC9PZXlibDZQTWpjcmhLaWZRMWhkVEpHYzZhZXVvRTBXcmxHcDhSS3Fpa2NJL0o1MnFzVFh4LzRkNnVmOXBpUjB2bnl3elZCUGM3eE9FUy9xOU0zYmw0MVpPRjg2QXMyM2FIcmhHSjR0dlpvUjJvWWFYVTdiYmF6cFNKUUw1WXpBMEd1T2xCTkFuY1VKVmp5RDFON2lsbFU3OXF3bHkwTkZ2U2ZQdGNsZVFjZVd0OHNWaGpPV0VzY0xEem85ZEo3WVhxbXlqSHdMRXlBd09CaVFITG5WWE5UcTRqaGJUTWRPS1VmcFRCeWhPemc1bjZBL24zL1dWSlJKbDZLTnN6'),(9609,66,'wp6y_jobsuser-settings','editor=tinymce&hidetb=0&libraryContent=browse'),(9610,66,'wp6y_jobsuser-settings-time','1681380767'),(9616,66,'qsm_show_disabled_contact_fields','false'),(9676,1,'wp6y_jobsgooglesitekit_auth_scopes','a:6:{i:0;s:6:\"openid\";i:1;s:48:\"https://www.googleapis.com/auth/userinfo.profile\";i:2;s:46:\"https://www.googleapis.com/auth/userinfo.email\";i:3;s:50:\"https://www.googleapis.com/auth/analytics.readonly\";i:4;s:48:\"https://www.googleapis.com/auth/siteverification\";i:5;s:42:\"https://www.googleapis.com/auth/webmasters\";}'),(9696,66,'session_tokens','a:3:{s:64:\"82337e9b6645e3585e7385804f3de4415eb422964cdcd6495effc3630873a122\";a:4:{s:10:\"expiration\";i:1691818545;s:2:\"ip\";s:13:\"210.18.133.62\";s:2:\"ua\";s:111:\"Mozilla/5.0 (Windows NT 10.0; Win64; x64) AppleWebKit/537.36 (KHTML, like Gecko) Chrome/115.0.0.0 Safari/537.36\";s:5:\"login\";i:1691645745;}s:64:\"5ca47206e3a20699f1343b9c91226a718c1796826a9d377bba8974147826fa46\";a:4:{s:10:\"expiration\";i:1691895403;s:2:\"ip\";s:13:\"210.18.133.62\";s:2:\"ua\";s:111:\"Mozilla/5.0 (Windows NT 10.0; Win64; x64) AppleWebKit/537.36 (KHTML, like Gecko) Chrome/115.0.0.0 Safari/537.36\";s:5:\"login\";i:1691722603;}s:64:\"83b0b3d9f5ada230681bb18168d998c501ec354730c8664bd050388177e0998c\";a:4:{s:10:\"expiration\";i:1691983421;s:2:\"ip\";s:13:\"210.18.133.62\";s:2:\"ua\";s:111:\"Mozilla/5.0 (Windows NT 10.0; Win64; x64) AppleWebKit/537.36 (KHTML, like Gecko) Chrome/115.0.0.0 Safari/537.36\";s:5:\"login\";i:1691810621;}}'),(9686,1,'elementor_admin_notices','a:1:{s:21:\"elementor_dev_promote\";s:4:\"true\";}'),(9673,1,'wp6y_jobsgooglesitekit_access_token_expires_in','3599'),(9674,1,'wp6y_jobsgooglesitekit_access_token_created_at','1712814217'),(9675,1,'wp6y_jobsgooglesitekit_refresh_token','3tryuw2Y4udprQbPkF/VEW5LdWhudUdNMUFQR0tnR2FQSDZUSTNFVGVqL2NyaW5HRDNBNndWa3J6Ti9IYVhaTnFBdmJIVDJTZTFaT1lwMUt5V3BOREN4WlI0NjZmdHpwNjVrUnBQYWRmRDJTREtHbDB6UE5ZTE1KTGxkRC93YlBjZ3lpc3RlUWxDKzNBZVRUM0ZvZVhvZnFCZWF2R0dmQkIxeEVxbnY3SVdWNDNWa2s5Z0FhTmFINHZoOHZxQ2hhek10dUlPaC9NQ0Nxd2xtRFMrekxGWjNZcm9VRVFya0VlTXhWQ0lralRpNjN1MWtmUVlJT1RNc2VKbzRuSFpXaE4xeW9pRmtPSzZpdVV4d2NvcktMWEVYbitQTitoYnRRRDVuM0pKdWlwRVBDQjFHbFk0d0J6ZUdIeUtVdEZKanFObDdFckMyZjFZL1REZWU0'),(9677,1,'wp6y_jobsgooglesitekit_additional_auth_scopes','a:0:{}'),(9678,1,'wp6y_jobsgooglesitekit_profile','a:4:{s:5:\"email\";s:22:\"vijay@cynosurejobs.com\";s:5:\"photo\";s:97:\"https://lh3.googleusercontent.com/a/ACg8ocKQzVGj7HislUnzohrIs_T3WKfc-GNv_hWFIK7MUS6mEUB3wJvG=s100\";s:9:\"full_name\";s:28:\"Cynosure Corporate Solutions\";s:12:\"last_updated\";i:1712814217;}'),(9679,1,'wp6y_jobsgooglesitekitpersistent_initial_version','1.101.0'),(9680,1,'wp6y_jobsgooglesitekit_site_verified_meta','verified');

--
-- Table structure for table `wp6y_jobsusers`
--

CREATE TABLE `wp6y_jobsusers` (
  `ID` bigint unsigned NOT NULL AUTO_INCREMENT,
  `user_login` varchar(60) COLLATE utf8mb4_unicode_520_ci NOT NULL DEFAULT '',
  `user_pass` varchar(255) COLLATE utf8mb4_unicode_520_ci NOT NULL DEFAULT '',
  `user_nicename` varchar(50) COLLATE utf8mb4_unicode_520_ci NOT NULL DEFAULT '',
  `user_email` varchar(100) COLLATE utf8mb4_unicode_520_ci NOT NULL DEFAULT '',
  `user_url` varchar(100) COLLATE utf8mb4_unicode_520_ci NOT NULL DEFAULT '',
  `user_registered` datetime NOT NULL DEFAULT '0000-00-00 00:00:00',
  `user_activation_key` varchar(255) COLLATE utf8mb4_unicode_520_ci NOT NULL DEFAULT '',
  `user_status` int NOT NULL DEFAULT '0',
  `display_name` varchar(250) COLLATE utf8mb4_unicode_520_ci NOT NULL DEFAULT '',
  PRIMARY KEY (`ID`),
  KEY `user_login_key` (`user_login`),
  KEY `user_nicename` (`user_nicename`),
  KEY `user_email` (`user_email`)
) ENGINE=MyISAM AUTO_INCREMENT=67 DEFAULT CHARSET=utf8mb4 COLLATE=utf8mb4_unicode_520_ci;

--
-- Dumping data for table `wp6y_jobsusers`
--

INSERT INTO `wp6y_jobsusers` VALUES (1,'admin','$P$B3odms7yHGXGVM3hfocqUV273HaqNs0','admin','vijay@cynosurejobs.com','https://cynosurejobs.net','2022-06-08 12:02:28','',0,'admin'),(66,'naomi','$P$BwBMxI6GQg/vS0jad/Fk2UpEB6F/mW1','naomi-n','corp4@cynosurejobs.com','http://www.cynosurejobs.net','2022-06-30 09:37:21','1677496232:$P$BJ134k2dXWXw3M3m99atOpu9trO/LK0',0,'Naomi N');

--
-- Table structure for table `wp6y_jobswc_admin_note_actions`
--

CREATE TABLE `wp6y_jobswc_admin_note_actions` (
  `action_id` bigint unsigned NOT NULL AUTO_INCREMENT,
  `note_id` bigint unsigned NOT NULL,
  `name` varchar(255) COLLATE utf8mb4_unicode_520_ci NOT NULL,
  `label` varchar(255) COLLATE utf8mb4_unicode_520_ci NOT NULL,
  `query` longtext COLLATE utf8mb4_unicode_520_ci NOT NULL,
  `status` varchar(255) COLLATE utf8mb4_unicode_520_ci NOT NULL,
  `actioned_text` varchar(255) COLLATE utf8mb4_unicode_520_ci NOT NULL,
  `nonce_action` varchar(255) COLLATE utf8mb4_unicode_520_ci DEFAULT NULL,
  `nonce_name` varchar(255) COLLATE utf8mb4_unicode_520_ci DEFAULT NULL,
  PRIMARY KEY (`action_id`),
  KEY `note_id` (`note_id`)
) ENGINE=MyISAM AUTO_INCREMENT=47043 DEFAULT CHARSET=utf8mb4 COLLATE=utf8mb4_unicode_520_ci;

--
-- Dumping data for table `wp6y_jobswc_admin_note_actions`
--

INSERT INTO `wp6y_jobswc_admin_note_actions` VALUES (1,1,'notify-refund-returns-page','Edit page','https://cynosurejobs.net/wp-admin/post.php?post=34&action=edit','actioned','',NULL,NULL),(2,2,'connect','Connect','?page=wc-addons&section=helper','unactioned','',NULL,NULL),(21326,3,'browse_extensions','Browse extensions','https://cynosurejobs.net/wp-admin/admin.php?page=wc-addons','unactioned','',NULL,NULL),(46953,4,'wayflyer_bnpl_q4_2021','Level up with funding','https://woocommerce.com/products/wayflyer/?utm_source=inbox_note&utm_medium=product&utm_campaign=wayflyer_bnpl_q4_2021','actioned','',NULL,NULL),(46954,5,'wc_shipping_mobile_app_usps_q4_2021','Get WooCommerce Shipping','https://woocommerce.com/woocommerce-shipping/?utm_source=inbox_note&utm_medium=product&utm_campaign=wc_shipping_mobile_app_usps_q4_2021','actioned','',NULL,NULL),(5760,6,'wc_shipping_mobile_app_q4_2021','Get the WooCommerce Mobile App','https://woocommerce.com/mobile/?utm_source=inbox_note&utm_medium=product&utm_campaign=wc_shipping_mobile_app_q4_2021','actioned','',NULL,NULL),(5761,7,'set-up-concierge','Schedule free session','https://wordpress.com/me/concierge','actioned','',NULL,NULL),(46955,8,'learn-more','Learn more','https://docs.woocommerce.com/document/woocommerce-shipping-and-tax/?utm_source=inbox','unactioned','',NULL,NULL),(5763,9,'learn-more-ecomm-unique-shopping-experience','Learn more','https://docs.woocommerce.com/document/product-add-ons/?utm_source=inbox','actioned','',NULL,NULL),(5764,10,'watch-the-webinar','Watch the webinar','https://youtu.be/V_2XtCOyZ7o','actioned','',NULL,NULL),(46956,11,'learn-more','Learn more','https://woocommerce.com/posts/ecommerce-shipping-solutions-guide/?utm_source=inbox_note&utm_medium=product&utm_campaign=learn-more','actioned','',NULL,NULL),(46957,12,'optimizing-the-checkout-flow','Learn more','https://woocommerce.com/posts/optimizing-woocommerce-checkout?utm_source=inbox_note&utm_medium=product&utm_campaign=optimizing-the-checkout-flow','actioned','',NULL,NULL),(5767,13,'learn-more','Learn more','https://woocommerce.com/posts/first-things-customize-woocommerce/?utm_source=inbox_note&utm_medium=product&utm_campaign=learn-more','unactioned','',NULL,NULL),(46958,14,'qualitative-feedback-from-new-users','Share feedback','https://automattic.survey.fm/wc-pay-new','actioned','',NULL,NULL),(46959,15,'share-feedback','Share feedback','http://automattic.survey.fm/paypal-feedback','unactioned','',NULL,NULL),(46960,16,'get-started','Get started','https://woocommerce.com/products/google-listings-and-ads?utm_source=inbox_note&utm_medium=product&utm_campaign=get-started','actioned','',NULL,NULL),(46961,17,'update-wc-subscriptions-3-0-15','View latest version','https://cynosurejobs.net/wp-admin/&page=wc-addons&section=helper','actioned','',NULL,NULL),(46962,18,'update-wc-core-5-4-0','How to update WooCommerce','https://docs.woocommerce.com/document/how-to-update-woocommerce/','actioned','',NULL,NULL),(46963,21,'ppxo-pps-install-paypal-payments-1','View upgrade guide','https://docs.woocommerce.com/document/woocommerce-paypal-payments/paypal-payments-upgrade-guide/','actioned','',NULL,NULL),(46964,22,'ppxo-pps-install-paypal-payments-2','View upgrade guide','https://docs.woocommerce.com/document/woocommerce-paypal-payments/paypal-payments-upgrade-guide/','actioned','',NULL,NULL),(46966,23,'dismiss','Dismiss','','actioned','',NULL,NULL),(46968,24,'dismiss','Dismiss','','actioned','',NULL,NULL),(46970,25,'dismiss','Dismiss','','actioned','',NULL,NULL),(46972,26,'dismiss','Dismiss','','actioned','',NULL,NULL),(46973,27,'share-feedback','Share feedback','https://automattic.survey.fm/store-management','unactioned','',NULL,NULL),(8619,28,'share-navigation-survey-feedback','Share feedback','https://automattic.survey.fm/feedback-on-woocommerce-navigation','actioned','',NULL,NULL),(46974,29,'learn-more','Learn more','https://developer.woocommerce.com/2022/03/10/woocommerce-3-5-10-6-3-1-security-releases/','unactioned','',NULL,NULL),(46975,29,'woocommerce-core-paypal-march-2022-dismiss','Dismiss','','actioned','',NULL,NULL),(46977,30,'dismiss','Dismiss','','actioned','',NULL,NULL),(46978,31,'pinterest_03_2022_update','Update Instructions','https://woocommerce.com/document/pinterest-for-woocommerce/?utm_source=inbox_note&utm_medium=product&utm_campaign=pinterest_03_2022_update#section-3','actioned','',NULL,NULL),(2440,32,'setup_task_initiative_survey_q2_2022_share_your_input','Share your input','https://t.maze.co/87390007','actioned','',NULL,NULL),(46979,33,'store_setup_survey_survey_q2_2022_share_your_thoughts','Tell us how it’s going','https://automattic.survey.fm/store-setup-survey-2022','actioned','',NULL,NULL),(1094,34,'wc-admin-EU-consumer-protection','Learn more about these changes','https://ec.europa.eu/info/law/law-topic/consumer-protection-law/review-eu-consumer-law_en#guidance','actioned','',NULL,NULL),(39,35,'visit-the-theme-marketplace','Visit the theme marketplace','https://woocommerce.com/product-category/themes/?utm_source=inbox&utm_medium=product','actioned','',NULL,NULL),(40,36,'affirm-insight-first-product-and-payment','Yes','','actioned','Thanks for your feedback',NULL,NULL),(41,36,'affirm-insight-first-product-and-payment','No','','actioned','Thanks for your feedback',NULL,NULL),(42,37,'enable-navigation','Enable in Settings','https://cynosurejobs.net/wp-admin/admin.php?page=wc-settings&tab=advanced&section=features','actioned','',NULL,NULL),(43,38,'add-store-details','Add store details','https://cynosurejobs.net/wp-admin/admin.php?page=wc-admin&path=/setup-wizard','actioned','',NULL,NULL),(46965,23,'learn-more','Learn more','https://woocommerce.com/posts/critical-vulnerability-detected-july-2021/?utm_source=inbox_note&utm_medium=product&utm_campaign=learn-more','unactioned','',NULL,NULL),(46967,24,'learn-more','Learn more','https://woocommerce.com/posts/critical-vulnerability-detected-july-2021/?utm_source=inbox_note&utm_medium=product&utm_campaign=learn-more','unactioned','',NULL,NULL),(46969,25,'learn-more','Learn more','https://woocommerce.com/posts/critical-vulnerability-detected-july-2021/?utm_source=inbox_note&utm_medium=product&utm_campaign=learn-more','unactioned','',NULL,NULL),(46971,26,'learn-more','Learn more','https://woocommerce.com/posts/critical-vulnerability-detected-july-2021/?utm_source=inbox_note&utm_medium=product&utm_campaign=learn-more','unactioned','',NULL,NULL),(118,41,'learn-more','Learn more','https://woocommerce.com/document/managing-products/?utm_source=inbox&utm_medium=product','actioned','',NULL,NULL),(46976,30,'learn-more','Learn more','https://developer.woocommerce.com/2022/03/10/woocommerce-3-5-10-6-3-1-security-releases/','unactioned','',NULL,NULL),(80,39,'learn-more','Learn more','https://woocommerce.com/mobile/?utm_medium=product','actioned','',NULL,NULL),(81,40,'add-first-product','Add a product','https://cynosurejobs.net/wp-admin/admin.php?page=wc-admin&task=products','actioned','',NULL,NULL),(191,42,'view-payment-gateways','Learn more','https://woocommerce.com/product-category/woocommerce-extensions/payment-gateways/?utm_medium=product','actioned','',NULL,NULL),(300,43,'tracking-opt-in','Activate usage tracking','','actioned','',NULL,NULL),(301,44,'learn-more','Learn more','https://woocommerce.com/payments/?utm_medium=product','unactioned','',NULL,NULL),(302,44,'get-started','Get started','https://cynosurejobs.net/wp-admin/admin.php?page=wc-admin&action=setup-woocommerce-payments','actioned','','setup-woocommerce-payments',''),(303,45,'affirm-insight-first-sale','Yes','','actioned','Thanks for your feedback',NULL,NULL),(304,45,'deny-insight-first-sale','No','','actioned','Thanks for your feedback',NULL,NULL),(21444,46,'wc-admin-wisepad3','Grow my business offline','https://woocommerce.com/products/wisepad3-card-reader/?utm_source=inbox_note&utm_medium=product&utm_campaign=wc-admin-wisepad3','actioned','',NULL,NULL),(1244,47,'TikTok q2_2022','Promote my products on TikTok','https://woocommerce.com/products/tiktok-for-woocommerce/?utm_source=inbox_note&utm_medium=product&utm_campaign=TikTok%20q2_2022','unactioned','',NULL,NULL),(830,48,'update-store-details','Update store details','https://cynosurejobs.net/wp-admin/admin.php?page=wc-admin&path=/setup-wizard','actioned','',NULL,NULL),(1537,49,'tiktok-webinar-promo-july2022-button','RSVP Now','https://gettingstartedwithtiktokforwoocommerce.splashthat.com/','actioned','',NULL,NULL),(44251,54,'dismiss','Dismiss','','actioned','',NULL,NULL),(3512,52,'mercado_pago_q3_2022','Free download','https://woocommerce.com/products/mercado-pago-checkout/?utm_source=inbox_note&utm_medium=product&utm_campaign=mercado_pago_q3_2022','unactioned','',NULL,NULL),(3135,53,'klarna_q3_2022','Grow with Klarna','https://woocommerce.com/products/klarna-payments?utm_source=inbox_note&utm_medium=product&utm_campaign=klarna_q3_2022','unactioned','',NULL,NULL),(4148,60,'product_creation_usability_test_12_months_take_a_look','Try it now','https://t.maze.co/103446424','unactioned','',NULL,NULL),(1961,51,'learn-more','Learn more','https://woocommerce.com/posts/pre-launch-checklist-the-essentials/?utm_source=inbox&utm_medium=product','actioned','',NULL,NULL),(44250,54,'learn-more','Find out more','https://developer.woocommerce.com/2022/08/09/woocommerce-payments-3-9-4-4-5-1-security-releases/','unactioned','',NULL,NULL),(44253,55,'dismiss','Dismiss','','actioned','',NULL,NULL),(44252,55,'learn-more','Find out more','https://developer.woocommerce.com/2022/08/09/woocommerce-payments-3-9-4-4-5-1-security-releases/','unactioned','',NULL,NULL),(3518,56,'mobile_app_order_management_q3_2022','Get the WooCommerce Mobile App','https://woocommerce.com/mobile/?utm_source=inbox_note&utm_medium=product&utm_campaign=mobile_app_order_management_q3_2022','actioned','',NULL,NULL),(4149,57,'product_creation_usability_test_3_months_take_a_look','Try it now','https://t.maze.co/103446424','unactioned','',NULL,NULL),(4147,58,'product_creation_usability_test_6_months_take_a_look','Try it now','https://t.maze.co/103446424','unactioned','',NULL,NULL),(3734,59,'learn-more','Learn more','https://woocommerce.com/mobile/?utm_source=inbox&utm_medium=product','actioned','',NULL,NULL),(5593,66,'facebook_q4-2022_hasFB-click','Drive more demand','https://cynosurejobs.net/wp-admin/admin.php?page=wc-facebook','unactioned','',NULL,NULL),(4282,61,'cta_customize_your_deposits','Customize your deposits','https://woocommerce.com/payments/?utm_source=inbox_note&utm_medium=product&utm_campaign=cta_customize_your_deposits','actioned','',NULL,NULL),(4283,61,'dismiss_customize_your_deposits','Dismiss','','actioned','',NULL,NULL),(5231,62,'googlelistings_signals2022_hasGLA_click','Connect Google Listings & Ads','https://cynosurejobs.net/wp-admin/admin.php?page=wc-admin&path=marketing','unactioned','',NULL,NULL),(5232,63,'googlelistings_signals2022_noGLA','Connect Google Listings & Ads','https://woocommerce.com/products/google-listings-and-ads/?utm_medium=product&utm_source=inbox_note&utm_campaign=googlelistings_signals2022_noGLA','unactioned','',NULL,NULL),(21894,72,'google_listings_ads_custom_attribute_mapping_q4_2022','Learn more','https://woocommerce.com/document/google-listings-and-ads/?utm_source=inbox_note&utm_medium=product&utm_campaign=google_listings_ads_custom_attribute_mapping_q4_2022#attribute-mapping','actioned','',NULL,NULL),(5027,64,'pre-black-friday-sale-2022-announcement','Shop the sale','https://woocommerce.com/marketplace-sale/?utm_source=inbox_note&utm_medium=product&utm_campaign=pre-black-friday-sale-2022-announcement','actioned','',NULL,NULL),(7327,65,'shipping_category_q4_2022_click','Automate my shipping','https://woocommerce.com/product-category/woocommerce-extensions/shipping-delivery-and-fulfillment/?categoryIds=28685&collections=product&page=1&utm_source=inbox_note&utm_medium=product&utm_campaign=shipping_category_q4_2022_click','unactioned','',NULL,NULL),(5675,67,'facebook_q4-2022_noFB-click','Get started','https://woocommerce.com/products/facebook/?utm_source=inbox_note&utm_medium=product&utm_campaign=facebook_q4-2022_noFB-click','unactioned','',NULL,NULL),(8477,68,'tiktok-targeted-q4-2022-click','Launch a campaign','https://woocommerce.com/products/tiktok-for-woocommerce/?utm_source=inbox_note&utm_medium=product&utm_campaign=tiktok-targeted-q4-2022-click','unactioned','',NULL,NULL),(9723,69,'paypal_paylater_g3_q4_22','Install PayPal Payments','https://woocommerce.com/products/woocommerce-paypal-payments/?utm_source=inbox_note&utm_medium=product&utm_campaign=paypal_paylater_g3_q4_22','unactioned','',NULL,NULL),(9722,70,'woocommerce_admin_deprecation_q4_2022','Deactivate WooCommerce Admin','https://cynosurejobs.net/wp-admin/plugins.php','actioned','',NULL,NULL),(9764,71,'paypal_paylater_g2_q4_22','Install PayPal Payments','https://woocommerce.com/products/woocommerce-paypal-payments/?utm_source=inbox_note&utm_medium=product&utm_campaign=paypal_paylater_g2_q4_22','unactioned','',NULL,NULL),(8193,73,'wc-admin-manualauthcapture','Learn more','https://woocommerce.com/document/woocommerce-payments/settings-guide/authorize-and-capture/?utm_source=inbox_note&utm_medium=product&utm_campaign=wc-admin-manualauthcapture','actioned','',NULL,NULL),(7334,74,'learn-more','Learn more','https://woocommerce.com/mobile/?utm_source=inbox&utm_medium=product','actioned','',NULL,NULL),(8481,75,'apple_pay_square_q422','Enable Apple Pay','https://cynosurejobs.net/wp-admin/wp-admin/admin.php?page=wc-settings&tab=checkout&section=square_credit_card','unactioned','',NULL,NULL),(8482,76,'apple_pay_wcpay_q422','Enable Apple Pay','https://cynosurejobs.net/wp-admin/wp-admin/admin.php?page=wc-settings&tab=checkout&section=woocommerce_payments','unactioned','',NULL,NULL),(7620,77,'meta-hasFB-dec-q4-2022','Connect your store','https://cynosurejobs.net/wp-admin/admin.php?page=wc-facebook','unactioned','',NULL,NULL),(7897,78,'meta-noFB-dec-q4-2022','Get started','https://woocommerce.com/products/facebook/?utm_source=inbox_note&utm_medium=product&utm_campaign=meta-noFB-dec-q4-2022','unactioned','',NULL,NULL),(46981,79,'needs-update-eway-payment-gateway-rin-dismiss-button-2022-12-20','Dismiss','#','actioned','',NULL,NULL),(46980,79,'needs-update-eway-payment-gateway-rin-action-button-2022-12-20','See available updates','https://cynosurejobs.net/wp-admin/update-core.php','unactioned','',NULL,NULL),(46983,80,'updated-eway-payment-gateway-rin-dismiss-button-2022-12-20','Dismiss','#','actioned','',NULL,NULL),(11175,83,'learn-more','Learn more','https://woocommerce.com/mobile/?utm_source=inbox&utm_medium=product','actioned','',NULL,NULL),(46982,80,'updated-eway-payment-gateway-rin-action-button-2022-12-20','See all updates','https://cynosurejobs.net/wp-admin/update-core.php','unactioned','',NULL,NULL),(9519,81,'storeediting_feedback_jan_2023','Share your input','https://t.maze.co/135212793','actioned','',NULL,NULL),(46984,82,'share-navigation-survey-feedback','Share feedback','https://automattic.survey.fm/new-ecommerce-plan-navigation','actioned','',NULL,NULL),(12129,84,'affirm_q1_2023','Get started with Affirm','https://woocommerce.com/products/woocommerce-gateway-affirm/?utm_source=inbox_note&utm_medium=product&utm_campaign=affirm_q1_2023','actioned','',NULL,NULL),(16852,85,'google_listings_ads_pmax_i1_q1_2023_no_gla','Boost my business with Google','https://woocommerce.com/products/google-listings-and-ads/?utm_source=inbox_note&utm_medium=product&utm_campaign=google_listings_ads_pmax_i1_q1_2023_no_gla','actioned','',NULL,NULL),(46991,90,'dismiss','Dismiss','#','actioned','',NULL,NULL),(46989,88,'tap_to_pay_iphone_q2_2023_no_wcpay','Simplify my payments','https://woocommerce.com/products/woocommerce-payments/?utm_source=inbox_note&utm_medium=product&utm_campaign=tap_to_pay_iphone_q2_2023_no_wcpay','actioned','',NULL,NULL),(46988,87,'woocommerce-wcpay-march-2023-update-needed-dismiss-button','Dismiss','#','actioned','',NULL,NULL),(46987,87,'woocommerce-wcpay-march-2023-update-needed-button','See Blog Post','https://developer.woocommerce.com/2023/03/23/critical-vulnerability-detected-in-woocommerce-payments-what-you-need-to-know','unactioned','',NULL,NULL),(16853,86,'google_listings_ads_pmax_i1_q1_2023_with_gla','Create a new ad','https://woocommerce.com/products/google-listings-and-ads/?utm_source=inbox_note&utm_medium=product&utm_campaign=google_listings_ads_pmax_i1_q1_2023_with_gla','actioned','',NULL,NULL),(23579,145,'tiktok-apac-webinar-2023','RSVP today','https://unlockingtiktokwithwoocommerce.splashthat.com/','actioned','',NULL,NULL),(26292,89,'tap_to_pay_iphone_q2_2023_with_wcpay','Set up Tap to Pay on iPhone','https://woocommerce.com/document/woopayments/in-person-payments/tap-to-pay-iphone?utm_source=inbox_note&utm_medium=product&utm_campaign=tap_to_pay_iphone_q2_2023_with_wcpay','actioned','',NULL,NULL),(46994,104,'woopay-beta-existingmerchants-noaction-documentation-27APR23','Documentation','https://woocommerce.com/document/woopay-merchant-documentation/?utm_source=inbox_note&utm_medium=product&utm_campaign=woopay-beta-existingmerchants-noaction-documentation-27APR23','actioned','',NULL,NULL),(46990,90,'extension-settings','See available updates','https://cynosurejobs.net/wp-admin/update-core.php','unactioned','',NULL,NULL),(17553,91,'wc-admin-wcpay-denmark-Q2-2023','Simplify my payments','https://woocommerce.com/payments/denmark/?utm_source=inbox_note&utm_medium=product&utm_campaign=wc-admin-wcpay-denmark-Q2-2023','actioned','',NULL,NULL),(17554,92,'wc-admin-wcpay-greece-Q2-2023','Simplify my payments','https://woocommerce.com/payments/greece/?utm_source=inbox_note&utm_medium=product&utm_campaign=wc-admin-wcpay-greece-Q2-2023','actioned','',NULL,NULL),(17555,93,'wc-admin-wcpay-norway-Q2-2023','Simplify my payments','https://woocommerce.com/payments/norway/?utm_source=inbox_note&utm_medium=product&utm_campaign=wc-admin-wcpay-norway-Q2-2023','actioned','',NULL,NULL),(17556,94,'wc-admin-wcpay-slovakia-Q2-2023','Simplify my payments','https://woocommerce.com/payments/slovakia/?utm_source=inbox_note&utm_medium=product&utm_campaign=wc-admin-wcpay-slovakia-Q2-2023','actioned','',NULL,NULL),(17557,95,'wc-admin-wcpay-finland-Q2-2023','Simplify my payments','https://woocommerce.com/payments/finland/?utm_source=inbox_note&utm_medium=product&utm_campaign=wc-admin-wcpay-finland-Q2-2023','actioned','',NULL,NULL),(17558,96,'wc-admin-wcpay-estonia-Q2-2023','Simplify my payments','https://woocommerce.com/payments/estonia/?utm_source=inbox_note&utm_medium=product&utm_campaign=wc-admin-wcpay-estonia-Q2-2023','actioned','',NULL,NULL),(17559,97,'wc-admin-wcpay-lithuania-Q2-2023','Simplify my payments','https://woocommerce.com/payments/lithuania/?utm_source=inbox_note&utm_medium=product&utm_campaign=wc-admin-wcpay-lithuania-Q2-2023','actioned','',NULL,NULL),(17560,98,'wc-admin-wcpay-slovenia-Q2-2023','Simplify my payments','https://woocommerce.com/payments/slovenia/?utm_source=inbox_note&utm_medium=product&utm_campaign=wc-admin-wcpay-slovenia-Q2-2023','actioned','',NULL,NULL),(17561,99,'wc-admin-wcpay-latvia-Q2-2023','Simplify my payments','https://woocommerce.com/payments/latvia/?utm_source=inbox_note&utm_medium=product&utm_campaign=wc-admin-wcpay-latvia-Q2-2023','actioned','',NULL,NULL),(17562,100,'wc-admin-wcpay-cyprus-Q2-2023','Simplify my payments','https://woocommerce.com/payments/cyprus/?utm_source=inbox_note&utm_medium=product&utm_campaign=wc-admin-wcpay-cyprus-Q2-2023','actioned','',NULL,NULL),(17563,101,'wc-admin-wcpay-malta-Q2-2023','Simplify my payments','https://woocommerce.com/payments/malta/?utm_source=inbox_note&utm_medium=product&utm_campaign=wc-admin-wcpay-malta-Q2-2023','actioned','',NULL,NULL),(17564,102,'wc-admin-wcpay-luxembourg-Q2-2023','Simplify my payments','https://woocommerce.com/payments/luxembourg/?utm_source=inbox_note&utm_medium=product&utm_campaign=wc-admin-wcpay-luxembourg-Q2-2023','actioned','',NULL,NULL),(16092,103,'wc-admin-BNPL-WCPay-coming-soon','Sign up now','https://woocommerce.com/buy-now-pay-later-for-woocommerce-payments/?utm_source=inbox_note&utm_medium=product&utm_campaign=wc-admin-BNPL-WCPay-coming-soon','actioned','',NULL,NULL),(46995,105,'woopay-beta-existingmerchants-update-WCPay-27APR23','Update WooCommerce Payments','https://cynosurejobs.net/wp-admin/plugins.php?plugin_status=all','actioned','',NULL,NULL),(14704,106,'woopay-beta-existingmerchants-noaction-documentation-27APR23-test2','Documentation','https://woocommerce.com/document/woopay-merchant-documentation/?utm_source=inbox_note&utm_medium=product&utm_campaign=woopay-beta-existingmerchants-noaction-documentation-27APR23-test2','actioned','',NULL,NULL),(14705,106,'woopay-beta-existingmerchants-noaction-documentation-27APR23-dismiss-test2','Dismiss','https://cynosurejobs.net/wp-admin/#','actioned','',NULL,NULL),(14706,107,'woopay-beta-existingmerchants-update-WCPay-27APR23-test','Update WooCommerce Payments','https://cynosurejobs.net/wp-admin/plugins.php?plugin_status=all','actioned','',NULL,NULL),(14707,107,'woopay-beta-existingmerchants-update-WCPay-27APR23-dismiss-test','Dismiss','https://cynosurejobs.net/wp-admin/#','actioned','',NULL,NULL),(46986,108,'woopay-beta-merchantrecruitment-activate-learnmore-04MAY23','Learn More','https://woocommerce.com/woopay-businesses/?utm_source=inbox_note&utm_medium=product&utm_campaign=woopay-beta-merchantrecruitment-activate-learnmore-04MAY23','unactioned','',NULL,NULL),(46985,108,'woopay-beta-merchantrecruitment-activate-04MAY23','Activate WooPay','https://cynosurejobs.net/wp-admin/admin.php?page=wc-settings&tab=checkout&section=woocommerce_payments&method=platform_checkout','actioned','',NULL,NULL),(46993,109,'woopay-beta-merchantrecruitment-update-activate-04MAY23','Activate WooPay','https://cynosurejobs.net/wp-admin/admin.php?page=wc-settings&tab=checkout&section=woocommerce_payments&method=platform_checkout','actioned','',NULL,NULL),(46996,110,'woopay-beta-merchantrecruitment-short-activate-04MAY23','Activate WooPay','https://cynosurejobs.net/wp-admin/admin.php?page=wc-settings&tab=checkout&section=woocommerce_payments&method=platform_checkout','actioned','',NULL,NULL),(46999,111,'woopay-beta-merchantrecruitment-short-update-activate-04MAY23','Activate WooPay','https://cynosurejobs.net/wp-admin/admin.php?page=wc-settings&tab=checkout&section=woocommerce_payments&method=platform_checkout','actioned','',NULL,NULL),(47008,116,'woopay-beta-merchantrecruitment-short-activate-button-09MAY23','Activate WooPay','https://cynosurejobs.net/wp-admin/admin.php?page=wc-settings&tab=checkout&section=woocommerce_payments&method=platform_checkout','unactioned','',NULL,NULL),(47001,112,'woopay-beta-merchantrecruitment-short-activate-learnmore-06MAY23-TESTA','Learn More','https://woocommerce.com/woopay-businesses/?utm_source=inbox_note&utm_medium=product&utm_campaign=woopay-beta-merchantrecruitment-short-activate-learnmore-06MAY23-TESTA','unactioned','',NULL,NULL),(47000,112,'woopay-beta-merchantrecruitment-short-activate-06MAY23-TESTA','Activate WooPay Test A','https://cynosurejobs.net/wp-admin/admin.php?page=wc-settings&tab=checkout&section=woocommerce_payments&method=platform_checkout','unactioned','',NULL,NULL),(47003,113,'woopay-beta-merchantrecruitment-short-activate-learnmore-06MAY23-TESTA','Learn More','https://woocommerce.com/woopay-businesses/?utm_source=inbox_note&utm_medium=product&utm_campaign=woopay-beta-merchantrecruitment-short-activate-learnmore-06MAY23-TESTA','unactioned','',NULL,NULL),(47002,113,'woopay-beta-merchantrecruitment-short-activate-06MAY23-TESTB','Activate WooPay Test B','https://cynosurejobs.net/wp-admin/admin.php?page=wc-settings&tab=checkout&section=woocommerce_payments&method=platform_checkout','unactioned','',NULL,NULL),(47005,114,'woopay-beta-merchantrecruitment-short-activate-learnmore-06MAY23-TESTC','Learn More','https://woocommerce.com/woopay-businesses/?utm_source=inbox_note&utm_medium=product&utm_campaign=woopay-beta-merchantrecruitment-short-activate-learnmore-06MAY23-TESTC','unactioned','',NULL,NULL),(47004,114,'woopay-beta-merchantrecruitment-short-activate-06MAY23-TESTC','Activate WooPay Test C','https://cynosurejobs.net/wp-admin/admin.php?page=wc-settings&tab=checkout&section=woocommerce_payments&method=platform_checkout','unactioned','',NULL,NULL),(32907,163,'paypal_paylater_g2_q4_22','Install PayPal Payments','https://woo.com/products/woocommerce-paypal-payments/?utm_source=inbox_note&utm_medium=product&utm_campaign=paypal_paylater_g2_q4_22','unactioned','',NULL,NULL),(32241,161,'wc_admin_WooPay_Q4_2023','Get started today','https://cynosurejobs.net/wp-admin/https://woocommerce.com/document/woopay-merchant-documentation/?utm_source=inbox_note&utm_medium=product&utm_campaign=wc_admin_WooPay_Q4_2023','actioned','',NULL,NULL),(30489,156,'Klarna_Update_CTA_10OCT23','Update WooPayments','https://cynosurejobs.net/wp-admin/wp-admin/plugins.php?s=woocommercepayments&plugin_status=all','actioned','',NULL,NULL),(46998,111,'woopay-beta-merchantrecruitment-short-update-WCPay-04MAY23','Update WooCommerce Payments','https://cynosurejobs.net/wp-admin/plugins.php?plugin_status=all','unactioned','',NULL,NULL),(47010,117,'woopay-beta-merchantrecruitment-short-update-WCPay-09MAY23','Update WooCommerce Payments','https://cynosurejobs.net/wp-admin/plugins.php?plugin_status=all','unactioned','',NULL,NULL),(47009,116,'woopay-beta-merchantrecruitment-short-activate-learnmore-button2-09MAY23','Learn More','https://woocommerce.com/woopay-businesses/?utm_source=inbox_note&utm_medium=product&utm_campaign=woopay-beta-merchantrecruitment-short-activate-learnmore-button2-09MAY23','unactioned','',NULL,NULL),(47011,117,'woopay-beta-merchantrecruitment-short-update-activate-09MAY23','Activate WooPay','https://cynosurejobs.net/wp-admin/admin.php?page=wc-settings&tab=checkout&section=woocommerce_payments&method=platform_checkout','unactioned','',NULL,NULL),(16631,118,'payoneer_q2_2023','Get started with Payoneer','https://woocommerce.com/products/payoneer-checkout?utm_source=inbox_note&utm_medium=product&utm_campaign=payoneer_q2_2023','actioned','',NULL,NULL),(47013,122,'woocommerce-WCStripe-May-2023-updated-needed-Plugin-Settings-dismiss','Dismiss','#','actioned','',NULL,NULL),(26843,119,'ipp_refresh_q2_2023_us_inbox_notification','Grow my business on the go','https://woocommerce.com/in-person-payments/?utm_source=inbox_note&utm_medium=product&utm_campaign=ipp_refresh_q2_2023_us_inbox_notification','actioned','',NULL,NULL),(26844,120,'ipp_refresh_q2_2023_ca_inbox_notification','Grow my business on the go','https://woocommerce.com/in-person-payments/?utm_source=inbox_note&utm_medium=product&utm_campaign=ipp_refresh_q2_2023_ca_inbox_notification','actioned','',NULL,NULL),(47012,122,'woocommerce-WCStripe-May-2023-updated-needed-Plugin-Settings','See available updates','https://cynosurejobs.net/wp-admin/plugins.php?plugin_status=all','unactioned','',NULL,NULL),(17587,121,'product_management_card_sorting','Get started','https://t.maze.co/163892579','unactioned','',NULL,NULL),(47019,123,'woocommerce-WCReturnsWarranty-June-2023-updated-needed','Dismiss','#','actioned','',NULL,NULL),(47018,123,'woocommerce-WCReturnsWarranty-June-2023-updated-needed','See available updates','https://cynosurejobs.net/wp-admin/plugins.php?plugin_status=all','unactioned','',NULL,NULL),(47017,124,'woocommerce-WCSubscriptions-June-2023-updated-needed-dismiss','Dismiss','#','actioned','',NULL,NULL),(25441,129,'wc-admin-wcpay-bulgaria-Q2-2023','Simplify my payments','https://woocommerce.com/payments/bulgaria/?utm_source=inbox_note&utm_medium=product&utm_campaign=wc-admin-wcpay-bulgaria-Q2-2023','actioned','',NULL,NULL),(47016,124,'woocommerce-WCSubscriptions-June-2023-updated-needed-Plugin-Settings','See available updates','https://cynosurejobs.net/wp-admin/plugins.php?plugin_status=all','unactioned','',NULL,NULL),(47015,125,'woocommerce-WCPayments-June-2023-updated-needed-Dismiss','Dismiss','#','actioned','',NULL,NULL),(47014,125,'woocommerce-WCPayments-June-2023-updated-needed-Plugin-Settings','See available updates','https://cynosurejobs.net/wp-admin/plugins.php?plugin_status=all','unactioned','',NULL,NULL),(22840,126,'woocommerce_hpos_1st_notification_q2_2023','Learn more about HPOS','https://woocommerce.com/posts/platform-update-high-performance-order-storage-for-woocommerce/?utm_source=inbox_note&utm_medium=product&utm_campaign=woocommerce_hpos_1st_notification_q2_2023','actioned','',NULL,NULL),(18105,127,'learn-more','Learn more','https://woocommerce.com/mobile/?utm_source=inbox&utm_medium=product','actioned','',NULL,NULL),(23479,140,'wc-admin-woopayments-rebrand','Learn more about WooPayments','https://woocommerce.com/payments/?utm_source=inbox_note&utm_medium=product&utm_campaign=wc-admin-woopayments-rebrand','actioned','',NULL,NULL),(47023,136,'woocommerce-WCGC-July-2023-update-needed','Dismiss','#','actioned','',NULL,NULL),(47021,128,'woocommerce-WCOPC-June-2023-updated-needed','Dismiss','https://cynosurejobs.net/wp-admin/#','actioned','',NULL,NULL),(47020,128,'woocommerce-WCOPC-June-2023-updated-needed','See available updates','https://cynosurejobs.net/wp-admin/plugins.php?plugin_status=all','actioned','',NULL,NULL),(25442,130,'wc-admin-wcpay-czechia-Q2-2023','Simplify my payments','https://woocommerce.com/payments/czechia/?utm_source=inbox_note&utm_medium=product&utm_campaign=wc-admin-wcpay-czechia-Q2-2023','actioned','',NULL,NULL),(25443,131,'wc-admin-wcpay-croatia-Q2-2023','Simplify my payments','https://woocommerce.com/payments/croatia/?utm_source=inbox_note&utm_medium=product&utm_campaign=wc-admin-wcpay-croatia-Q2-2023','actioned','',NULL,NULL),(25444,132,'wc-admin-wcpay-hungary-Q2-2023','Simplify my payments','https://woocommerce.com/payments/hungary/?utm_source=inbox_note&utm_medium=product&utm_campaign=wc-admin-wcpay-hungary-Q2-2023','actioned','',NULL,NULL),(25445,133,'wc-admin-wcpay-romania-Q2-2023','Simplify my payments','https://woocommerce.com/payments/romania/?utm_source=inbox_note&utm_medium=product&utm_campaign=wc-admin-wcpay-romania-Q2-2023','actioned','',NULL,NULL),(25446,134,'wc-admin-wcpay-sweden-Q2-2023','Simplify my payments','https://woocommerce.com/payments/sweden/?utm_source=inbox_note&utm_medium=product&utm_campaign=wc-admin-wcpay-sweden-Q2-2023','actioned','',NULL,NULL),(20517,135,'tiktok-spc_june-2023','Optimize my advertising','https://woocommerce.com/products/tiktok-for-woocommerce/?utm_source=inbox_note&utm_medium=product&utm_campaign=tiktok-spc_june-2023','actioned','',NULL,NULL),(47022,136,'woocommerce-WCGC-July-2023-update-needed','See available updates','https://cynosurejobs.net/wp-admin/plugins.php?plugin_status=all','unactioned','',NULL,NULL),(47028,141,'dismiss','Dismiss','#','actioned','',NULL,NULL),(47024,137,'learn-more','Learn more','https://woocommerce.com/document/fedex/?utm_medium=product&utm_source=inbox_note&utm_campaign=learn-more#july-2023-api-outage','unactioned','',NULL,NULL),(47026,138,'dismiss','Dismiss','https://cynosurejobs.net/wp-admin/admin.php?page=wc-admin','actioned','',NULL,NULL),(47025,138,'plugin-list','See available updates','https://cynosurejobs.net/wp-admin/plugins.php?plugin_status=all','unactioned','',NULL,NULL),(23118,139,'square_button_q3_2023','Get started with Square','https://woocommerce.com/products/square/?utm_source=inbox_note&utm_medium=product&utm_campaign=square_button_q3_2023','actioned','',NULL,NULL),(27558,151,'tiktok_shopGTM_q3-2023_noTikTok','Learn more','https://woocommerce.com/products/tiktok-for-woocommerce/?utm_source=inbox_note&utm_medium=product&utm_campaign=tiktok_shopGTM_q3-2023_noTikTok','unactioned','',NULL,NULL),(47027,141,'woocommerce-WCStripe-Aug-2023-update-needed','See available updates','https://cynosurejobs.net/wp-admin/update-core.php?','unactioned','',NULL,NULL),(47029,142,'dismiss','Dismiss','#','actioned','',NULL,NULL),(47030,143,'woocommerce-WooPayments-Aug-2023-update-needed','See available updates','https://cynosurejobs.net/wp-admin/update-core.php?','unactioned','',NULL,NULL),(47031,143,'dismiss','Dismiss','#','actioned','',NULL,NULL),(47032,144,'dismiss','Dismiss','#','actioned','',NULL,NULL),(24814,148,'google_uxstudy_recruitment_q3-2023','Take the survey','https://eachandother.fra1.qualtrics.com/jfe/form/SV_0W118szcJOtIkzc','unactioned','',NULL,NULL),(47033,146,'avalara_q3-2023_noAvaTax','Automate my sales tax','https://woocommerce.com/products/woocommerce-avatax/?utm_source=inbox_note&utm_medium=product&utm_campaign=avalara_q3-2023_noAvaTax','unactioned','',NULL,NULL),(24200,147,'avalara_q3-2023_withAvaTax','Learn more about VAT settings','https://woocommerce.com/document/avalara-avatax/?utm_source=inbox_note&utm_medium=product&utm_campaign=avalara_q3-2023_withAvaTax#section-15','unactioned','',NULL,NULL),(46992,109,'woopay-beta-merchantrecruitment-update-WCPay-04MAY23','Update WooCommerce Payments','https://cynosurejobs.net/wp-admin/plugins.php?plugin_status=all','unactioned','',NULL,NULL),(47034,149,'woo-activation-survey-blockers-survey-button-22AUG23','Take our short survey','https://woocommerce.survey.fm/getting-started-with-woo','unactioned','',NULL,NULL),(27471,150,'tiktok_shopGTM_q3-2023_hasTikTok','Learn more','https://woocommerce.com/document/tiktok-for-woocommerce/?utm_source=inbox_note&utm_medium=product&utm_campaign=tiktok_shopGTM_q3-2023_hasTikTok','unactioned','',NULL,NULL),(28077,152,'klaviyo_q3_2023','Integrate in minutes','https://woocommerce.com/products/klaviyo-for-woocommerce/?utm_source=inbox_note&utm_medium=product&utm_campaign=klaviyo_q3_2023','unactioned','',NULL,NULL),(47035,155,'woocommerce-usermeta-Sept2023-productvendors','See available updates','https://cynosurejobs.net/wp-admin/plugins.php','unactioned','',NULL,NULL),(30488,156,'Klarna_Enable_CTA_10OCT23','Enable Klarna','https://cynosurejobs.net/wp-admin/wp-admin/admin.php?page=wc-settings&tab=checkout&section=woocommerce_payments/#payment-methods','actioned','',NULL,NULL),(46997,110,'woopay-beta-merchantrecruitment-short-activate-learnmore-04MAY23','Learn More','https://woocommerce.com/woopay-businesses/?utm_source=inbox_note&utm_medium=product&utm_campaign=woopay-beta-merchantrecruitment-short-activate-learnmore-04MAY23','actioned','',NULL,NULL),(47007,115,'woopay-beta-merchantrecruitment-short-activate-learnmore-06MAY23-TESTD','Learn More','https://woocommerce.com/woopay-businesses/?utm_source=inbox_note&utm_medium=product&utm_campaign=woopay-beta-merchantrecruitment-short-activate-learnmore-06MAY23-TESTD','unactioned','',NULL,NULL),(29505,153,'wc_admin_BNPL_WCPay_Q3_2023','Enable buy now, pay later','https://woocommerce.com/?post_type=documentation&p=18734002212927&preview=true&utm_source=inbox_note&utm_medium=product&utm_campaign=wc_admin_BNPL_WCPay_Q3_2023','actioned','',NULL,NULL),(29506,154,'wc_admin_afterpay_WCPay_Q3_2023','Enable buy now, pay later','https://woocommerce.com/?post_type=documentation&p=18734002212927&preview=true&utm_source=inbox_note&utm_medium=product&utm_campaign=wc_admin_afterpay_WCPay_Q3_2023','actioned','',NULL,NULL),(47036,155,'dismiss','Dismiss','https://cynosurejobs.net/wp-admin/#','actioned','',NULL,NULL),(28441,50,'update-db_done','Thanks!','https://cynosurejobs.net/wp-admin/update-core.php?wc-hide-notice=update','actioned','woocommerce_hide_notices_nonce','woocommerce_hide_notices_nonce','_wc_notice_nonce'),(32145,157,'wc_com_in_person_payments_card_sale_US_inbox_note_q4_23','Save 35%','https://woocommerce.com/products/m2-card-reader/?utm_source=inbox_note&utm_medium=product&utm_campaign=wc_com_in_person_payments_card_sale_US_inbox_note_q4_23','actioned','',NULL,NULL),(32146,158,'wc_com_in_person_payments_card_sale_UK_inbox_note_q4_23','Save 35%','https://woocommerce.com/products/wisepad3-card-reader/?utm_source=inbox_note&utm_medium=product&utm_campaign=wc_com_in_person_payments_card_sale_UK_inbox_note_q4_23','actioned','',NULL,NULL),(32147,159,'wc_com_in_person_payments_card_sale_CA_inbox_note_q4_23','Save 35%','https://woocommerce.com/products/wisepad3-card-reader/?utm_source=inbox_note&utm_medium=product&utm_campaign=wc_com_in_person_payments_card_sale_CA_inbox_note_q4_23','actioned','',NULL,NULL),(47038,160,'dismiss','Dismiss','#','actioned','',NULL,NULL),(47006,115,'woopay-beta-merchantrecruitment-short-activate-06MAY23-TESTD','Activate WooPay Test D','https://cynosurejobs.net/wp-admin/admin.php?page=wc-settings&tab=checkout&section=woocommerce_payments&method=platform_checkout','unactioned','',NULL,NULL),(47037,160,'woocommerce-STRIPE-Oct-2023-update-needed','See available updates','https://cynosurejobs.net/wp-admin/update-core.php','unactioned','',NULL,NULL),(33149,162,'wc_admin_WooPay_Oct30_2023','Get started today','https://woo.com/document/woopay-merchant-documentation/?utm_source=inbox_note&utm_medium=product&utm_campaign=wc_admin_WooPay_Oct30_2023','actioned','',NULL,NULL),(36522,164,'tap_to_pay_iphone_q4_2023_no_woopayments','Simplify my payments','https://woo.com/products/woopayments/?utm_source=inbox_note&utm_medium=product&utm_campaign=tap_to_pay_iphone_q4_2023_no_woopayments','actioned','',NULL,NULL),(36523,165,'tap_to_pay_iphone_q4_2023_with_woopayments','Set up Tap to Pay on iPhone','https://woo.com/document/woopayments/in-person-payments/tap-to-pay-iphone/?utm_source=inbox_note&utm_medium=product&utm_campaign=tap_to_pay_iphone_q4_2023_with_woopayments','actioned','',NULL,NULL),(47039,166,'amazon-mcf-review-button-2023-12-07','Leave a review','https://woocommerce.com/products/woocommerce-amazon-fulfillment/?review&utm_source=inbox_note&utm_medium=product&utm_campaign=amazon-mcf-review-button-2023-12-07','actioned','',NULL,NULL),(47040,166,'amazon-mcf-support-button-2023-12-07','Request support','https://woocommerce.com/my-account/contact-support/?utm_source=inbox_note&utm_medium=product&utm_campaign=amazon-mcf-support-button-2023-12-07','actioned','',NULL,NULL),(45600,167,'amazon_pay_ext-link_q1-24','Register your account now','https://eu.amazonpayments.com/2024-uk-woopricepromoregistration?utm_campaign=woo_price_promo&utm_medium=EM&utm_source=direct&utm_content=cta&utm_creative=&ld=EMUKAPA-woo_price_promo-direct-24Q1','actioned','',NULL,NULL),(42510,169,'custom_order_attribution_inbox_q1_2024','Find more clarity','https://woo.com/document/order-attribution-tracking/?utm_source=inbox_note&utm_medium=product&utm_campaign=custom_order_attribution_inbox_q1_2024','actioned','',NULL,NULL),(47041,168,'view_docs','Learn about Deposit schedules','https://woocommerce.com/document/woopayments/deposits/deposit-schedule/?utm_source=inbox_note&utm_medium=product&utm_campaign=view_docs#available-funds','unactioned','',NULL,NULL),(45237,170,'wc_admin_UKpricingchange_WCPay_Q1_2024','See related fees for each country','https://woo.com/document/woopayments/fees-and-debits/fees/?utm_source=inbox_note&utm_medium=product&utm_campaign=wc_admin_UKpricingchange_WCPay_Q1_2024#countries-in-europe','actioned','',NULL,NULL),(47042,171,'airwallex_q1_2024','Get started with Airwallex','https://woocommerce.com/products/airwallexpayments/?utm_source=inbox_note&utm_medium=product&utm_campaign=airwallex_q1_2024','actioned','',NULL,NULL);

--
-- Table structure for table `wp6y_jobswc_admin_notes`
--

CREATE TABLE `wp6y_jobswc_admin_notes` (
  `note_id` bigint unsigned NOT NULL AUTO_INCREMENT,
  `name` varchar(255) COLLATE utf8mb4_unicode_520_ci NOT NULL,
  `type` varchar(20) COLLATE utf8mb4_unicode_520_ci NOT NULL,
  `locale` varchar(20) COLLATE utf8mb4_unicode_520_ci NOT NULL,
  `title` longtext COLLATE utf8mb4_unicode_520_ci NOT NULL,
  `content` longtext COLLATE utf8mb4_unicode_520_ci NOT NULL,
  `content_data` longtext COLLATE utf8mb4_unicode_520_ci,
  `status` varchar(200) COLLATE utf8mb4_unicode_520_ci NOT NULL,
  `source` varchar(200) COLLATE utf8mb4_unicode_520_ci NOT NULL,
  `date_created` datetime NOT NULL DEFAULT '0000-00-00 00:00:00',
  `date_reminder` datetime DEFAULT NULL,
  `is_snoozable` tinyint(1) NOT NULL DEFAULT '0',
  `layout` varchar(20) COLLATE utf8mb4_unicode_520_ci NOT NULL DEFAULT '',
  `image` varchar(200) COLLATE utf8mb4_unicode_520_ci DEFAULT NULL,
  `is_deleted` tinyint(1) NOT NULL DEFAULT '0',
  `is_read` tinyint(1) NOT NULL DEFAULT '0',
  `icon` varchar(200) COLLATE utf8mb4_unicode_520_ci NOT NULL DEFAULT 'info',
  PRIMARY KEY (`note_id`)
) ENGINE=MyISAM AUTO_INCREMENT=172 DEFAULT CHARSET=utf8mb4 COLLATE=utf8mb4_unicode_520_ci;

--
-- Dumping data for table `wp6y_jobswc_admin_notes`
--

INSERT INTO `wp6y_jobswc_admin_notes` VALUES (1,'wc-refund-returns-page','info','en_US','Setup a Refund and Returns Policy page to boost your store\'s credibility.','We have created a sample draft Refund and Returns Policy page for you. Please have a look and update it to fit your store.','{}','unactioned','woocommerce-core','2022-06-08 12:10:34',NULL,0,'plain','',0,0,'info'),(2,'wc-admin-wc-helper-connection','info','en_US','Connect to WooCommerce.com','Connect to get important product notifications and updates.','{}','unactioned','woocommerce-admin','2022-06-08 12:10:34',NULL,0,'plain','',0,0,'info'),(3,'new_in_app_marketplace_2021','info','en_US','Customize your store with extensions','Check out our NEW Extensions tab to see our favorite extensions for customizing your store, and discover the most popular extensions in the WooCommerce Marketplace.','{}','unactioned','woocommerce.com','2022-06-08 16:35:56',NULL,0,'plain','',0,0,'info'),(4,'wayflyer_bnpl_q4_2021','marketing','en_US','Grow your business with funding through Wayflyer','Fast, flexible financing to boost cash flow and help your business grow – one fee, no interest rates, penalties, equity, or personal guarantees. Based on your store’s performance, Wayflyer provides funding and analytical insights to invest in your business.','{}','pending','woocommerce.com','2022-06-08 16:35:56',NULL,0,'plain','',0,0,'info'),(5,'wc_shipping_mobile_app_usps_q4_2021','marketing','en_US','Print and manage your shipping labels with WooCommerce Shipping and the WooCommerce Mobile App','Save time by printing, purchasing, refunding, and tracking shipping labels generated by <a href=\"https://woocommerce.com/woocommerce-shipping/\">WooCommerce Shipping</a> – all directly from your mobile device!','{}','pending','woocommerce.com','2022-06-08 16:35:56',NULL,0,'plain','',0,0,'info'),(6,'wc_shipping_mobile_app_q4_2021','marketing','en_US','Print and manage your shipping labels with the WooCommerce Mobile App','Save time by printing, purchasing, refunding, and tracking shipping labels generated by <a href=\"https://woocommerce.com/woocommerce-shipping/\">WooCommerce Shipping</a> – all directly from your mobile device!','{}','pending','woocommerce.com','2022-06-08 16:35:56',NULL,0,'plain','',0,0,'info'),(7,'ecomm-need-help-setting-up-your-store','info','en_US','Need help setting up your Store?','Schedule a free 30-min <a href=\"https://wordpress.com/support/concierge-support/\">quick start session</a> and get help from our specialists. We’re happy to walk through setup steps, show you around the WordPress.com dashboard, troubleshoot any issues you may have, and help you the find the features you need to accomplish your goals for your site.','{}','pending','woocommerce.com','2022-06-08 16:35:56',NULL,0,'plain','',0,0,'info'),(8,'woocommerce-services','info','en_US','WooCommerce Shipping & Tax','WooCommerce Shipping &amp; Tax helps get your store \"ready to sell\" as quickly as possible. You create your products. We take care of tax calculation, payment processing, and shipping label printing! Learn more about the extension that you just installed.','{}','pending','woocommerce.com','2022-06-08 16:35:56',NULL,0,'plain','',0,0,'info'),(9,'ecomm-unique-shopping-experience','info','en_US','For a shopping experience as unique as your customers','Product Add-Ons allow your customers to personalize products while they\'re shopping on your online store. No more follow-up email requests—customers get what they want, before they\'re done checking out. Learn more about this extension that comes included in your plan.','{}','pending','woocommerce.com','2022-06-08 16:35:56',NULL,0,'plain','',0,0,'info'),(10,'wc-admin-getting-started-in-ecommerce','info','en_US','Getting Started in eCommerce - webinar','We want to make eCommerce and this process of getting started as easy as possible for you. Watch this webinar to get tips on how to have our store up and running in a breeze.','{}','pending','woocommerce.com','2022-06-08 16:35:56',NULL,0,'plain','',0,0,'info'),(11,'your-first-product','info','en_US','Your first product','That’s huge! You’re well on your way to building a successful online store — now it’s time to think about how you’ll fulfill your orders.<br /><br />Read our shipping guide to learn best practices and options for putting together your shipping strategy. And for WooCommerce stores in the United States, you can print discounted shipping labels via USPS with <a href=\"https://href.li/?https://woocommerce.com/shipping\" target=\"_blank\">WooCommerce Shipping</a>.','{}','pending','woocommerce.com','2022-06-08 16:35:56',NULL,0,'plain','',0,0,'info'),(12,'wc-admin-optimizing-the-checkout-flow','info','en_US','Optimizing the checkout flow','It’s crucial to get your store’s checkout as smooth as possible to avoid losing sales. Let’s take a look at how you can optimize the checkout experience for your shoppers.','{}','pending','woocommerce.com','2022-06-08 16:35:56',NULL,0,'plain','',0,0,'info'),(13,'wc-admin-first-five-things-to-customize','info','en_US','The first 5 things to customize in your store','Deciding what to start with first is tricky. To help you properly prioritize, we’ve put together this short list of the first few things you should customize in WooCommerce.','{}','unactioned','woocommerce.com','2022-06-10 12:11:54',NULL,0,'plain','',0,0,'info'),(14,'wc-payments-qualitative-feedback','info','en_US','WooCommerce Payments setup - let us know what you think','Congrats on enabling WooCommerce Payments for your store. Please share your feedback in this 2 minute survey to help us improve the setup process.','{}','pending','woocommerce.com','2022-06-08 16:35:56',NULL,0,'plain','',0,0,'info'),(15,'share-your-feedback-on-paypal','info','en_US','Share your feedback on PayPal','Share your feedback in this 2 minute survey about how we can make the process of accepting payments more useful for your store.','{}','pending','woocommerce.com','2022-06-08 16:35:56',NULL,0,'plain','',0,0,'info'),(16,'google_listings_and_ads_install','marketing','en_US','Drive traffic and sales with Google','Reach online shoppers to drive traffic and sales for your store by showcasing products across Google, for free or with ads.','{}','pending','woocommerce.com','2022-06-08 16:35:56',NULL,0,'plain','',0,0,'info'),(17,'wc-subscriptions-security-update-3-0-15','info','en_US','WooCommerce Subscriptions security update!','We recently released an important security update to WooCommerce Subscriptions. To ensure your site’s data is protected, please upgrade <strong>WooCommerce Subscriptions to version 3.0.15</strong> or later.<br /><br />Click the button below to view and update to the latest Subscriptions version, or log in to <a href=\"https://woocommerce.com/my-dashboard\">WooCommerce.com Dashboard</a> and navigate to your <strong>Downloads</strong> page.<br /><br />We recommend always using the latest version of WooCommerce Subscriptions, and other software running on your site, to ensure maximum security.<br /><br />If you have any questions we are here to help — just <a href=\"https://woocommerce.com/my-account/create-a-ticket/\">open a ticket</a>.','{}','pending','woocommerce.com','2022-06-08 16:35:56',NULL,0,'plain','',0,0,'info'),(18,'woocommerce-core-update-5-4-0','info','en_US','Update to WooCommerce 5.4.1 now','WooCommerce 5.4.1 addresses a checkout issue discovered in WooCommerce 5.4. We recommend upgrading to WooCommerce 5.4.1 as soon as possible.','{}','pending','woocommerce.com','2022-06-08 16:35:56',NULL,0,'plain','',0,0,'info'),(19,'wcpay-promo-2020-11','marketing','en_US','wcpay-promo-2020-11','wcpay-promo-2020-11','{}','pending','woocommerce.com','2022-06-08 16:35:56',NULL,0,'plain','',0,0,'info'),(20,'wcpay-promo-2020-12','marketing','en_US','wcpay-promo-2020-12','wcpay-promo-2020-12','{}','pending','woocommerce.com','2022-06-08 16:35:56',NULL,0,'plain','',0,0,'info'),(21,'ppxo-pps-upgrade-paypal-payments-1','info','en_US','Get the latest PayPal extension for WooCommerce','Heads up! There’s a new PayPal on the block!<br /><br />Now is a great time to upgrade to our latest <a href=\"https://woocommerce.com/products/woocommerce-paypal-payments/\" target=\"_blank\">PayPal extension</a> to continue to receive support and updates with PayPal.<br /><br />Get access to a full suite of PayPal payment methods, extensive currency and country coverage, and pay later options with the all-new PayPal extension for WooCommerce.','{}','pending','woocommerce.com','2022-06-08 16:35:56',NULL,0,'plain','',0,0,'info'),(22,'ppxo-pps-upgrade-paypal-payments-2','info','en_US','Upgrade your PayPal experience!','Get access to a full suite of PayPal payment methods, extensive currency and country coverage, offer subscription and recurring payments, and the new PayPal pay later options.<br /><br />Start using our <a href=\"https://woocommerce.com/products/woocommerce-paypal-payments/\" target=\"_blank\">latest PayPal today</a> to continue to receive support and updates.','{}','pending','woocommerce.com','2022-06-08 16:35:56',NULL,0,'plain','',0,0,'info'),(23,'woocommerce-core-sqli-july-2021-need-to-update','update','en_US','Action required: Critical vulnerabilities in WooCommerce','In response to a critical vulnerability identified on July 13, 2021, we are working with the WordPress Plugins Team to deploy software updates to stores running WooCommerce (versions 3.3 to 5.5) and the WooCommerce Blocks feature plugin (versions 2.5 to 5.5).<br /><br />Our investigation into this vulnerability is ongoing, but <strong>we wanted to let you know now about the importance of updating immediately</strong>.<br /><br />For more information on which actions you should take, as well as answers to FAQs, please urgently review our blog post detailing this issue.','{}','pending','woocommerce.com','2022-06-08 16:35:56',NULL,0,'plain','',0,0,'info'),(24,'woocommerce-blocks-sqli-july-2021-need-to-update','update','en_US','Action required: Critical vulnerabilities in WooCommerce Blocks','In response to a critical vulnerability identified on July 13, 2021, we are working with the WordPress Plugins Team to deploy software updates to stores running WooCommerce (versions 3.3 to 5.5) and the WooCommerce Blocks feature plugin (versions 2.5 to 5.5).<br /><br />Our investigation into this vulnerability is ongoing, but <strong>we wanted to let you know now about the importance of updating immediately</strong>.<br /><br />For more information on which actions you should take, as well as answers to FAQs, please urgently review our blog post detailing this issue.','{}','pending','woocommerce.com','2022-06-08 16:35:56',NULL,0,'plain','',0,0,'info'),(25,'woocommerce-core-sqli-july-2021-store-patched','update','en_US','Solved: Critical vulnerabilities patched in WooCommerce','In response to a critical vulnerability identified on July 13, 2021, we worked with the WordPress Plugins Team to deploy software updates to stores running WooCommerce (versions 3.3 to 5.5) and the WooCommerce Blocks feature plugin (versions 2.5 to 5.5).<br /><br /><strong>Your store has been updated to the latest secure version(s)</strong>. For more information and answers to FAQs, please review our blog post detailing this issue.','{}','pending','woocommerce.com','2022-06-08 16:35:56',NULL,0,'plain','',0,0,'info'),(26,'woocommerce-blocks-sqli-july-2021-store-patched','update','en_US','Solved: Critical vulnerabilities patched in WooCommerce Blocks','In response to a critical vulnerability identified on July 13, 2021, we worked with the WordPress Plugins Team to deploy software updates to stores running WooCommerce (versions 3.3 to 5.5) and the WooCommerce Blocks feature plugin (versions 2.5 to 5.5).<br /><br /><strong>Your store has been updated to the latest secure version(s)</strong>. For more information and answers to FAQs, please review our blog post detailing this issue.','{}','pending','woocommerce.com','2022-06-08 16:35:56',NULL,0,'plain','',0,0,'info'),(27,'habit-moment-survey','marketing','en_US','We’re all ears! Share your experience so far with WooCommerce','We’d love your input to shape the future of WooCommerce together. Feel free to share any feedback, ideas or suggestions that you have.','{}','pending','woocommerce.com','2022-06-08 16:35:56',NULL,0,'plain','',0,0,'info'),(28,'ecomm-wc-navigation-survey','info','en_US','We’d like your feedback on the WooCommerce navigation','We’re making improvements to the WooCommerce navigation and would love your feedback. Share your experience in this 2 minute survey.','{}','pending','woocommerce.com','2022-06-08 16:35:56',NULL,0,'plain','',0,0,'info'),(29,'woocommerce-core-paypal-march-2022-updated','update','en_US','Security auto-update of WooCommerce','<strong>Your store has been updated to the latest secure version of WooCommerce</strong>. We worked with WordPress to deploy PayPal Standard security updates for stores running WooCommerce (version 3.5 to 6.3). It’s recommended to disable PayPal Standard, and use <a href=\"https://woocommerce.com/products/woocommerce-paypal-payments/\" target=\"_blank\">PayPal Payments</a> to accept PayPal.','{}','pending','woocommerce.com','2022-06-08 16:35:56',NULL,0,'plain','',0,0,'info'),(30,'woocommerce-core-paypal-march-2022-updated-nopp','update','en_US','Security auto-update of WooCommerce','<strong>Your store has been updated to the latest secure version of WooCommerce</strong>. We worked with WordPress to deploy security updates related to PayPal Standard payment gateway for stores running WooCommerce (version 3.5 to 6.3).','{}','pending','woocommerce.com','2022-06-08 16:35:56',NULL,0,'plain','',0,0,'info'),(31,'pinterest_03_2022_update','marketing','en_US','Your Pinterest for WooCommerce plugin is out of date!','Update to the latest version of Pinterest for WooCommerce to continue using this plugin and keep your store connected with Pinterest. To update, visit <strong>Plugins &gt; Installed Plugins</strong>, and click on “update now” under Pinterest for WooCommerce.','{}','pending','woocommerce.com','2022-06-08 16:35:56',NULL,0,'plain','',0,0,'info'),(32,'setup_task_initiative_survey_q2_2022','survey','en_US','We want to know what matters most to you','Take 2 minutes to give us your input on what is important for you while setting up your store and help shape the future of WooCommerce together.','{}','unactioned','woocommerce.com','2022-06-08 16:35:56',NULL,0,'plain','',0,0,'info'),(33,'store_setup_survey_survey_q2_2022','survey','en_US','How is your store setup going?','Our goal is to make sure you have all the right tools to start setting up your store in the smoothest way possible.\r\nWe’d love to know if we hit our mark and how we can improve. To collect your thoughts, we made a 2-minute survey.','{}','unactioned','woocommerce.com','2022-06-15 12:09:37',NULL,0,'plain','',0,0,'info'),(34,'wc-admin-EU-consumer-protection','marketing','en_US','Important changes to EU consumer protection laws','New regulations to help modernize and strengthen consumer protection laws in the European Union (EU) take effect on May 28, 2022. These rules impact all merchants selling to the EU, regardless of where their business is located. Further detailed information is available on the European Commission\'s official website.','{}','unactioned','woocommerce.com','2022-06-08 16:35:56',NULL,0,'plain','',0,0,'info'),(35,'wc-admin-choosing-a-theme','marketing','en_US','Choosing a theme?','Check out the themes that are compatible with WooCommerce and choose one aligned with your brand and business needs.','{}','unactioned','woocommerce-admin','2022-06-09 12:16:00',NULL,0,'plain','',0,0,'info'),(81,'storeediting_feedback_jan_2023','marketing','en_US','Tell us what you need to customize your store!','We need your feedback. Please spare a few minutes to share your input on what is most important to you when designing and customizing your storefront to help us build the features you need.','{}','unactioned','woocommerce.com','2023-01-13 12:10:11',NULL,0,'plain','',0,0,'info'),(37,'wc-admin-navigation-nudge','info','en_US','You now have access to the WooCommerce navigation','We’re introducing a new navigation for a more intuitive and improved user experience. You can enable the beta version of the new experience in the Advanced Settings. Enable it now for your store.','{}','unactioned','woocommerce-admin','2022-06-09 12:16:00',NULL,0,'plain','',0,0,'info'),(72,'google_listings_ads_custom_attribute_mapping_q4_2022','marketing','en_US','Our latest improvement to the Google Listings & Ads extension: Attribute Mapping','You spoke, we listened. This new feature enables you to easily upload your products, customize your product attributes in one place, and target shoppers with more relevant ads. Extend how far your ad dollars go with each campaign.','{}','pending','woocommerce.com','2022-12-01 12:08:52',NULL,0,'plain','',0,0,'info'),(39,'wc-admin-mobile-app','info','en_US','Install Woo mobile app','Install the WooCommerce mobile app to manage orders, receive sales notifications, and view key metrics — wherever you are.','{}','unactioned','woocommerce-admin','2022-06-10 12:11:54',NULL,0,'plain','',0,0,'info'),(40,'wc-admin-add-first-product-note','email','en_US','Add your first product','{greetings}<br /><br />Nice one; you\'ve created a WooCommerce store! Now it\'s time to add your first product and get ready to start selling.<br /><br />There are three ways to add your products: you can <strong>create products manually, import them at once via CSV file</strong>, or <strong>migrate them from another service</strong>.<br /><br /><a href=\"https://woocommerce.com/document/managing-products/?utm_source=help_panel&amp;utm_medium=product\">Explore our docs</a> for more information, or just get started!','{\"role\":\"administrator\"}','unactioned','woocommerce-admin','2022-06-10 12:11:54',NULL,0,'plain','https://cynosurejobs.net/wp-content/plugins/woocommerce/images/admin_notes/dashboard-widget-setup.png',0,0,'info'),(80,'updated-eway-payment-gateway-rin-2022-12-20','update','en_US','WooCommerce Eway Gateway has been automatically updated','Your store is now running the latest secure version of WooCommerce Eway Gateway. We worked with the WordPress Plugins team to deploy a software update to stores running WooCommerce Eway Gateway (versions 3.1.0 to 3.5.0) in response to a security vulnerability that was discovered.','{}','pending','woocommerce.com','2023-01-06 12:08:39',NULL,0,'plain','',0,0,'info'),(42,'wc-admin-onboarding-payments-reminder','info','en_US','Start accepting payments on your store!','Take payments with the provider that’s right for you - choose from 100+ payment gateways for WooCommerce.','{}','unactioned','woocommerce-admin','2022-06-13 12:09:36',NULL,0,'plain','',0,0,'info'),(43,'wc-admin-usage-tracking-opt-in','info','en_US','Help WooCommerce improve with usage tracking','Gathering usage data allows us to improve WooCommerce. Your store will be considered as we evaluate new features, judge the quality of an update, or determine if an improvement makes sense. You can always visit the <a href=\"https://cynosurejobs.net/wp-admin/admin.php?page=wc-settings&#038;tab=advanced&#038;section=woocommerce_com\" target=\"_blank\">Settings</a> and choose to stop sharing data. <a href=\"https://woocommerce.com/usage-tracking?utm_medium=product\" target=\"_blank\">Read more</a> about what data we collect.','{}','unactioned','woocommerce-admin','2022-06-15 12:09:37',NULL,0,'plain','',0,0,'info'),(44,'wc-admin-woocommerce-payments','marketing','en_US','Try the new way to get paid','Securely accept credit and debit cards on your site. Manage transactions without leaving your WordPress dashboard. Only with <strong>WooPayments</strong>.<br><br>By clicking \"Get started\", you agree to our <a href=\"https://wordpress.com/tos/\" target=\"_blank\">Terms of Service</a>','{}','unactioned','woocommerce-admin','2022-06-15 12:09:37',NULL,0,'plain','',0,0,'info'),(79,'needs-update-eway-payment-gateway-rin-2022-12-20','update','en_US','Security vulnerability patched in WooCommerce Eway Gateway','In response to a potential vulnerability identified in WooCommerce Eway Gateway versions 3.1.0 to 3.5.0, we’ve worked to deploy security fixes and have released an updated version.\r\nNo external exploits have been detected, but we recommend you update to your latest supported version 3.1.26, 3.2.3, 3.3.1, 3.4.6, or 3.5.1','{}','pending','woocommerce.com','2023-01-06 12:08:39',NULL,0,'plain','',0,0,'info'),(46,'wc-admin-wisepad3','marketing','en_US','Take your business on the go in Canada with WooCommerce In-Person Payments','Quickly create new orders, accept payment in person for orders placed online, and automatically sync your inventory – no matter where your business takes you. With WooCommerce In-Person Payments and the WisePad 3 card reader, you can bring the power of your store anywhere.','{}','pending','woocommerce.com','2022-06-15 12:09:37',NULL,0,'plain','',0,0,'info'),(47,'TikTok q2_2022','marketing','en_US','Give your store a stage on the world’s fastest-growing advertising channel','With TikTok for WooCommerce, you can sync your catalog, create videos, and track performance in front of TikTok’s one billion global users. Try the Smart Video Generator to make ads using your existing product images – no camera needed. Get $200 in ad credit from TikTok after a $20 spend (terms &amp; conditions apply).','{}','unactioned','woocommerce.com','2022-06-22 12:10:51',NULL,0,'plain','',0,0,'info'),(49,'tiktok-webinar-promo-july2022','marketing','en_US','Free webinar: TikTok for WooCommerce','Join WooCommerce and TikTok live on July 14 to learn about ad types, trends, and the best ways to connect with an audience of one billion active users on the world’s fastest-growing social platform. Participants have a chance to score a free month of Vimeo Pro, and two winners will get a $5,000 ad credit and more.','{}','pending','woocommerce.com','2022-07-09 12:15:56',NULL,0,'plain','',0,0,'info'),(50,'wc-update-db-reminder','update','en_US','WooCommerce database update done','WooCommerce database update complete. Thank you for updating to the latest version!','{}','unactioned','woocommerce-core','2022-07-16 07:07:01',NULL,0,'plain','',0,1,'info'),(52,'mercado_pago_q3_2022','marketing','en_US','Get paid with Mercado Pago Checkout','Give your customers a checkout they can trust with Latin America\'s leading payment processor. Securely accept debit and credit cards, cash, bank transfers, and installment payments – backed by exclusive fraud prevention tools.','{}','pending','woocommerce.com','2022-08-08 12:11:19',NULL,0,'plain','',0,0,'info'),(51,'wc-admin-launch-checklist','info','en_US','Ready to launch your store?','To make sure you never get that sinking \"what did I forget\" feeling, we\'ve put together the essential pre-launch checklist.','{}','unactioned','woocommerce-admin','2022-07-24 12:09:23',NULL,0,'plain','',0,0,'info'),(53,'klarna_q3_2022','marketing','en_US','Meet Klarna – your ultimate growth partner','Increase conversions by offering secure, flexible payment solutions – including buy now, pay later – all through a one-click checkout experience. Plus, you’ll tap into a whole new market of the world’s most engaged shoppers.','{}','unactioned','woocommerce.com','2022-08-08 12:11:19',NULL,0,'plain','',0,0,'info'),(54,'woocommerce-payments-august-2022-need-to-update','update','en_US','Action required: Please update WooCommerce Payments','An updated secure version of WooCommerce Payments is available – please ensure that you’re using the latest patch version. For more information on what action you need to take, please review the article below.','{}','pending','woocommerce.com','2022-08-10 12:10:49',NULL,0,'plain','',0,0,'info'),(55,'woocommerce-payments-august-2022-store-patched','update','en_US','WooCommerce Payments has been automatically updated','You’re now running the latest secure version of WooCommerce Payments. We’ve worked with the WordPress Plugins team to deploy a security update to stores running WooCommerce Payments (version 3.9 to 4.5). For further information, please review the article below.','{}','pending','woocommerce.com','2022-08-10 12:10:49',NULL,0,'plain','',0,0,'info'),(56,'mobile_app_order_management_q3_2022','marketing','en_US','Take order management on the go','The WooCommerce Mobile App continues to get better with added order management functionality! Add or remove products, edit fees, or change the shipping options in any existing order – all from within the app.','{}','unactioned','woocommerce.com','2022-08-17 12:10:03',NULL,0,'plain','',0,0,'info'),(57,'product_creation_usability_test_3_months','survey','en_US','Have a say in the future of WooCommerce','Take an early look at the future of editing products in WooCommerce. Share your thoughts (~5 minutes) and help shape the experience for yourself and other merchants.','{}','pending','woocommerce.com','2022-08-25 12:08:41',NULL,0,'plain','',0,0,'info'),(58,'product_creation_usability_test_6_months','survey','en_US','Try the new product edit form prototype','Take an early look at the future of editing products in WooCommerce. Share your thoughts (~5 minutes) and help shape the experience for yourself and other merchants.','{}','pending','woocommerce.com','2022-08-30 12:09:15',NULL,0,'plain','',0,0,'info'),(59,'wc-admin-real-time-order-alerts','info','en_US','Get real-time order alerts anywhere','Get notifications about store activity, including new orders and product reviews directly on your mobile devices with the Woo app.','{}','unactioned','woocommerce-admin','2022-09-06 12:10:05',NULL,0,'plain','',0,0,'info'),(60,'product_creation_usability_test_12_months','survey','en_US','Try the new product edit form prototype','Take an early look at the future of editing products in WooCommerce. Share your thoughts (~5 minutes) and help shape the experience for yourself and other merchants.','{}','pending','woocommerce.com','2022-09-07 12:08:50',NULL,0,'plain','',0,0,'info'),(61,'custom_deposit_schedules_inbox','marketing','en_US','Customize your deposit schedule','Receive your funds according to your own business needs with custom deposit schedules from WooCommerce Payments. You’ll have the flexibility to deposit funds into your bank account daily, weekly, monthly, or even on-demand – you’ve done the work, now get paid on your terms.','{}','unactioned','woocommerce.com','2022-09-15 12:11:17',NULL,0,'plain','',0,0,'info'),(62,'googlelistings_signals2022_hasGLA','marketing','en_US','Show off your products with Ads on Google','You’re ready to grow with ads. Google optimizes for performance across your products; you only pay for results. If you’re new to Google, you can earn up to $500 in ad credits (T&amp;Cs apply). <a href=\"https://woocommerce.com/my-account/create-a-ticket/\">Contact support</a> if you need guidance with Google Listings &amp; Ads.','{}','pending','woocommerce.com','2022-09-23 12:08:47',NULL,0,'plain','',0,0,'info'),(63,'googlelistings_signals2022_noGLA','marketing','en_US','Show off your products with Ads on Google','You’re ready to grow with ads. Google optimizes for performance across your products; you only pay for results. If you’re new to Google, you can earn up to $500 in ad credits (T&amp;Cs apply). <a href=\"https://woocommerce.com/my-account/create-a-ticket/\">Contact support</a> if you need guidance with Google Listings &amp; Ads.','{}','pending','woocommerce.com','2022-09-23 12:08:47',NULL,0,'plain','',0,0,'info'),(64,'pre-black-friday-sale-2022-announcement','marketing','en_US','Surprise! We’re offering 40% off everything at WooCommerce.com','Just in time to get your store Black Friday ready. Sale ends 7 October, 2pm UTC.','{}','unactioned','woocommerce.com','2022-10-04 12:09:39',NULL,0,'plain','',0,0,'info'),(65,'shipping_category_q4_2022','marketing','en_US','Save time on shipping','Is your store all set to ship? Save valuable time (and money!) by automating your fulfillment process for the busiest shopping season. Explore our range of trusted shipping partners to get started.','{}','unactioned','woocommerce.com','2022-10-13 12:09:43',NULL,0,'plain','',0,0,'info'),(66,'facebook_q4-2022_hasFB','marketing','en_US','Drive more demand this holiday season with Facebook for WooCommerce','Deliver a personalized and seamless shopping experience this holiday season with Facebook for WooCommerce. With more ad formats than ever, you can create engaging ads that meet customers across Facebook, Instagram, Messenger, and WhatsApp throughout the busy shopping season.','{}','pending','woocommerce.com','2022-10-21 12:11:04',NULL,0,'plain','',0,0,'info'),(67,'facebook_q4-2022_noFB','marketing','en_US','Meet your customers where they are with Facebook for WooCommerce','Don’t wait for your customers to come to you – meet them where they’re browsing! Use the Facebook for WooCommerce extension to promote your products on Facebook, Instagram, Messenger, and WhatsApp. Create seamless shopping experiences – straight from your WooCommerce dashboard.','{}','unactioned','woocommerce.com','2022-10-22 12:08:46',NULL,0,'plain','',0,0,'info'),(68,'tiktok-targeted-q4-2022','marketing','en_US','Get $200 in ad credit from TikTok after you spend $20 on your first campaign','Reach one billion shoppers with TikTok for WooCommerce this holiday season! Sync your product catalog, capture insights, and create ad campaigns right from your dashboard. Connect your store today to unlock this limited time offer! <a href=\"https://ads.tiktok.com/help/article?aid=10011326\">Terms &amp; conditions apply</a>.','{}','pending','woocommerce.com','2022-10-25 12:11:14',NULL,0,'plain','',0,0,'info'),(69,'paypal_paylater_g3_q4_22','marketing','en_US','Turn browsers into buyers with Pay Later','Add PayPal at checkout, plus give customers a buy now, pay later option from the name they trust. With Pay in 4 &amp; Pay Monthly, available in PayPal Payments, you get paid up front while letting customers spread their payments over time. Boost your average order value and convert more sales – at no extra cost to you.','{}','unactioned','woocommerce.com','2022-11-02 12:08:54',NULL,0,'plain','',0,0,'info'),(70,'woocommerce_admin_deprecation_q4_2022','info','en_US','WooCommerce Admin is part of WooCommerce!','To make sure your store continues to run smoothly, check that WooCommerce is up-to-date – at least version 6.5 – and then disable the WooCommerce Admin plugin.','{}','pending','woocommerce.com','2022-11-04 12:08:50',NULL,0,'plain','',0,0,'info'),(71,'paypal_paylater_g2_q4_22','marketing','en_US','Upgrade to PayPal Payments to offer Pay Later at checkout','PayPal Pay Later is included in PayPal Payments at no additional cost to you. Customers can spread their payments over time while you get paid up front. \r\nThere’s never been a better time to upgrade your PayPal plugin. Simply download it and connect with a PayPal Business account.','{}','pending','woocommerce.com','2022-11-04 12:08:50',NULL,0,'plain','',0,0,'info'),(73,'wc-admin-manualauthcapture','marketing','en_US','Miss fewer manual payments in WooCommerce Payments','Using WooCommerce Payments to manually authorize and capture payments? We’ve introduced a simplified and more efficient process, so you can miss fewer payments and continue to grow your revenue.','{}','pending','woocommerce.com','2022-12-01 12:08:52',NULL,0,'plain','',0,0,'info'),(74,'wc-admin-manage-orders-on-the-go','info','en_US','Manage your orders on the go','Look for orders, customer info, and process refunds in one click with the Woo app.','{}','unactioned','woocommerce-admin','2022-12-05 12:09:42',NULL,0,'plain','',0,0,'info'),(75,'apple_pay_square_q422','marketing','en_US','Grow your business with Apple Pay','Start boosting your online conversions today with Apple Pay – shoppers can safely complete a purchase with a touch or a glance and are more likely to come back. Enable Apple Pay with Square by selecting  Settings &gt; Payments &gt; Square.','{}','pending','woocommerce.com','2022-12-08 12:08:56',NULL,0,'plain','',0,0,'info'),(76,'apple_pay_wcpay_q422','marketing','en_US','Grow your business with Apple Pay','Start boosting your online conversions today with Apple Pay – shoppers can safely complete a purchase with a touch or a glance and are more likely to come back. Confirm Apple Pay is enabled by selecting Payments &gt; Settings and making sure Enable express checkouts is checked.','{}','pending','woocommerce.com','2022-12-08 12:08:56',NULL,0,'plain','',0,0,'info'),(77,'meta-hasFB-dec-q4-2022','marketing','en_US','Power up your Facebook ad strategy','Did you know that new privacy policies may be decreasing the effectiveness of your Facebook ads? Get back on track with Meta’s Conversion API. It creates a direct connection between the marketing data from your store and Meta, helping you more accurately track, attribute and improve your Facebook marketing performance.','{}','pending','woocommerce.com','2022-12-10 12:09:38',NULL,0,'plain','',0,0,'info'),(78,'meta-noFB-dec-q4-2022','marketing','en_US','Create highly targeted Facebook ads with Facebook for WooCommerce','Sync your product catalog to create Facebook ads and track their performance – all from within your WooCommerce dashboard. With improved tracking signals and speed, plus more accurate tracking with the introduction of Meta’s Conversion API, you’ll have all the tools you need to run effective ad campaigns.','{}','unactioned','woocommerce.com','2022-12-12 12:09:48',NULL,0,'plain','',0,0,'info'),(82,'ecomm-wc-navigation-survey-2023','info','en_US','Navigating WooCommerce on WordPress.com','We are improving the WooCommerce navigation on WordPress.com and would love your help to make it better! Please share your experience with us in this 2-minute survey.','{}','pending','woocommerce.com','2023-01-16 12:08:50',NULL,0,'plain','',0,0,'info'),(83,'wc-admin-performance-on-mobile','info','en_US','Track your store performance on mobile','Monitor your sales and high performing products with the Woo app.','{}','unactioned','woocommerce-admin','2023-03-05 12:09:11',NULL,0,'plain','',0,0,'info'),(84,'affirm_q1_2023','marketing','en_US','Turn more browsers into buyers with flexible payments','When you offer flexible payment options to shoppers, they\'re more likely to convert. It’s why businesses offering Affirm see an average order value lift of 63%. Affirm tailors your store\'s payment options with terms proven to reach new customers, boost conversions, and grow sales.','{}','unactioned','woocommerce.com','2023-03-13 12:09:46',NULL,0,'plain','',0,0,'info'),(85,'google_listings_ads_pmax_i1_q1_2023_no_gla','marketing','en_US','Create more engaging ads – without the hard work','Get in front of millions of shoppers searching for products like yours with Google Listings &amp; Ads. With new customization features, Google automatically tests multiple combinations of text and images to create the most engaging ad to boost your business. Plus, get up to $500 in ad credit – terms and conditions apply.','{}','unactioned','woocommerce.com','2023-03-16 12:09:47',NULL,0,'plain','',0,0,'info'),(86,'google_listings_ads_pmax_i1_q1_2023_with_gla','marketing','en_US','New customization features to boost your business','You can now add custom images, messaging, and URLs to campaigns in Google Listings &amp; Ads. Google then automatically tests multiple combinations to create the most engaging version to help boost your business. Get more sales with dynamic content – edit an existing campaign or create a new ad now.','{}','pending','woocommerce.com','2023-03-16 12:09:47',NULL,0,'plain','',0,0,'info'),(87,'woocommerce-wcpay-march-2023-update-needed','update','en_US','Action required: Security update for WooCommerce Payments','<strong>Your store requires a security update for WooCommerce Payments</strong>. Please update to the latest version of WooCommerce Payments immediately to address a potential vulnerability discovered on March 22. For more information on how to update, visit this WooCommerce Developer Blog Post.','{}','pending','woocommerce.com','2023-03-24 12:10:46',NULL,0,'plain','',0,0,'info'),(122,'woocommerce-WCstripe-May-2023-updated-needed','update','en_US','Action required: Security update of WooCommerce Stripe plugin','<strong>Your store requires a security update for the WooCommerce Stripe plugin</strong>. Please update the WooCommerce Stripe plugin immediately to address a potential vulnerability.','{}','pending','woocommerce.com','2023-06-02 12:09:19',NULL,0,'plain','',0,0,'info'),(88,'tap_to_pay_iphone_q2_2023_no_wcpay','marketing','en_US','Accept in-person contactless payments on your iPhone','Tap to Pay on iPhone and WooCommerce Payments is quick, secure, and simple to set up — no extra terminals or card readers are needed. Accept contactless debit and credit cards, Apple Pay, and other NFC digital wallets in person.','{}','unactioned','woocommerce.com','2023-04-04 12:08:38',NULL,0,'plain','',0,0,'info'),(89,'tap_to_pay_iphone_q2_2023_with_wcpay','marketing','en_US','New: accept in-person contactless payments on your iPhone','Tap to Pay on iPhone is quick, secure, and simple to set up in WooCommerce Payments — no extra terminals or card readers are needed. Accept contactless debit and credit cards, Apple Pay, and other NFC digital wallets in person in a few short steps!','{}','pending','woocommerce.com','2023-04-04 12:08:38',NULL,0,'plain','',0,0,'info'),(90,'woocommerce-WCPreOrders-april-2023-update-needed','update','en_US','Action required: Security update of WooCommerce Pre-Orders extension','<strong>Your store requires a security update for the WooCommerce Pre-Orders extension</strong>. Please update the WooCommerce Pre-Orders extension immediately to address a potential vulnerability discovered on April 11.','{}','pending','woocommerce.com','2023-04-15 12:09:09',NULL,0,'plain','',0,0,'info'),(91,'wc-admin-wcpay-denmark-Q2-2023','marketing','en_US','WooCommerce Payments is now available in Denmark!','We’ve recently released WooCommerce Payments in Denmark. You can view and manage transactions right in your WordPress dashboard while securely accepting major cards, Apple Pay, and payments in over 100 currencies.','{}','pending','woocommerce.com','2023-04-15 12:09:09',NULL,0,'plain','',0,0,'info'),(92,'wc-admin-wcpay-greece-Q2-2023','marketing','en_US','WooCommerce Payments is now available in Greece!','We’ve recently released WooCommerce Payments in Greece. You can view and manage transactions right in your WordPress dashboard while securely accepting major cards, Apple Pay, and payments in over 100 currencies.','{}','pending','woocommerce.com','2023-04-15 12:09:09',NULL,0,'plain','',0,0,'info'),(93,'wc-admin-wcpay-norway-Q2-2023','marketing','en_US','WooCommerce Payments is now available in Norway!','We’ve recently released WooCommerce Payments in Norway. You can view and manage transactions right in your WordPress dashboard while securely accepting major cards, Apple Pay, and payments in over 100 currencies.','{}','pending','woocommerce.com','2023-04-15 12:09:09',NULL,0,'plain','',0,0,'info'),(94,'wc-admin-wcpay-slovakia-Q2-2023','marketing','en_US','WooCommerce Payments is now available in Slovakia!','We’ve recently released WooCommerce Payments in Slovakia. You can view and manage transactions right in your WordPress dashboard while securely accepting major cards, Apple Pay, and payments in over 100 currencies.','{}','pending','woocommerce.com','2023-04-15 12:09:09',NULL,0,'plain','',0,0,'info'),(95,'wc-admin-wcpay-finland-Q2-2023','marketing','en_US','WooCommerce Payments is now available in Finland!','We’ve recently released WooCommerce Payments in Finland. You can view and manage transactions right in your WordPress dashboard while securely accepting major cards, Apple Pay, and payments in over 100 currencies.','{}','pending','woocommerce.com','2023-04-15 12:09:09',NULL,0,'plain','',0,0,'info'),(96,'wc-admin-wcpay-estonia-Q2-2023','marketing','en_US','WooCommerce Payments is now available in Estonia!','We’ve recently released WooCommerce Payments in Estonia. You can view and manage transactions right in your WordPress dashboard while securely accepting major cards, Apple Pay, and payments in over 100 currencies.','{}','pending','woocommerce.com','2023-04-15 12:09:09',NULL,0,'plain','',0,0,'info'),(97,'wc-admin-wcpay-lithuania-Q2-2023','marketing','en_US','WooCommerce Payments is now available in Lithuania!','We’ve recently released WooCommerce Payments in Lithuania. You can view and manage transactions right in your WordPress dashboard while securely accepting major cards, Apple Pay, and payments in over 100 currencies.','{}','pending','woocommerce.com','2023-04-15 12:09:09',NULL,0,'plain','',0,0,'info'),(98,'wc-admin-wcpay-slovenia-Q2-2023','marketing','en_US','WooCommerce Payments is now available in Slovenia!','We’ve recently released WooCommerce Payments in Slovenia. You can view and manage transactions right in your WordPress dashboard while securely accepting major cards, Apple Pay, and payments in over 100 currencies.','{}','pending','woocommerce.com','2023-04-15 12:09:09',NULL,0,'plain','',0,0,'info'),(99,'wc-admin-wcpay-latvia-Q2-2023','marketing','en_US','WooCommerce Payments is now available in Latvia!','We’ve recently released WooCommerce Payments in Latvia. You can view and manage transactions right in your WordPress dashboard while securely accepting major cards, Apple Pay, and payments in over 100 currencies.','{}','pending','woocommerce.com','2023-04-15 12:09:09',NULL,0,'plain','',0,0,'info'),(100,'wc-admin-wcpay-cyprus-Q2-2023','marketing','en_US','WooCommerce Payments is now available in Cyprus!','We’ve recently released WooCommerce Payments in Cyprus. You can view and manage transactions right in your WordPress dashboard while securely accepting major cards, Apple Pay, and payments in over 100 currencies.','{}','pending','woocommerce.com','2023-04-15 12:09:09',NULL,0,'plain','',0,0,'info'),(101,'wc-admin-wcpay-malta-Q2-2023','marketing','en_US','WooCommerce Payments is now available in Malta!','We’ve recently released WooCommerce Payments in Malta. You can view and manage transactions right in your WordPress dashboard while securely accepting major cards, Apple Pay, and payments in over 100 currencies.','{}','pending','woocommerce.com','2023-04-15 12:09:09',NULL,0,'plain','',0,0,'info'),(102,'wc-admin-wcpay-luxembourg-Q2-2023','marketing','en_US','WooCommerce Payments is now available in Luxembourg!','We’ve recently released WooCommerce Payments in Luxembourg. You can view and manage transactions right in your WordPress dashboard while securely accepting major cards, Apple Pay, and payments in over 100 currencies.','{}','pending','woocommerce.com','2023-04-15 12:09:09',NULL,0,'plain','',0,0,'info'),(103,'wc_admin_BNPL_WCPay_coming-soon_Q1_2023','marketing','en_US','Buy now, pay later is heading to WooCommerce Payments','Great news: full integration with Afterpay and Affirm is on its way to WooCommerce Payments! You’ll soon be able to increase your order values, sell more, and offer customers a payment option they’ll love — with no extra downloads or extensions required.','{}','pending','woocommerce.com','2023-04-27 12:08:40',NULL,0,'plain','',0,0,'info'),(104,'woopay-beta-existingmerchants-noaction-27APR23','info','en_US','WooPay is back!','Thanks for previously trying WooPay, the express checkout feature built into WooCommerce Payments. We’re excited to announce that WooPay availability has resumed. No action is required on your part.\r\n<br /><br />\r\nYou can now continue boosting conversions by offering your customers a simple, secure way to pay with a single click.','{}','pending','woocommerce.com','2023-04-28 12:10:26',NULL,0,'plain','',0,0,'info'),(105,'woopay-beta-existingmerchants-update-27APR23','info','en_US','WooPay is back!','Thanks for previously trying WooPay, the express checkout feature built into WooCommerce Payments. We’re excited to announce that WooPay availability has resumed.\r\n<br /><br />\r\n\r\nUpdate to the latest WooCommerce Payments version to continue boosting conversions by offering your customers a simple, secure way to pay with a single click.','{}','pending','woocommerce.com','2023-04-28 12:10:26',NULL,0,'plain','',0,0,'info'),(106,'woopay-beta-existingmerchants-noaction-27APR23-test2','info','en_US','WooPay is back!','Thanks for previously trying WooPay, the express checkout feature built into WooCommerce Payments. We’re excited to announce that WooPay availability has resumed. No action is required on your part.\r\n<br /><br />\r\nYou can now continue boosting conversions by offering your customers a simple, secure way to pay with a single click.','{}','pending','woocommerce.com','2023-04-28 12:10:26',NULL,0,'plain','',0,0,'info'),(107,'woopay-beta-existingmerchants-update-27APR23-test','info','en_US','WooPay is back!','Thanks for previously trying WooPay, the express checkout feature built into WooCommerce Payments. We’re excited to announce that WooPay availability has resumed.\r\n<br /><br />\r\n\r\nUpdate to the latest WooCommerce Payments version to continue boosting conversions by offering your customers a simple, secure way to pay with a single click.','{}','pending','woocommerce.com','2023-04-28 12:10:26',NULL,0,'plain','',0,0,'info'),(108,'woopay-beta-merchantrecruitment-04MAY23','info','en_US','Increase conversions with WooPay — our fastest checkout yet','WooPay, a new express checkout feature built into WooCommerce Payments, is now available —and we’re inviting you to be one of the first to try it. \r\n<br><br>\r\nBoost conversions by offering your customers a simple, secure way to pay with a single click.\r\n<br><br>\r\nGet started in seconds.','{}','pending','woocommerce.com','2023-05-05 12:08:53',NULL,0,'plain','',0,0,'info'),(109,'woopay-beta-merchantrecruitment-update-04MAY23','info','en_US','Increase conversions with WooPay — our fastest checkout yet','WooPay, a new express checkout feature built into WooCommerce Payments, is now available — and you’re invited to try it. \r\n<br /><br />\r\nBoost conversions by offering your customers a simple, secure way to pay with a single click.\r\n<br /><br />\r\nUpdate WooCommerce Payments to get started.','{}','pending','woocommerce.com','2023-05-05 12:08:53',NULL,0,'plain','',0,0,'info'),(110,'woopay-beta-merchantrecruitment-short-04MAY23','info','en_US','Increase conversions with WooPay — our fastest checkout yet','Be one of the first to try WooPay, a new express checkout feature for WooCommerce Payments. \r\n<br><br>\r\nBoost conversions by letting customers pay with a single click.','{}','pending','woocommerce.com','2023-05-05 12:08:53',NULL,0,'plain','',0,0,'info'),(111,'woopay-beta-merchantrecruitment-short-update-04MAY23','info','en_US','Increase conversions with WooPay — our fastest checkout yet','Be one of the first to try WooPay, our new express checkout feature. <br>Boost conversions by letting customers pay with a single click. <br><br>Update to the latest version of WooCommerce Payments to get started.','{}','pending','woocommerce.com','2023-05-05 12:08:53',NULL,0,'plain','',0,0,'info'),(112,'woopay-beta-merchantrecruitment-short-06MAY23-TESTA','info','en_US','Increase conversions with WooPay — our fastest checkout yet','Be one of the first to try WooPay, a new express checkout feature for WooCommerce Payments. \r\n<br><br>\r\nBoost conversions by letting customers pay with a single click.','{}','pending','woocommerce.com','2023-05-07 12:12:39',NULL,0,'plain','',0,0,'info'),(113,'woopay-beta-merchantrecruitment-short-06MAY23-TESTB','info','en_US','Increase conversions with WooPay — our fastest checkout yet','Be one of the first to try WooPay, a new express checkout feature for WooCommerce Payments. \r\n<br><br>\r\nBoost conversions by letting customers pay with a single click.','{}','pending','woocommerce.com','2023-05-07 12:12:39',NULL,0,'plain','',0,0,'info'),(114,'woopay-beta-merchantrecruitment-short-06MAY23-TESTC','info','en_US','Increase conversions with WooPay — our fastest checkout yet','Be one of the first to try WooPay, a new express checkout feature for WooCommerce Payments. \r\n<br><br>\r\nBoost conversions by letting customers pay with a single click.','{}','pending','woocommerce.com','2023-05-07 12:12:39',NULL,0,'plain','',0,0,'info'),(115,'woopay-beta-merchantrecruitment-short-06MAY23-TESTD','info','en_US','Increase conversions with WooPay — our fastest checkout yet','Be one of the first to try WooPay, a new express checkout feature for WooCommerce Payments. \r\n<br><br>\r\nBoost conversions by letting customers pay with a single click.','{}','pending','woocommerce.com','2023-05-07 12:12:39',NULL,0,'plain','',0,0,'info'),(116,'woopay-beta-merchantrecruitment-short-09MAY23','info','en_US','Increase conversions with WooPay — our fastest checkout yet','Be one of the first to try WooPay, a new express checkout feature for WooCommerce Payments. \r\n<br><br>\r\nBoost conversions by letting customers pay with a single click.','{}','pending','woocommerce.com','2023-05-10 12:10:54',NULL,0,'plain','',0,0,'info'),(117,'woopay-beta-merchantrecruitment-short-update-09MAY23','info','en_US','Increase conversions with WooPay — our fastest checkout yet','Be one of the first to try WooPay, our new express checkout feature. <br>Boost conversions by letting customers pay with a single click. <br><br>Update to the latest version of WooCommerce Payments to get started.','{}','pending','woocommerce.com','2023-05-10 12:10:54',NULL,0,'plain','',0,0,'info'),(118,'payoneer_q2_2023','marketing','en_US','Grow with the next generation of payment processing','Ready to stand out in the new global economy? Payoneer Checkout gives you the power to securely accept payments worldwide, build a checkout that customers love, and manage your store’s transactions and finances – all from the same place.','{}','pending','woocommerce.com','2023-05-14 12:13:55',NULL,0,'plain','',0,0,'info'),(119,'ipp_refresh_q2_2023_us_inbox_notification','marketing','en_US','Grow on the go with in-person payments','Sell your products or services on the go with the M2 card reader – a quick, synchronized, and secure way to take payments, no matter where you are. Create an order using the WooCommerce mobile app and connect your card reader to accept payments.','{}','unactioned','woocommerce.com','2023-05-18 12:10:56',NULL,0,'plain','',0,0,'info'),(120,'ipp_refresh_q2_2023_ca_inbox_notification','marketing','en_US','Grow on the go with in-person payments','Sell your products or services on the go with the WisePad 3 card reader – a quick, synchronized, and secure way to take payments, no matter where you are. Create an order using the WooCommerce mobile app and connect your card reader to accept payments.','{}','pending','woocommerce.com','2023-05-18 12:10:56',NULL,0,'plain','',0,0,'info'),(121,'product_management_card_sorting','survey','en_US','How do you create and edit products?','Have a say in the future of WooCommerce. Take part in a brief exercise and help us understand what information is important to you while editing products.','{}','pending','woocommerce.com','2023-05-19 12:08:47',NULL,0,'plain','',0,0,'info'),(123,'woocommerce-WCReturnsWarranty-June-2023-updated-needed','update','en_US','Action required: Security update of WooCommerce Returns and Warranty Requests extension','<strong>Your store requires a security update for the Returns and Warranty Requests extension</strong>.  Please update to the latest version of the WooCommerce Returns and Warranty Requests extension immediately to address a potential vulnerability discovered on May 31.','{}','pending','woocommerce.com','2023-06-03 12:09:41',NULL,0,'plain','',0,0,'info'),(124,'woocommerce-WCSubscriptions-June-2023-updated-needed','marketing','en_US','Action required: Security update of WooCommerce Subscriptions','<strong>Your store requires a security update for the WooCommerce Subscriptions plugin</strong>. Please update the WooCommerce Subscriptions plugin immediately to address a potential vulnerability.','{}','pending','woocommerce.com','2023-06-06 12:08:57',NULL,0,'plain','',0,0,'info'),(125,'woocommerce-WCPayments-June-2023-updated-needed','update','en_US','Action required: Security update of WooCommerce Payments','<strong>Your store requires a security update for the WooCommerce Payments plugin</strong>. Please update the WooCommerce Payments plugin immediately to address a potential vulnerability.','{}','pending','woocommerce.com','2023-06-07 12:09:36',NULL,0,'plain','',0,0,'info'),(126,'woocommerce_hpos_1st_notification_q2_2023','marketing','en_US','High-Performance Order Storage (HPOS) is on its way','Our team is targeting August 2023 to roll out a major database upgrade that can unlock faster checkout and order creation for your customers — and lightning-quick order lookup for you. Enablement is optional and you won’t be forced to update, but read on to see why this was our most requested new feature.','{}','unactioned','woocommerce.com','2023-06-07 12:09:36',NULL,0,'plain','',0,0,'info'),(127,'wc-admin-edit-products-on-the-move','info','en_US','Edit products on the move','Edit and create new products from your mobile devices with the Woo app','{}','unactioned','woocommerce-admin','2023-06-08 12:08:49',NULL,0,'plain','',0,0,'info'),(128,'woocommerce-WCOPC-June-2023-updated-needed','update','en_US','Action required: Security update of WooCommerce One Page Checkout','<strong>Your shop requires a security update to address a vulnerability in the WooCommerce One Page Checkout extension</strong>. The fix for this vulnerability was released for this extension on June 13th. Please update immediately.','{}','pending','woocommerce.com','2023-06-21 12:12:26',NULL,0,'plain','',0,0,'info'),(129,'wc-admin-wcpay-bulgaria-Q2-2023','marketing','en_US','WooCommerce Payments is now available in Bulgaria!','We’ve recently released WooCommerce Payments in Bulgaria. You can view and manage transactions right in your WordPress dashboard while securely accepting major cards, Apple Pay, and payments in over 100 currencies.','{}','pending','woocommerce.com','2023-06-30 12:09:37',NULL,0,'plain','',0,0,'info'),(130,'wc-admin-wcpay-czechia-Q2-2023','marketing','en_US','WooCommerce Payments is now available in Czechia!','We’ve recently released WooCommerce Payments in Czechia. You can view and manage transactions right in your WordPress dashboard while securely accepting major cards, Apple Pay, and payments in over 100 currencies.','{}','pending','woocommerce.com','2023-06-30 12:09:37',NULL,0,'plain','',0,0,'info'),(131,'wc-admin-wcpay-croatia-Q2-2023','marketing','en_US','WooCommerce Payments is now available in Croatia!','We’ve recently released WooCommerce Payments in Croatia. You can view and manage transactions right in your WordPress dashboard while securely accepting major cards, Apple Pay, and payments in over 100 currencies.','{}','pending','woocommerce.com','2023-06-30 12:09:37',NULL,0,'plain','',0,0,'info'),(132,'wc-admin-wcpay-hungary-Q2-2023','marketing','en_US','WooCommerce Payments is now available in Hungary!','We’ve recently released WooCommerce Payments in Hungary. You can view and manage transactions right in your WordPress dashboard while securely accepting major cards, Apple Pay, and payments in over 100 currencies.','{}','pending','woocommerce.com','2023-06-30 12:09:37',NULL,0,'plain','',0,0,'info'),(133,'wc-admin-wcpay-romania-Q2-2023','marketing','en_US','WooCommerce Payments is now available in Romania!','We’ve recently released WooCommerce Payments in Romania. You can view and manage transactions right in your WordPress dashboard while securely accepting major cards, Apple Pay, and payments in over 100 currencies.','{}','pending','woocommerce.com','2023-06-30 12:09:37',NULL,0,'plain','',0,0,'info'),(134,'wc-admin-wcpay-sweden-Q2-2023','marketing','en_US','WooCommerce Payments is now available in Sweden!','We’ve recently released WooCommerce Payments in Sweden. You can view and manage transactions right in your WordPress dashboard while securely accepting major cards, Apple Pay, and payments in over 100 currencies.','{}','pending','woocommerce.com','2023-06-30 12:09:37',NULL,0,'plain','',0,0,'info'),(135,'tiktok-spc_june-2023','marketing','en_US','Take the guesswork out of TikTok advertising','Save time and create smarter ads using new automated campaign management from TikTok for WooCommerce. Simplify your campaign creation and watch TikTok’s machine learning build, target, and optimize ads that support your advertising goals — and grow your audience.','{}','unactioned','woocommerce.com','2023-06-30 12:09:37',NULL,0,'plain','',0,0,'info'),(136,'woocommerce-WCGC-July-2023-update-needed','update','en_US','Action required: Security update of WooCommerce GoCardless Extension','<strong>Your shop requires a security update to address a vulnerability in the WooCommerce GoCardless extension</strong>. The fix for this vulnerability was released on July 4th. Please update immediately.','{}','pending','woocommerce.com','2023-07-05 12:10:38',NULL,0,'plain','',0,0,'info'),(137,'woocommerce-shipping-fedex-api-outage-2023-07-16','warning','en_US','Scheduled FedEx API outage — July 2023','On July 16 there will be a full outage of the FedEx API from 04:00 to 08:00 AM UTC. Due to planned maintenance by FedEx, you\'ll be unable to provide FedEx shipping rates during this time. Follow the link below for more information and recommendations on how to minimize impact.','{}','pending','woocommerce.com','2023-07-06 12:09:21',NULL,0,'plain','',0,0,'info'),(138,'wcship-2023-07-hazmat-update-needed','update','en_US','Action required: USPS HAZMAT compliance update for WooCommerce Shipping & Tax extension','<strong>Your store requires an update for the WooCommerce Shipping extension</strong>. Please update to the latest version of the WooCommerce Shipping &amp; Tax extension immediately to ensure compliance with new USPS HAZMAT rules currently in effect.','{}','pending','woocommerce.com','2023-07-12 12:08:46',NULL,0,'plain','',0,0,'info'),(139,'square_payments_q3_2023','marketing','en_US','Square for WooCommerce','Connect your Square account with WooCommerce to accept online and in-person payments (including contactless payments and cross-channel gift cards) quickly and securely. Save time by syncing sales, customers, and items and inventory — and manage everything through one centralized platform.','{}','unactioned','woocommerce.com','2023-07-20 12:16:15',NULL,0,'plain','',0,0,'info'),(140,'wc-admin-woopayments-rebrand','marketing','en_US','WooCommerce Payments is now WooPayments','We’ve changed the name as part of recent updates to the Woo brand. You’ll still enjoy the same seamless payments experience — just look for WooPayments in your WordPress admin.','{}','pending','woocommerce.com','2023-07-29 12:14:24',NULL,0,'plain','',0,0,'info'),(141,'woocommerce-WCStripe-Aug-2023-update-needed','update','en_US','Action required: Security update for WooCommerce Stripe plugin','<strong>Your shop requires an important security update for the  WooCommerce Stripe plugin</strong>. The fix for this vulnerability was released on July 31. Please update immediately.','{}','pending','woocommerce.com','2023-08-03 12:10:16',NULL,0,'plain','',0,0,'info'),(142,'woocommerce-WCStripe-Aug-2023-security-updated','update','en_US','Security update of WooCommerce Stripe plugin','<strong>Your store has been updated to the latest secure version of the WooCommerce Stripe plugin</strong>. This update was released on July 31.','{}','pending','woocommerce.com','2023-08-03 12:10:16',NULL,0,'plain','',0,0,'info'),(143,'woocommerce-WooPayments-Aug-2023-update-needed','update','en_US','Action required: Security update for WooPayments (WooCommerce Payments) plugin','<strong>Your shop requires an important security update for the WooPayments (WooCommerce Payments) extension</strong>. The fix for this vulnerability was released on July 31. Please update immediately.','{}','pending','woocommerce.com','2023-08-03 12:10:16',NULL,0,'plain','',0,0,'info'),(144,'woocommerce-WooPayments-Aug-2023-security-updated','update','en_US','Security update of WooPayments (WooCommerce Payments) plugin','<strong>Your store has been updated to the more secure version of WooPayments (WooCommerce Payments)</strong>. This update was released on July 31.','{}','pending','woocommerce.com','2023-08-03 12:10:16',NULL,0,'plain','',0,0,'info'),(145,'tiktok-apac-webinar-2023','marketing','en_US','Unlocking TikTok: Live Webinar August 9','Join us on August 9 for a free online masterclass with our partners at TikTok, tailored to Woo merchants in the APAC region (11 am AEST). You’ll learn how to connect your store to TikTok, unlock expert advertising tools, and reach its one billion active global users — all from the comfort of your own home.','{}','pending','woocommerce.com','2023-08-05 12:09:21',NULL,0,'plain','',0,0,'info'),(146,'avalara_q3-2023_noAvaTax','marketing','en_US','Automatically calculate VAT in real time','Take the effort out of determining tax rates and sell confidently across borders with automated tax management from Avalara AvaTax— including built-in VAT calculation when you sell into or across the EU and UK. Save time and stay compliant when you let Avalara do the heavy lifting.','{}','pending','woocommerce.com','2023-08-09 12:09:13',NULL,0,'plain','',0,0,'info'),(147,'avalara_q3-2023_withAvaTax','marketing','en_US','New in AvaTax: Calculate VAT in real time','Take the effort out of determining tax rates and sell confidently across borders with automated tax management from Avalara AvaTax— including built-in VAT calculation when you sell into or across the EU and UK. Save time and stay compliant when you let Avalara do the heavy lifting.','{}','pending','woocommerce.com','2023-08-09 12:09:13',NULL,0,'plain','',0,0,'info'),(148,'google_uxstudy_recruitment_q3-2023','marketing','en_US','Share your feedback in exchange for $150','Woo has teamed up with Google to collect feedback on advertising products and services available to you. If selected, you’ll receive an incentive equal to $150 USD for a 60-minute interview that can help improve the products you use to advertise. If interested, please take 2 minutes to complete the screening survey.','{}','pending','woocommerce.com','2023-08-10 12:09:18',NULL,0,'plain','',0,0,'info'),(149,'woo-activation-survey-blockers-22AUG23','info','en_US','How can we help you get that first sale?','Your feedback is vital. Please take a minute to share your experience of setting up your new store and whether anything is preventing you from making those first few sales. Together, we can make Woo even better!','{}','pending','woocommerce.com','2023-08-23 12:08:59',NULL,0,'plain','',0,0,'info'),(150,'tiktok_shopGTM_q3-2023_hasTikTok','marketing','en_US','You can now sell your products on TikTok Shop','TikTok is changing the way shoppers find and connect with brands. With TikTok Shop, you can sync your entire catalog from within Woo and sell directly to TikTok users through in-feed videos, livestreams, and your product showcase tab.','{}','pending','woocommerce.com','2023-09-06 12:14:16',NULL,0,'plain','',0,0,'info'),(151,'tiktok_shopGTM_q3-2023_noTikTok','marketing','en_US','You can now sell your products on TikTok Shop','TikTok is changing the way shoppers find and connect with brands. With TikTok Shop, you can sync your entire catalog from within Woo and sell directly to TikTok users through in-feed videos, livestreams, and your product showcase tab.','{}','pending','woocommerce.com','2023-09-08 12:10:09',NULL,0,'plain','',0,0,'info'),(152,'klaviyo_q3_2023','marketing','en_US','Build long lasting relationships with Klaviyo for WooCommerce','Increase customer engagement and boost conversions with powerful email and SMS automation from Klaviyo. Fully integrated with your Woo store, Klaviyo enables you to send personalized communications to your customers — ensuring that the right message is delivered at the right time for maximum impact.','{}','pending','woocommerce.com','2023-09-12 12:08:41',NULL,0,'plain','',0,0,'info'),(153,'wc_admin_BNPL_WCPay_Q3_2023','marketing','en_US','Afterpay and Affirm have arrived in WooCommerce Payments!','Give your customers more power with buy now, pay later from Afterpay and Affirm — now included as part of WooCommerce Payments! With this new integration, you can quickly offer a checkout option that converts sales and boosts average order value, all from within the same payments dashboard you already know.','{}','pending','woocommerce.com','2023-09-19 08:13:24',NULL,0,'plain','',0,0,'info'),(154,'wc_admin_afterpay_WCPay_Q3_2023','marketing','en_US','Afterpay has arrived in WooCommerce Payments!','Give your customers more power with buy now, pay later from Afterpay — now included as part of WooCommerce Payments! With this new integration, you can quickly offer a checkout option that converts sales and boosts average order value, all from within the same payments dashboard you already know.','{}','pending','woocommerce.com','2023-09-19 08:13:24',NULL,0,'plain','',0,0,'info'),(155,'woocommerce-usermeta-Sept2023-productvendors','update','en_US','Your store requires a security update','<strong>Your shop needs an update to address a vulnerability in WooCommerce.</strong> The fix was released on Sept 15. Please update WooCommerce to the latest version immediately. <a href=\"https://developer.woocommerce.com/2023/09/16/woocommerce-vulnerability-reintroduced-from-7-0-1/\" />Read our developer update</a> for more information.','{}','pending','woocommerce.com','2023-09-20 12:08:51',NULL,0,'plain','',0,0,'info'),(156,'Klarna_10OCT23','marketing','en_US','Klarna is now available','This is a test. Klarna is now available.','{}','pending','woocommerce.com','2023-10-11 13:48:00',NULL,0,'plain','',0,0,'info'),(157,'wc_com_in_person_payments_card_sale_US_inbox_note_q4_23','marketing','en_US','Save 35% on a WooPayments card reader','Have you been thinking about selling your products or services in person? Now’s the perfect time to do so, as we’re discounting our M2 card readers by 35%! Securely process payments wherever your business takes you, with full store and inventory sync. Don’t miss out — this offer ends October 29, 2023.','{}','pending','woocommerce.com','2023-10-13 12:10:28',NULL,0,'plain','',0,0,'info'),(158,'wc_com_in_person_payments_card_sale_UK_inbox_note_q4_23','marketing','en_US','Save 35% on a WooPayments card reader','Have you been thinking about selling your products or services in person? Now’s the perfect time to do so, as we’re discounting our WisePad 3 card readers by 35%! Securely process payments wherever your business takes you, with full store and inventory sync. Don’t miss out — this offer ends 29th October 2023.','{}','pending','woocommerce.com','2023-10-13 12:10:28',NULL,0,'plain','',0,0,'info'),(159,'wc_com_in_person_payments_card_sale_CA_inbox_note_q4_23','marketing','en_US','Save 35% on a WooPayments card reader','Have you been thinking about selling your products or services in person? Now’s the perfect time to do so, as we’re discounting our WisePad 3 card readers by 35%! Securely process payments wherever your business takes you, with full store and inventory sync. Don’t miss out — this offer ends October 29, 2023.','{}','pending','woocommerce.com','2023-10-13 12:10:28',NULL,0,'plain','',0,0,'info'),(160,'woocommerce-STRIPE-Oct-2023-update-needed','update','en_US','Action required: Security update for WooCommerce Stripe Gateway','<strong>Your shop requires a security update to address a vulnerability in the WooCommerce Stripe Gateway</strong>. The fix for this vulnerability was released on October 17. Please update immediately.','{}','pending','woocommerce.com','2023-10-18 12:09:21',NULL,0,'plain','',0,0,'info'),(161,'wc_admin_WooPay_Q4_2023','marketing','en_US','Convert more sales with our fastest checkout yet','Enable WooPay and offer the only single-click checkout experience built by Woo, for Woo. Give shoppers the power to pay instantly and securely speed through checkout, even if it\'s their first visit. Add it for free with one tap in your WooPayments dashboard.','{}','pending','woocommerce.com','2023-10-28 12:08:49',NULL,0,'plain','',0,0,'info'),(162,'wc_admin_WooPay_Oct30_2023','marketing','en_US','Convert more sales with our fastest checkout yet','Enable WooPay and offer the only single-click checkout experience built by Woo, for Woo. Give shoppers the power to pay instantly and securely speed through checkout, even if it\'s their first visit. Add it for free with one tap in your WooPayments dashboard.','{}','pending','woocommerce.com','2023-11-03 12:09:09',NULL,0,'plain','',0,0,'info'),(163,'paypal_paylater_q4_23','marketing','en_US','Boost your sales this holiday season with PayPal','Set yourself up for success this holiday season by allowing customers to pay the way they prefer. With the latest version of PayPal Payments, you can accept PayPal, Venmo (US), Pay Later*, credit and debit cards, and popular alternative payment methods in one secure solution.','{}','pending','woocommerce.com','2023-11-07 12:09:19',NULL,0,'plain','',0,0,'info'),(164,'tap_to_pay_iphone_q4_2023_no_woopayments','marketing','en_US','Accept in-person contactless payments on your iPhone','Tap to Pay on iPhone and WooPayments is quick, secure, and simple to set up — no extra terminals or card readers are needed. Accept contactless debit and credit cards, Apple Pay, and other NFC digital wallets in person.','{}','pending','woocommerce.com','2023-12-06 12:08:46',NULL,0,'plain','',0,0,'info'),(165,'tap_to_pay_iphone_q4_2023_with_woopayments','marketing','en_US','Accept in-person contactless payments on your iPhone','Tap to Pay on iPhone is quick, secure, and simple to set up in WooPayments — no extra terminals or card readers are needed. Accept contactless debit and credit cards, Apple Pay, and other NFC digital wallets in person in a few short steps!','{}','pending','woocommerce.com','2023-12-06 12:08:46',NULL,0,'plain','',0,0,'info'),(166,'amazon-mcf-reviews-2023-12-07','marketing','en_US','Enjoying Amazon MCF for WooCommerce?','We\'re Never Settle, the developers behind Amazon MCF for WooCommerce, and would be deeply honored to have your review. Reviews help immensely as other users can learn how MCF can solve their needs too! Not happy or need help? Please reach out for support and we’d love to make things right!','{}','pending','woocommerce.com','2023-12-07 12:10:19',NULL,0,'plain','',0,0,'info'),(167,'amazon_pay_reactivate_q1-24','marketing','en_US','Special offer: Activate 0% promo rate for Amazon Pay','For a limited time, Woo merchants who register with Amazon Pay can enjoy a promotional rate of 0% on all transaction fees for 30 days. Valid for businesses based in the United Kingdom. Terms and conditions apply.','{}','pending','woocommerce.com','2024-01-10 12:09:54',NULL,0,'plain','',0,0,'info'),(168,'remove_estimated_deposits_2024','marketing','en_US','Estimated deposits are going away','To provide more accurate deposit information and support the expansion of instant deposits, estimated deposit details will no longer be available in WooPayments. We recommend upgrading to the latest version of WooPayments for more detailed balance status information.','{}','pending','woocommerce.com','2024-01-19 12:10:48',NULL,0,'plain','',0,0,'info'),(169,'custom_order_attribution_inbox_q1_2024','marketing','en_US','NEW: Custom Order Attribution','Order attribution tracking is now available for all Woo stores! See whether an order came from a search ad, video, or email. Make better marketing decisions and watch your products go from “maybe” to “must-have.”','{}','pending','woocommerce.com','2024-02-06 12:11:03',NULL,0,'plain','',0,0,'info'),(170,'wc_admin_UKpricingchange_WCPay_Q1_2024','marketing','en_US','Fee Changes for WooPayments in the EEA and UK','WooPayments fees for transactions between the EEA and UK will change as of 1st March, 2024. Transactions between the UK and EEA are now deemed by card networks to be cross-border, thus international payment fees will be applicable. This also changes base processing fees.','{}','pending','woocommerce.com','2024-03-01 12:09:37',NULL,0,'plain','',0,0,'info'),(171,'airwallex_q1_2024','marketing','en_US','Save big on foreign exchange (FX) fees','Boost your international sales by offering Apple Pay, Google Pay, and 60+ local payment methods with Airwallex. Save time and money by settling payments directly in USD, EUR, HKD, SGD, AUD, and more — without the extra FX fees. Simple, cost-effective, fast.','{}','unactioned','woocommerce.com','2024-03-01 12:09:37',NULL,0,'plain','',0,0,'info');

--
-- Table structure for table `wp6y_jobswc_category_lookup`
--

CREATE TABLE `wp6y_jobswc_category_lookup` (
  `category_tree_id` bigint unsigned NOT NULL,
  `category_id` bigint unsigned NOT NULL,
  PRIMARY KEY (`category_tree_id`,`category_id`)
) ENGINE=MyISAM DEFAULT CHARSET=utf8mb4 COLLATE=utf8mb4_unicode_520_ci;

--
-- Dumping data for table `wp6y_jobswc_category_lookup`
--

INSERT INTO `wp6y_jobswc_category_lookup` VALUES (21,21);

--
-- Table structure for table `wp6y_jobswc_customer_lookup`
--

CREATE TABLE `wp6y_jobswc_customer_lookup` (
  `customer_id` bigint unsigned NOT NULL AUTO_INCREMENT,
  `user_id` bigint unsigned DEFAULT NULL,
  `username` varchar(60) COLLATE utf8mb4_unicode_520_ci NOT NULL DEFAULT '',
  `first_name` varchar(255) COLLATE utf8mb4_unicode_520_ci NOT NULL,
  `last_name` varchar(255) COLLATE utf8mb4_unicode_520_ci NOT NULL,
  `email` varchar(100) COLLATE utf8mb4_unicode_520_ci DEFAULT NULL,
  `date_last_active` timestamp NULL DEFAULT NULL,
  `date_registered` timestamp NULL DEFAULT NULL,
  `country` char(2) COLLATE utf8mb4_unicode_520_ci NOT NULL DEFAULT '',
  `postcode` varchar(20) COLLATE utf8mb4_unicode_520_ci NOT NULL DEFAULT '',
  `city` varchar(100) COLLATE utf8mb4_unicode_520_ci NOT NULL DEFAULT '',
  `state` varchar(100) COLLATE utf8mb4_unicode_520_ci NOT NULL DEFAULT '',
  PRIMARY KEY (`customer_id`),
  UNIQUE KEY `user_id` (`user_id`),
  KEY `email` (`email`)
) ENGINE=MyISAM DEFAULT CHARSET=utf8mb4 COLLATE=utf8mb4_unicode_520_ci;

--
-- Dumping data for table `wp6y_jobswc_customer_lookup`
--


--
-- Table structure for table `wp6y_jobswc_download_log`
--

CREATE TABLE `wp6y_jobswc_download_log` (
  `download_log_id` bigint unsigned NOT NULL AUTO_INCREMENT,
  `timestamp` datetime NOT NULL,
  `permission_id` bigint unsigned NOT NULL,
  `user_id` bigint unsigned DEFAULT NULL,
  `user_ip_address` varchar(100) COLLATE utf8mb4_unicode_520_ci DEFAULT '',
  PRIMARY KEY (`download_log_id`),
  KEY `permission_id` (`permission_id`),
  KEY `timestamp` (`timestamp`)
) ENGINE=MyISAM DEFAULT CHARSET=utf8mb4 COLLATE=utf8mb4_unicode_520_ci;

--
-- Dumping data for table `wp6y_jobswc_download_log`
--


--
-- Table structure for table `wp6y_jobswc_order_addresses`
--

CREATE TABLE `wp6y_jobswc_order_addresses` (
  `id` bigint unsigned NOT NULL AUTO_INCREMENT,
  `order_id` bigint unsigned NOT NULL,
  `address_type` varchar(20) COLLATE utf8mb4_unicode_520_ci DEFAULT NULL,
  `first_name` text COLLATE utf8mb4_unicode_520_ci,
  `last_name` text COLLATE utf8mb4_unicode_520_ci,
  `company` text COLLATE utf8mb4_unicode_520_ci,
  `address_1` text COLLATE utf8mb4_unicode_520_ci,
  `address_2` text COLLATE utf8mb4_unicode_520_ci,
  `city` text COLLATE utf8mb4_unicode_520_ci,
  `state` text COLLATE utf8mb4_unicode_520_ci,
  `postcode` text COLLATE utf8mb4_unicode_520_ci,
  `country` text COLLATE utf8mb4_unicode_520_ci,
  `email` varchar(320) COLLATE utf8mb4_unicode_520_ci DEFAULT NULL,
  `phone` varchar(100) COLLATE utf8mb4_unicode_520_ci DEFAULT NULL,
  PRIMARY KEY (`id`),
  UNIQUE KEY `address_type_order_id` (`address_type`,`order_id`),
  KEY `order_id` (`order_id`),
  KEY `email` (`email`),
  KEY `phone` (`phone`)
) ENGINE=InnoDB DEFAULT CHARSET=utf8mb4 COLLATE=utf8mb4_unicode_520_ci;

--
-- Dumping data for table `wp6y_jobswc_order_addresses`
--


--
-- Table structure for table `wp6y_jobswc_order_coupon_lookup`
--

CREATE TABLE `wp6y_jobswc_order_coupon_lookup` (
  `order_id` bigint unsigned NOT NULL,
  `coupon_id` bigint NOT NULL,
  `date_created` datetime NOT NULL DEFAULT '0000-00-00 00:00:00',
  `discount_amount` double NOT NULL DEFAULT '0',
  PRIMARY KEY (`order_id`,`coupon_id`),
  KEY `coupon_id` (`coupon_id`),
  KEY `date_created` (`date_created`)
) ENGINE=MyISAM DEFAULT CHARSET=utf8mb4 COLLATE=utf8mb4_unicode_520_ci;

--
-- Dumping data for table `wp6y_jobswc_order_coupon_lookup`
--


--
-- Table structure for table `wp6y_jobswc_order_operational_data`
--

CREATE TABLE `wp6y_jobswc_order_operational_data` (
  `id` bigint unsigned NOT NULL AUTO_INCREMENT,
  `order_id` bigint unsigned DEFAULT NULL,
  `created_via` varchar(100) COLLATE utf8mb4_unicode_520_ci DEFAULT NULL,
  `woocommerce_version` varchar(20) COLLATE utf8mb4_unicode_520_ci DEFAULT NULL,
  `prices_include_tax` tinyint(1) DEFAULT NULL,
  `coupon_usages_are_counted` tinyint(1) DEFAULT NULL,
  `download_permission_granted` tinyint(1) DEFAULT NULL,
  `cart_hash` varchar(100) COLLATE utf8mb4_unicode_520_ci DEFAULT NULL,
  `new_order_email_sent` tinyint(1) DEFAULT NULL,
  `order_key` varchar(100) COLLATE utf8mb4_unicode_520_ci DEFAULT NULL,
  `order_stock_reduced` tinyint(1) DEFAULT NULL,
  `date_paid_gmt` datetime DEFAULT NULL,
  `date_completed_gmt` datetime DEFAULT NULL,
  `shipping_tax_amount` decimal(26,8) DEFAULT NULL,
  `shipping_total_amount` decimal(26,8) DEFAULT NULL,
  `discount_tax_amount` decimal(26,8) DEFAULT NULL,
  `discount_total_amount` decimal(26,8) DEFAULT NULL,
  `recorded_sales` tinyint(1) DEFAULT NULL,
  PRIMARY KEY (`id`),
  UNIQUE KEY `order_id` (`order_id`),
  KEY `order_key` (`order_key`)
) ENGINE=InnoDB DEFAULT CHARSET=utf8mb4 COLLATE=utf8mb4_unicode_520_ci;

--
-- Dumping data for table `wp6y_jobswc_order_operational_data`
--


--
-- Table structure for table `wp6y_jobswc_order_product_lookup`
--

CREATE TABLE `wp6y_jobswc_order_product_lookup` (
  `order_item_id` bigint unsigned NOT NULL,
  `order_id` bigint unsigned NOT NULL,
  `product_id` bigint unsigned NOT NULL,
  `variation_id` bigint unsigned NOT NULL,
  `customer_id` bigint unsigned DEFAULT NULL,
  `date_created` datetime NOT NULL DEFAULT '0000-00-00 00:00:00',
  `product_qty` int NOT NULL,
  `product_net_revenue` double NOT NULL DEFAULT '0',
  `product_gross_revenue` double NOT NULL DEFAULT '0',
  `coupon_amount` double NOT NULL DEFAULT '0',
  `tax_amount` double NOT NULL DEFAULT '0',
  `shipping_amount` double NOT NULL DEFAULT '0',
  `shipping_tax_amount` double NOT NULL DEFAULT '0',
  PRIMARY KEY (`order_item_id`),
  KEY `order_id` (`order_id`),
  KEY `product_id` (`product_id`),
  KEY `customer_id` (`customer_id`),
  KEY `date_created` (`date_created`)
) ENGINE=MyISAM DEFAULT CHARSET=utf8mb4 COLLATE=utf8mb4_unicode_520_ci;

--
-- Dumping data for table `wp6y_jobswc_order_product_lookup`
--


--
-- Table structure for table `wp6y_jobswc_order_stats`
--

CREATE TABLE `wp6y_jobswc_order_stats` (
  `order_id` bigint unsigned NOT NULL,
  `parent_id` bigint unsigned NOT NULL DEFAULT '0',
  `date_created` datetime NOT NULL DEFAULT '0000-00-00 00:00:00',
  `date_created_gmt` datetime NOT NULL DEFAULT '0000-00-00 00:00:00',
  `num_items_sold` int NOT NULL DEFAULT '0',
  `total_sales` double NOT NULL DEFAULT '0',
  `tax_total` double NOT NULL DEFAULT '0',
  `shipping_total` double NOT NULL DEFAULT '0',
  `net_total` double NOT NULL DEFAULT '0',
  `returning_customer` tinyint(1) DEFAULT NULL,
  `status` varchar(200) COLLATE utf8mb4_unicode_520_ci NOT NULL,
  `customer_id` bigint unsigned NOT NULL,
  `date_paid` datetime DEFAULT '0000-00-00 00:00:00',
  `date_completed` datetime DEFAULT '0000-00-00 00:00:00',
  PRIMARY KEY (`order_id`),
  KEY `date_created` (`date_created`),
  KEY `customer_id` (`customer_id`),
  KEY `status` (`status`(191))
) ENGINE=MyISAM DEFAULT CHARSET=utf8mb4 COLLATE=utf8mb4_unicode_520_ci;

--
-- Dumping data for table `wp6y_jobswc_order_stats`
--


--
-- Table structure for table `wp6y_jobswc_order_tax_lookup`
--

CREATE TABLE `wp6y_jobswc_order_tax_lookup` (
  `order_id` bigint unsigned NOT NULL,
  `tax_rate_id` bigint unsigned NOT NULL,
  `date_created` datetime NOT NULL DEFAULT '0000-00-00 00:00:00',
  `shipping_tax` double NOT NULL DEFAULT '0',
  `order_tax` double NOT NULL DEFAULT '0',
  `total_tax` double NOT NULL DEFAULT '0',
  PRIMARY KEY (`order_id`,`tax_rate_id`),
  KEY `tax_rate_id` (`tax_rate_id`),
  KEY `date_created` (`date_created`)
) ENGINE=MyISAM DEFAULT CHARSET=utf8mb4 COLLATE=utf8mb4_unicode_520_ci;

--
-- Dumping data for table `wp6y_jobswc_order_tax_lookup`
--


--
-- Table structure for table `wp6y_jobswc_orders`
--

CREATE TABLE `wp6y_jobswc_orders` (
  `id` bigint unsigned NOT NULL,
  `status` varchar(20) COLLATE utf8mb4_unicode_520_ci DEFAULT NULL,
  `currency` varchar(10) COLLATE utf8mb4_unicode_520_ci DEFAULT NULL,
  `type` varchar(20) COLLATE utf8mb4_unicode_520_ci DEFAULT NULL,
  `tax_amount` decimal(26,8) DEFAULT NULL,
  `total_amount` decimal(26,8) DEFAULT NULL,
  `customer_id` bigint unsigned DEFAULT NULL,
  `billing_email` varchar(320) COLLATE utf8mb4_unicode_520_ci DEFAULT NULL,
  `date_created_gmt` datetime DEFAULT NULL,
  `date_updated_gmt` datetime DEFAULT NULL,
  `parent_order_id` bigint unsigned DEFAULT NULL,
  `payment_method` varchar(100) COLLATE utf8mb4_unicode_520_ci DEFAULT NULL,
  `payment_method_title` text COLLATE utf8mb4_unicode_520_ci,
  `transaction_id` varchar(100) COLLATE utf8mb4_unicode_520_ci DEFAULT NULL,
  `ip_address` varchar(100) COLLATE utf8mb4_unicode_520_ci DEFAULT NULL,
  `user_agent` text COLLATE utf8mb4_unicode_520_ci,
  `customer_note` text COLLATE utf8mb4_unicode_520_ci,
  PRIMARY KEY (`id`),
  KEY `status` (`status`),
  KEY `date_created` (`date_created_gmt`),
  KEY `customer_id_billing_email` (`customer_id`,`billing_email`),
  KEY `billing_email` (`billing_email`),
  KEY `type_status` (`type`,`status`),
  KEY `parent_order_id` (`parent_order_id`),
  KEY `date_updated` (`date_updated_gmt`)
) ENGINE=InnoDB DEFAULT CHARSET=utf8mb4 COLLATE=utf8mb4_unicode_520_ci;

--
-- Dumping data for table `wp6y_jobswc_orders`
--


--
-- Table structure for table `wp6y_jobswc_orders_meta`
--

CREATE TABLE `wp6y_jobswc_orders_meta` (
  `id` bigint unsigned NOT NULL AUTO_INCREMENT,
  `order_id` bigint unsigned DEFAULT NULL,
  `meta_key` varchar(255) COLLATE utf8mb4_unicode_520_ci DEFAULT NULL,
  `meta_value` text COLLATE utf8mb4_unicode_520_ci,
  PRIMARY KEY (`id`),
  KEY `meta_key_value` (`meta_key`,`meta_value`(100)),
  KEY `order_id_meta_key_meta_value` (`order_id`,`meta_key`,`meta_value`(100))
) ENGINE=InnoDB DEFAULT CHARSET=utf8mb4 COLLATE=utf8mb4_unicode_520_ci;

--
-- Dumping data for table `wp6y_jobswc_orders_meta`
--


--
-- Table structure for table `wp6y_jobswc_product_attributes_lookup`
--

CREATE TABLE `wp6y_jobswc_product_attributes_lookup` (
  `product_id` bigint NOT NULL,
  `product_or_parent_id` bigint NOT NULL,
  `taxonomy` varchar(32) COLLATE utf8mb4_unicode_520_ci NOT NULL,
  `term_id` bigint NOT NULL,
  `is_variation_attribute` tinyint(1) NOT NULL,
  `in_stock` tinyint(1) NOT NULL,
  PRIMARY KEY (`product_or_parent_id`,`term_id`,`product_id`,`taxonomy`),
  KEY `is_variation_attribute_term_id` (`is_variation_attribute`,`term_id`)
) ENGINE=MyISAM DEFAULT CHARSET=utf8mb4 COLLATE=utf8mb4_unicode_520_ci;

--
-- Dumping data for table `wp6y_jobswc_product_attributes_lookup`
--


--
-- Table structure for table `wp6y_jobswc_product_download_directories`
--

CREATE TABLE `wp6y_jobswc_product_download_directories` (
  `url_id` bigint unsigned NOT NULL AUTO_INCREMENT,
  `url` varchar(256) COLLATE utf8mb4_unicode_520_ci NOT NULL,
  `enabled` tinyint(1) NOT NULL DEFAULT '0',
  PRIMARY KEY (`url_id`),
  KEY `url` (`url`(191))
) ENGINE=MyISAM AUTO_INCREMENT=3 DEFAULT CHARSET=utf8mb4 COLLATE=utf8mb4_unicode_520_ci;

--
-- Dumping data for table `wp6y_jobswc_product_download_directories`
--

INSERT INTO `wp6y_jobswc_product_download_directories` VALUES (1,'file:///home/cynos3/public_html/wp-content/uploads/woocommerce_uploads/',1),(2,'https://cynosurejobs.net/wp-content/uploads/woocommerce_uploads/',1);

--
-- Table structure for table `wp6y_jobswc_product_meta_lookup`
--

CREATE TABLE `wp6y_jobswc_product_meta_lookup` (
  `product_id` bigint NOT NULL,
  `sku` varchar(100) COLLATE utf8mb4_unicode_520_ci DEFAULT '',
  `virtual` tinyint(1) DEFAULT '0',
  `downloadable` tinyint(1) DEFAULT '0',
  `min_price` decimal(19,4) DEFAULT NULL,
  `max_price` decimal(19,4) DEFAULT NULL,
  `onsale` tinyint(1) DEFAULT '0',
  `stock_quantity` double DEFAULT NULL,
  `stock_status` varchar(100) COLLATE utf8mb4_unicode_520_ci DEFAULT 'instock',
  `rating_count` bigint DEFAULT '0',
  `average_rating` decimal(3,2) DEFAULT '0.00',
  `total_sales` bigint DEFAULT '0',
  `tax_status` varchar(100) COLLATE utf8mb4_unicode_520_ci DEFAULT 'taxable',
  `tax_class` varchar(100) COLLATE utf8mb4_unicode_520_ci DEFAULT '',
  PRIMARY KEY (`product_id`),
  KEY `virtual` (`virtual`),
  KEY `downloadable` (`downloadable`),
  KEY `stock_status` (`stock_status`),
  KEY `stock_quantity` (`stock_quantity`),
  KEY `onsale` (`onsale`),
  KEY `min_max_price` (`min_price`,`max_price`)
) ENGINE=MyISAM DEFAULT CHARSET=utf8mb4 COLLATE=utf8mb4_unicode_520_ci;

--
-- Dumping data for table `wp6y_jobswc_product_meta_lookup`
--


--
-- Table structure for table `wp6y_jobswc_rate_limits`
--

CREATE TABLE `wp6y_jobswc_rate_limits` (
  `rate_limit_id` bigint unsigned NOT NULL AUTO_INCREMENT,
  `rate_limit_key` varchar(200) COLLATE utf8mb4_unicode_520_ci NOT NULL,
  `rate_limit_expiry` bigint unsigned NOT NULL,
  `rate_limit_remaining` smallint NOT NULL DEFAULT '0',
  PRIMARY KEY (`rate_limit_id`),
  UNIQUE KEY `rate_limit_key` (`rate_limit_key`(191))
) ENGINE=MyISAM DEFAULT CHARSET=utf8mb4 COLLATE=utf8mb4_unicode_520_ci;

--
-- Dumping data for table `wp6y_jobswc_rate_limits`
--


--
-- Table structure for table `wp6y_jobswc_reserved_stock`
--

CREATE TABLE `wp6y_jobswc_reserved_stock` (
  `order_id` bigint NOT NULL,
  `product_id` bigint NOT NULL,
  `stock_quantity` double NOT NULL DEFAULT '0',
  `timestamp` datetime NOT NULL DEFAULT '0000-00-00 00:00:00',
  `expires` datetime NOT NULL DEFAULT '0000-00-00 00:00:00',
  PRIMARY KEY (`order_id`,`product_id`)
) ENGINE=MyISAM DEFAULT CHARSET=utf8mb4 COLLATE=utf8mb4_unicode_520_ci;

--
-- Dumping data for table `wp6y_jobswc_reserved_stock`
--


--
-- Table structure for table `wp6y_jobswc_tax_rate_classes`
--

CREATE TABLE `wp6y_jobswc_tax_rate_classes` (
  `tax_rate_class_id` bigint unsigned NOT NULL AUTO_INCREMENT,
  `name` varchar(200) COLLATE utf8mb4_unicode_520_ci NOT NULL DEFAULT '',
  `slug` varchar(200) COLLATE utf8mb4_unicode_520_ci NOT NULL DEFAULT '',
  PRIMARY KEY (`tax_rate_class_id`),
  UNIQUE KEY `slug` (`slug`(191))
) ENGINE=MyISAM AUTO_INCREMENT=3 DEFAULT CHARSET=utf8mb4 COLLATE=utf8mb4_unicode_520_ci;

--
-- Dumping data for table `wp6y_jobswc_tax_rate_classes`
--

INSERT INTO `wp6y_jobswc_tax_rate_classes` VALUES (1,'Reduced rate','reduced-rate'),(2,'Zero rate','zero-rate');

--
-- Table structure for table `wp6y_jobswc_webhooks`
--

CREATE TABLE `wp6y_jobswc_webhooks` (
  `webhook_id` bigint unsigned NOT NULL AUTO_INCREMENT,
  `status` varchar(200) COLLATE utf8mb4_unicode_520_ci NOT NULL,
  `name` text COLLATE utf8mb4_unicode_520_ci NOT NULL,
  `user_id` bigint unsigned NOT NULL,
  `delivery_url` text COLLATE utf8mb4_unicode_520_ci NOT NULL,
  `secret` text COLLATE utf8mb4_unicode_520_ci NOT NULL,
  `topic` varchar(200) COLLATE utf8mb4_unicode_520_ci NOT NULL,
  `date_created` datetime NOT NULL DEFAULT '0000-00-00 00:00:00',
  `date_created_gmt` datetime NOT NULL DEFAULT '0000-00-00 00:00:00',
  `date_modified` datetime NOT NULL DEFAULT '0000-00-00 00:00:00',
  `date_modified_gmt` datetime NOT NULL DEFAULT '0000-00-00 00:00:00',
  `api_version` smallint NOT NULL,
  `failure_count` smallint NOT NULL DEFAULT '0',
  `pending_delivery` tinyint(1) NOT NULL DEFAULT '0',
  PRIMARY KEY (`webhook_id`),
  KEY `user_id` (`user_id`)
) ENGINE=MyISAM DEFAULT CHARSET=utf8mb4 COLLATE=utf8mb4_unicode_520_ci;

--
-- Dumping data for table `wp6y_jobswc_webhooks`
--


--
-- Table structure for table `wp6y_jobswoocommerce_api_keys`
--

CREATE TABLE `wp6y_jobswoocommerce_api_keys` (
  `key_id` bigint unsigned NOT NULL AUTO_INCREMENT,
  `user_id` bigint unsigned NOT NULL,
  `description` varchar(200) COLLATE utf8mb4_unicode_520_ci DEFAULT NULL,
  `permissions` varchar(10) COLLATE utf8mb4_unicode_520_ci NOT NULL,
  `consumer_key` char(64) COLLATE utf8mb4_unicode_520_ci NOT NULL,
  `consumer_secret` char(43) COLLATE utf8mb4_unicode_520_ci NOT NULL,
  `nonces` longtext COLLATE utf8mb4_unicode_520_ci,
  `truncated_key` char(7) COLLATE utf8mb4_unicode_520_ci NOT NULL,
  `last_access` datetime DEFAULT NULL,
  PRIMARY KEY (`key_id`),
  KEY `consumer_key` (`consumer_key`),
  KEY `consumer_secret` (`consumer_secret`)
) ENGINE=MyISAM DEFAULT CHARSET=utf8mb4 COLLATE=utf8mb4_unicode_520_ci;

--
-- Dumping data for table `wp6y_jobswoocommerce_api_keys`
--


--
-- Table structure for table `wp6y_jobswoocommerce_attribute_taxonomies`
--

CREATE TABLE `wp6y_jobswoocommerce_attribute_taxonomies` (
  `attribute_id` bigint unsigned NOT NULL AUTO_INCREMENT,
  `attribute_name` varchar(200) COLLATE utf8mb4_unicode_520_ci NOT NULL,
  `attribute_label` varchar(200) COLLATE utf8mb4_unicode_520_ci DEFAULT NULL,
  `attribute_type` varchar(20) COLLATE utf8mb4_unicode_520_ci NOT NULL,
  `attribute_orderby` varchar(20) COLLATE utf8mb4_unicode_520_ci NOT NULL,
  `attribute_public` int NOT NULL DEFAULT '1',
  PRIMARY KEY (`attribute_id`),
  KEY `attribute_name` (`attribute_name`(20))
) ENGINE=MyISAM DEFAULT CHARSET=utf8mb4 COLLATE=utf8mb4_unicode_520_ci;

--
-- Dumping data for table `wp6y_jobswoocommerce_attribute_taxonomies`
--


--
-- Table structure for table `wp6y_jobswoocommerce_downloadable_product_permissions`
--

CREATE TABLE `wp6y_jobswoocommerce_downloadable_product_permissions` (
  `permission_id` bigint unsigned NOT NULL AUTO_INCREMENT,
  `download_id` varchar(36) COLLATE utf8mb4_unicode_520_ci NOT NULL,
  `product_id` bigint unsigned NOT NULL,
  `order_id` bigint unsigned NOT NULL DEFAULT '0',
  `order_key` varchar(200) COLLATE utf8mb4_unicode_520_ci NOT NULL,
  `user_email` varchar(200) COLLATE utf8mb4_unicode_520_ci NOT NULL,
  `user_id` bigint unsigned DEFAULT NULL,
  `downloads_remaining` varchar(9) COLLATE utf8mb4_unicode_520_ci DEFAULT NULL,
  `access_granted` datetime NOT NULL DEFAULT '0000-00-00 00:00:00',
  `access_expires` datetime DEFAULT NULL,
  `download_count` bigint unsigned NOT NULL DEFAULT '0',
  PRIMARY KEY (`permission_id`),
  KEY `download_order_key_product` (`product_id`,`order_id`,`order_key`(16),`download_id`),
  KEY `download_order_product` (`download_id`,`order_id`,`product_id`),
  KEY `order_id` (`order_id`),
  KEY `user_order_remaining_expires` (`user_id`,`order_id`,`downloads_remaining`,`access_expires`)
) ENGINE=MyISAM DEFAULT CHARSET=utf8mb4 COLLATE=utf8mb4_unicode_520_ci;

--
-- Dumping data for table `wp6y_jobswoocommerce_downloadable_product_permissions`
--


--
-- Table structure for table `wp6y_jobswoocommerce_log`
--

CREATE TABLE `wp6y_jobswoocommerce_log` (
  `log_id` bigint unsigned NOT NULL AUTO_INCREMENT,
  `timestamp` datetime NOT NULL,
  `level` smallint NOT NULL,
  `source` varchar(200) COLLATE utf8mb4_unicode_520_ci NOT NULL,
  `message` longtext COLLATE utf8mb4_unicode_520_ci NOT NULL,
  `context` longtext COLLATE utf8mb4_unicode_520_ci,
  PRIMARY KEY (`log_id`),
  KEY `level` (`level`)
) ENGINE=MyISAM DEFAULT CHARSET=utf8mb4 COLLATE=utf8mb4_unicode_520_ci;

--
-- Dumping data for table `wp6y_jobswoocommerce_log`
--


--
-- Table structure for table `wp6y_jobswoocommerce_order_itemmeta`
--

CREATE TABLE `wp6y_jobswoocommerce_order_itemmeta` (
  `meta_id` bigint unsigned NOT NULL AUTO_INCREMENT,
  `order_item_id` bigint unsigned NOT NULL,
  `meta_key` varchar(255) COLLATE utf8mb4_unicode_520_ci DEFAULT NULL,
  `meta_value` longtext COLLATE utf8mb4_unicode_520_ci,
  PRIMARY KEY (`meta_id`),
  KEY `order_item_id` (`order_item_id`),
  KEY `meta_key` (`meta_key`(32))
) ENGINE=MyISAM DEFAULT CHARSET=utf8mb4 COLLATE=utf8mb4_unicode_520_ci;

--
-- Dumping data for table `wp6y_jobswoocommerce_order_itemmeta`
--


--
-- Table structure for table `wp6y_jobswoocommerce_order_items`
--

CREATE TABLE `wp6y_jobswoocommerce_order_items` (
  `order_item_id` bigint unsigned NOT NULL AUTO_INCREMENT,
  `order_item_name` text COLLATE utf8mb4_unicode_520_ci NOT NULL,
  `order_item_type` varchar(200) COLLATE utf8mb4_unicode_520_ci NOT NULL DEFAULT '',
  `order_id` bigint unsigned NOT NULL,
  PRIMARY KEY (`order_item_id`),
  KEY `order_id` (`order_id`)
) ENGINE=MyISAM DEFAULT CHARSET=utf8mb4 COLLATE=utf8mb4_unicode_520_ci;

--
-- Dumping data for table `wp6y_jobswoocommerce_order_items`
--


--
-- Table structure for table `wp6y_jobswoocommerce_payment_tokenmeta`
--

CREATE TABLE `wp6y_jobswoocommerce_payment_tokenmeta` (
  `meta_id` bigint unsigned NOT NULL AUTO_INCREMENT,
  `payment_token_id` bigint unsigned NOT NULL,
  `meta_key` varchar(255) COLLATE utf8mb4_unicode_520_ci DEFAULT NULL,
  `meta_value` longtext COLLATE utf8mb4_unicode_520_ci,
  PRIMARY KEY (`meta_id`),
  KEY `payment_token_id` (`payment_token_id`),
  KEY `meta_key` (`meta_key`(32))
) ENGINE=MyISAM DEFAULT CHARSET=utf8mb4 COLLATE=utf8mb4_unicode_520_ci;

--
-- Dumping data for table `wp6y_jobswoocommerce_payment_tokenmeta`
--


--
-- Table structure for table `wp6y_jobswoocommerce_payment_tokens`
--

CREATE TABLE `wp6y_jobswoocommerce_payment_tokens` (
  `token_id` bigint unsigned NOT NULL AUTO_INCREMENT,
  `gateway_id` varchar(200) COLLATE utf8mb4_unicode_520_ci NOT NULL,
  `token` text COLLATE utf8mb4_unicode_520_ci NOT NULL,
  `user_id` bigint unsigned NOT NULL DEFAULT '0',
  `type` varchar(200) COLLATE utf8mb4_unicode_520_ci NOT NULL,
  `is_default` tinyint(1) NOT NULL DEFAULT '0',
  PRIMARY KEY (`token_id`),
  KEY `user_id` (`user_id`)
) ENGINE=MyISAM DEFAULT CHARSET=utf8mb4 COLLATE=utf8mb4_unicode_520_ci;

--
-- Dumping data for table `wp6y_jobswoocommerce_payment_tokens`
--


--
-- Table structure for table `wp6y_jobswoocommerce_sessions`
--

CREATE TABLE `wp6y_jobswoocommerce_sessions` (
  `session_id` bigint unsigned NOT NULL AUTO_INCREMENT,
  `session_key` char(32) COLLATE utf8mb4_unicode_520_ci NOT NULL,
  `session_value` longtext COLLATE utf8mb4_unicode_520_ci NOT NULL,
  `session_expiry` bigint unsigned NOT NULL,
  PRIMARY KEY (`session_id`),
  UNIQUE KEY `session_key` (`session_key`)
) ENGINE=MyISAM AUTO_INCREMENT=86 DEFAULT CHARSET=utf8mb4 COLLATE=utf8mb4_unicode_520_ci;

--
-- Dumping data for table `wp6y_jobswoocommerce_sessions`
--

INSERT INTO `wp6y_jobswoocommerce_sessions` VALUES (85,'1','a:7:{s:4:\"cart\";s:6:\"a:0:{}\";s:11:\"cart_totals\";s:367:\"a:15:{s:8:\"subtotal\";i:0;s:12:\"subtotal_tax\";i:0;s:14:\"shipping_total\";i:0;s:12:\"shipping_tax\";i:0;s:14:\"shipping_taxes\";a:0:{}s:14:\"discount_total\";i:0;s:12:\"discount_tax\";i:0;s:19:\"cart_contents_total\";i:0;s:17:\"cart_contents_tax\";i:0;s:19:\"cart_contents_taxes\";a:0:{}s:9:\"fee_total\";i:0;s:7:\"fee_tax\";i:0;s:9:\"fee_taxes\";a:0:{}s:5:\"total\";i:0;s:9:\"total_tax\";i:0;}\";s:15:\"applied_coupons\";s:6:\"a:0:{}\";s:22:\"coupon_discount_totals\";s:6:\"a:0:{}\";s:26:\"coupon_discount_tax_totals\";s:6:\"a:0:{}\";s:21:\"removed_cart_contents\";s:6:\"a:0:{}\";s:8:\"customer\";s:769:\"a:27:{s:2:\"id\";s:1:\"1\";s:13:\"date_modified\";s:25:\"2024-03-08T08:37:16+00:00\";s:8:\"postcode\";s:0:\"\";s:4:\"city\";s:0:\"\";s:9:\"address_1\";s:0:\"\";s:7:\"address\";s:0:\"\";s:9:\"address_2\";s:0:\"\";s:5:\"state\";s:2:\"CA\";s:7:\"country\";s:2:\"US\";s:17:\"shipping_postcode\";s:0:\"\";s:13:\"shipping_city\";s:0:\"\";s:18:\"shipping_address_1\";s:0:\"\";s:16:\"shipping_address\";s:0:\"\";s:18:\"shipping_address_2\";s:0:\"\";s:14:\"shipping_state\";s:2:\"CA\";s:16:\"shipping_country\";s:2:\"US\";s:13:\"is_vat_exempt\";s:0:\"\";s:19:\"calculated_shipping\";s:0:\"\";s:10:\"first_name\";s:0:\"\";s:9:\"last_name\";s:0:\"\";s:7:\"company\";s:0:\"\";s:5:\"phone\";s:0:\"\";s:5:\"email\";s:22:\"vijay@cynosurejobs.com\";s:19:\"shipping_first_name\";s:0:\"\";s:18:\"shipping_last_name\";s:0:\"\";s:16:\"shipping_company\";s:0:\"\";s:14:\"shipping_phone\";s:0:\"\";}\";}',1712897001);

--
-- Table structure for table `wp6y_jobswoocommerce_shipping_zone_locations`
--

CREATE TABLE `wp6y_jobswoocommerce_shipping_zone_locations` (
  `location_id` bigint unsigned NOT NULL AUTO_INCREMENT,
  `zone_id` bigint unsigned NOT NULL,
  `location_code` varchar(200) COLLATE utf8mb4_unicode_520_ci NOT NULL,
  `location_type` varchar(40) COLLATE utf8mb4_unicode_520_ci NOT NULL,
  PRIMARY KEY (`location_id`),
  KEY `location_id` (`location_id`),
  KEY `location_type_code` (`location_type`(10),`location_code`(20))
) ENGINE=MyISAM DEFAULT CHARSET=utf8mb4 COLLATE=utf8mb4_unicode_520_ci;

--
-- Dumping data for table `wp6y_jobswoocommerce_shipping_zone_locations`
--


--
-- Table structure for table `wp6y_jobswoocommerce_shipping_zone_methods`
--

CREATE TABLE `wp6y_jobswoocommerce_shipping_zone_methods` (
  `zone_id` bigint unsigned NOT NULL,
  `instance_id` bigint unsigned NOT NULL AUTO_INCREMENT,
  `method_id` varchar(200) COLLATE utf8mb4_unicode_520_ci NOT NULL,
  `method_order` bigint unsigned NOT NULL,
  `is_enabled` tinyint(1) NOT NULL DEFAULT '1',
  PRIMARY KEY (`instance_id`)
) ENGINE=MyISAM DEFAULT CHARSET=utf8mb4 COLLATE=utf8mb4_unicode_520_ci;

--
-- Dumping data for table `wp6y_jobswoocommerce_shipping_zone_methods`
--


--
-- Table structure for table `wp6y_jobswoocommerce_shipping_zones`
--

CREATE TABLE `wp6y_jobswoocommerce_shipping_zones` (
  `zone_id` bigint unsigned NOT NULL AUTO_INCREMENT,
  `zone_name` varchar(200) COLLATE utf8mb4_unicode_520_ci NOT NULL,
  `zone_order` bigint unsigned NOT NULL,
  PRIMARY KEY (`zone_id`)
) ENGINE=MyISAM DEFAULT CHARSET=utf8mb4 COLLATE=utf8mb4_unicode_520_ci;

--
-- Dumping data for table `wp6y_jobswoocommerce_shipping_zones`
--


--
-- Table structure for table `wp6y_jobswoocommerce_tax_rate_locations`
--

CREATE TABLE `wp6y_jobswoocommerce_tax_rate_locations` (
  `location_id` bigint unsigned NOT NULL AUTO_INCREMENT,
  `location_code` varchar(200) COLLATE utf8mb4_unicode_520_ci NOT NULL,
  `tax_rate_id` bigint unsigned NOT NULL,
  `location_type` varchar(40) COLLATE utf8mb4_unicode_520_ci NOT NULL,
  PRIMARY KEY (`location_id`),
  KEY `tax_rate_id` (`tax_rate_id`),
  KEY `location_type_code` (`location_type`(10),`location_code`(20))
) ENGINE=MyISAM DEFAULT CHARSET=utf8mb4 COLLATE=utf8mb4_unicode_520_ci;

--
-- Dumping data for table `wp6y_jobswoocommerce_tax_rate_locations`
--


--
-- Table structure for table `wp6y_jobswoocommerce_tax_rates`
--

CREATE TABLE `wp6y_jobswoocommerce_tax_rates` (
  `tax_rate_id` bigint unsigned NOT NULL AUTO_INCREMENT,
  `tax_rate_country` varchar(2) COLLATE utf8mb4_unicode_520_ci NOT NULL DEFAULT '',
  `tax_rate_state` varchar(200) COLLATE utf8mb4_unicode_520_ci NOT NULL DEFAULT '',
  `tax_rate` varchar(8) COLLATE utf8mb4_unicode_520_ci NOT NULL DEFAULT '',
  `tax_rate_name` varchar(200) COLLATE utf8mb4_unicode_520_ci NOT NULL DEFAULT '',
  `tax_rate_priority` bigint unsigned NOT NULL,
  `tax_rate_compound` int NOT NULL DEFAULT '0',
  `tax_rate_shipping` int NOT NULL DEFAULT '1',
  `tax_rate_order` bigint unsigned NOT NULL,
  `tax_rate_class` varchar(200) COLLATE utf8mb4_unicode_520_ci NOT NULL DEFAULT '',
  PRIMARY KEY (`tax_rate_id`),
  KEY `tax_rate_country` (`tax_rate_country`),
  KEY `tax_rate_state` (`tax_rate_state`(2)),
  KEY `tax_rate_class` (`tax_rate_class`(10)),
  KEY `tax_rate_priority` (`tax_rate_priority`)
) ENGINE=MyISAM DEFAULT CHARSET=utf8mb4 COLLATE=utf8mb4_unicode_520_ci;

--
-- Dumping data for table `wp6y_jobswoocommerce_tax_rates`
--



